{"id":12661,"date":"2026-04-10T10:22:17","date_gmt":"2026-04-10T08:22:17","guid":{"rendered":"https:\/\/ofertacular.com\/index.php\/producto\/pepe-jeans-35\/"},"modified":"2026-04-10T10:22:17","modified_gmt":"2026-04-10T08:22:17","slug":"pepe-jeans-35","status":"publish","type":"product","link":"https:\/\/ofertacular.com\/index.php\/producto\/pepe-jeans-35\/","title":{"rendered":"Pepe Jeans"},"content":{"rendered":"<div class=\"oferta-container\">\n<p>\ud83d\udfe5 <b>SUPER OFERTA<\/b> \ud83d\udfe5 #Publicidad #Amazon #16<\/p>\n<p>\ud83d\udd34 <b>Vaqueros hombre <\/b><\/p>\n<p>\u2705 <b>AHORA 26.49 \u20ac<\/b> \u2714\ufe0f\ud83d\udfe1<\/p>\n<p>\u274c Antes 55.00 \u20ac<\/p>\n<p>\ud83d\uded2: <a href=\"https:\/\/btz.es\/5qxqZie\" target=\"_blank\" rel=\"nofollow noopener\">https:\/\/btz.es\/5qxqZie<\/a><\/p>\n<p>Descubre la colecci\u00f3n exclusiva de vaqueros para hombre de Pepe Jeans, dise\u00f1ados con la m\u00e1xima calidad y estilo contempor\u00e1neo. Perfectos para cualquier ocasi\u00f3n, estos pantalones combinan comodidad y durabilidad, asegurando un look impecable y moderno. Renueva tu armario con Pepe Jeans y experimenta la elegancia que solo una marca de referencia puede ofrecer.<\/p>\n<\/p><\/div>\n","protected":false},"excerpt":{"rendered":"<p>\ud83d\udfe5 SUPER OFERTA \ud83d\udfe5 #Publicidad #Amazon #16 \ud83d\udd34 Vaqueros hombre \u2705 AHORA 26.49 \u20ac \u2714\ufe0f\ud83d\udfe1 \u274c Antes 55.00 \u20ac \ud83d\uded2: https:\/\/btz.es\/5qxqZie Descubre la colecci\u00f3n exclusiva de vaqueros para hombre de Pepe Jeans, dise\u00f1ados con la m\u00e1xima calidad y estilo contempor\u00e1neo. Perfectos para cualquier ocasi\u00f3n, estos pantalones combinan comodidad y durabilidad, asegurando un look impecable y [&hellip;]<\/p>\n","protected":false},"featured_media":12660,"template":"","meta":{"_gspb_post_css":""},"store":[],"product_brand":[],"product_cat":[16],"product_tag":[],"class_list":{"0":"post-12661","1":"product","2":"type-product","3":"status-publish","4":"has-post-thumbnail","6":"product_cat-sin-categorizar","8":"first","9":"instock","10":"sale","11":"shipping-taxable","12":"product-type-external"},"jetpack_sharing_enabled":true,"_links":{"self":[{"href":"https:\/\/ofertacular.com\/index.php\/wp-json\/wp\/v2\/product\/12661","targetHints":{"allow":["GET"]}}],"collection":[{"href":"https:\/\/ofertacular.com\/index.php\/wp-json\/wp\/v2\/product"}],"about":[{"href":"https:\/\/ofertacular.com\/index.php\/wp-json\/wp\/v2\/types\/product"}],"wp:featuredmedia":[{"embeddable":true,"href":"https:\/\/ofertacular.com\/index.php\/wp-json\/wp\/v2\/media\/12660"}],"wp:attachment":[{"href":"https:\/\/ofertacular.com\/index.php\/wp-json\/wp\/v2\/media?parent=12661"}],"wp:term":[{"taxonomy":"store","embeddable":true,"href":"https:\/\/ofertacular.com\/index.php\/wp-json\/wp\/v2\/store?post=12661"},{"taxonomy":"product_brand","embeddable":true,"href":"https:\/\/ofertacular.com\/index.php\/wp-json\/wp\/v2\/product_brand?post=12661"},{"taxonomy":"product_cat","embeddable":true,"href":"https:\/\/ofertacular.com\/index.php\/wp-json\/wp\/v2\/product_cat?post=12661"},{"taxonomy":"product_tag","embeddable":true,"href":"https:\/\/ofertacular.com\/index.php\/wp-json\/wp\/v2\/product_tag?post=12661"}],"curies":[{"name":"wp","href":"https:\/\/api.w.org\/{rel}","templated":true}]}}