{"id":12675,"date":"2026-04-13T07:21:31","date_gmt":"2026-04-13T05:21:31","guid":{"rendered":"https:\/\/ofertacular.com\/index.php\/producto\/jack-jones-27\/"},"modified":"2026-04-13T07:21:31","modified_gmt":"2026-04-13T05:21:31","slug":"jack-jones-27","status":"publish","type":"product","link":"https:\/\/ofertacular.com\/index.php\/producto\/jack-jones-27\/","title":{"rendered":"Jack Jones"},"content":{"rendered":"<div class=\"oferta-container\">\n<p>\ud83d\udfe5 <b>INCRE\u00cdBLE<\/b> \ud83d\udfe5 #Publicidad #Amazon #16<\/p>\n<p>\ud83d\udd34 <b>Jeans Hombre <\/b><\/p>\n<p>\u2705 <b>AHORA 19.99 \u20ac<\/b> \u2714\ufe0f\ud83d\udfe1<\/p>\n<p>\u274c Antes <\/p>\n<p>\ud83d\uded2: <a href=\"https:\/\/btz.es\/5qEfdkB\" target=\"_blank\" rel=\"nofollow noopener\">https:\/\/btz.es\/5qEfdkB<\/a><\/p>\n<p>Descubre los exclusivos Jeans Hombre de Jack Jones, dise\u00f1ados para brindar comodidad y estilo contempor\u00e1neo. Perfectos para cualquier ocasi\u00f3n, estos pantalones combinan calidad superior con un ajuste impecable, asegurando un look moderno y sofisticado. Renueva tu guardarropa con la aut\u00e9ntica moda masculina de Jack Jones, donde la tendencia y la durabilidad se unen en cada prenda.<\/p>\n<\/p><\/div>\n","protected":false},"excerpt":{"rendered":"<p>\ud83d\udfe5 INCRE\u00cdBLE \ud83d\udfe5 #Publicidad #Amazon #16 \ud83d\udd34 Jeans Hombre \u2705 AHORA 19.99 \u20ac \u2714\ufe0f\ud83d\udfe1 \u274c Antes \ud83d\uded2: https:\/\/btz.es\/5qEfdkB Descubre los exclusivos Jeans Hombre de Jack Jones, dise\u00f1ados para brindar comodidad y estilo contempor\u00e1neo. Perfectos para cualquier ocasi\u00f3n, estos pantalones combinan calidad superior con un ajuste impecable, asegurando un look moderno y sofisticado. Renueva tu guardarropa [&hellip;]<\/p>\n","protected":false},"featured_media":12674,"template":"","meta":{"_gspb_post_css":""},"store":[],"product_brand":[],"product_cat":[16],"product_tag":[],"class_list":{"0":"post-12675","1":"product","2":"type-product","3":"status-publish","4":"has-post-thumbnail","6":"product_cat-sin-categorizar","8":"first","9":"instock","10":"shipping-taxable","11":"product-type-external"},"jetpack_sharing_enabled":true,"_links":{"self":[{"href":"https:\/\/ofertacular.com\/index.php\/wp-json\/wp\/v2\/product\/12675","targetHints":{"allow":["GET"]}}],"collection":[{"href":"https:\/\/ofertacular.com\/index.php\/wp-json\/wp\/v2\/product"}],"about":[{"href":"https:\/\/ofertacular.com\/index.php\/wp-json\/wp\/v2\/types\/product"}],"wp:featuredmedia":[{"embeddable":true,"href":"https:\/\/ofertacular.com\/index.php\/wp-json\/wp\/v2\/media\/12674"}],"wp:attachment":[{"href":"https:\/\/ofertacular.com\/index.php\/wp-json\/wp\/v2\/media?parent=12675"}],"wp:term":[{"taxonomy":"store","embeddable":true,"href":"https:\/\/ofertacular.com\/index.php\/wp-json\/wp\/v2\/store?post=12675"},{"taxonomy":"product_brand","embeddable":true,"href":"https:\/\/ofertacular.com\/index.php\/wp-json\/wp\/v2\/product_brand?post=12675"},{"taxonomy":"product_cat","embeddable":true,"href":"https:\/\/ofertacular.com\/index.php\/wp-json\/wp\/v2\/product_cat?post=12675"},{"taxonomy":"product_tag","embeddable":true,"href":"https:\/\/ofertacular.com\/index.php\/wp-json\/wp\/v2\/product_tag?post=12675"}],"curies":[{"name":"wp","href":"https:\/\/api.w.org\/{rel}","templated":true}]}}