{"id":12725,"date":"2026-04-14T08:37:01","date_gmt":"2026-04-14T06:37:01","guid":{"rendered":"https:\/\/ofertacular.com\/index.php\/producto\/echo-pop-4\/"},"modified":"2026-04-14T08:37:01","modified_gmt":"2026-04-14T06:37:01","slug":"echo-pop-4","status":"publish","type":"product","link":"https:\/\/ofertacular.com\/index.php\/producto\/echo-pop-4\/","title":{"rendered":"Echo Pop"},"content":{"rendered":"<div class=\"oferta-container\">\n<p>\ud83d\udfe5 <b>DESCUENTAZO<\/b> \ud83d\udfe5 #Publicidad #Amazon #16<\/p>\n<p>\ud83d\udd34 <b>Echo Pop <\/b><\/p>\n<p>\u2705 <b>AHORA 34.99 \u20ac<\/b> \u2714\ufe0f\ud83d\udfe1<\/p>\n<p>\u274c Antes 54.99 \u20ac<\/p>\n<p>\ud83d\uded2: <a href=\"https:\/\/btz.es\/5qKoAyK\" target=\"_blank\" rel=\"nofollow noopener\">https:\/\/btz.es\/5qKoAyK<\/a><\/p>\n<p>El altavoz inteligente Echo Pop ofrece un sonido n\u00edtido y funciones inteligentes para tu hogar conectado. Con compatibilidad avanzada y un dise\u00f1o compacto, Echo Pop de Amazon transforma tu experiencia de escucha y control por voz. Ideal para amantes de la tecnolog\u00eda que buscan calidad y estilo en un dispositivo inteligente.<\/p>\n<\/p><\/div>\n","protected":false},"excerpt":{"rendered":"<p>\ud83d\udfe5 DESCUENTAZO \ud83d\udfe5 #Publicidad #Amazon #16 \ud83d\udd34 Echo Pop \u2705 AHORA 34.99 \u20ac \u2714\ufe0f\ud83d\udfe1 \u274c Antes 54.99 \u20ac \ud83d\uded2: https:\/\/btz.es\/5qKoAyK El altavoz inteligente Echo Pop ofrece un sonido n\u00edtido y funciones inteligentes para tu hogar conectado. Con compatibilidad avanzada y un dise\u00f1o compacto, Echo Pop de Amazon transforma tu experiencia de escucha y control por [&hellip;]<\/p>\n","protected":false},"featured_media":12724,"template":"","meta":{"_gspb_post_css":""},"store":[],"product_brand":[],"product_cat":[16],"product_tag":[],"class_list":{"0":"post-12725","1":"product","2":"type-product","3":"status-publish","4":"has-post-thumbnail","6":"product_cat-sin-categorizar","8":"first","9":"instock","10":"sale","11":"shipping-taxable","12":"product-type-external"},"jetpack_sharing_enabled":true,"_links":{"self":[{"href":"https:\/\/ofertacular.com\/index.php\/wp-json\/wp\/v2\/product\/12725","targetHints":{"allow":["GET"]}}],"collection":[{"href":"https:\/\/ofertacular.com\/index.php\/wp-json\/wp\/v2\/product"}],"about":[{"href":"https:\/\/ofertacular.com\/index.php\/wp-json\/wp\/v2\/types\/product"}],"wp:featuredmedia":[{"embeddable":true,"href":"https:\/\/ofertacular.com\/index.php\/wp-json\/wp\/v2\/media\/12724"}],"wp:attachment":[{"href":"https:\/\/ofertacular.com\/index.php\/wp-json\/wp\/v2\/media?parent=12725"}],"wp:term":[{"taxonomy":"store","embeddable":true,"href":"https:\/\/ofertacular.com\/index.php\/wp-json\/wp\/v2\/store?post=12725"},{"taxonomy":"product_brand","embeddable":true,"href":"https:\/\/ofertacular.com\/index.php\/wp-json\/wp\/v2\/product_brand?post=12725"},{"taxonomy":"product_cat","embeddable":true,"href":"https:\/\/ofertacular.com\/index.php\/wp-json\/wp\/v2\/product_cat?post=12725"},{"taxonomy":"product_tag","embeddable":true,"href":"https:\/\/ofertacular.com\/index.php\/wp-json\/wp\/v2\/product_tag?post=12725"}],"curies":[{"name":"wp","href":"https:\/\/api.w.org\/{rel}","templated":true}]}}