{"id":12973,"date":"2026-04-24T07:20:17","date_gmt":"2026-04-24T05:20:17","guid":{"rendered":"https:\/\/ofertacular.com\/index.php\/producto\/seagate-portable\/"},"modified":"2026-04-24T07:20:17","modified_gmt":"2026-04-24T05:20:17","slug":"seagate-portable","status":"publish","type":"product","link":"https:\/\/ofertacular.com\/index.php\/producto\/seagate-portable\/","title":{"rendered":"Seagate Portable"},"content":{"rendered":"<div class=\"oferta-container\">\n<p>\ud83d\udfe5 <b>AHORRA AQU\u00cd<\/b> \ud83d\udfe5 #Publicidad #Amazon #16<\/p>\n<p>\ud83d\udd34 <b>Disco Port\u00e1til <\/b><\/p>\n<p>\u2705 <b>AHORA 66.99 \u20ac<\/b> \u2714\ufe0f\ud83d\udfe1<\/p>\n<p>\u274c Antes 72.99 \u20ac<\/p>\n<p>\ud83d\uded2: <a href=\"https:\/\/btz.es\/5rGy3tf\" target=\"_blank\" rel=\"nofollow noopener\">https:\/\/btz.es\/5rGy3tf<\/a><\/p>\n<p>Descubre la comodidad y eficiencia del Disco Port\u00e1til Seagate, dise\u00f1ado para ofrecer almacenamiento seguro y accesible para tus datos en cualquier lugar. Con una conexi\u00f3n USB r\u00e1pida y capacidad para guardar grandes cantidades de informaci\u00f3n, este dispositivo es ideal para profesionales y entusiastas que buscan rendimiento y fiabilidad en un formato compacto. Optimiza tu flujo de trabajo con Seagate, la marca l\u00edder en soluciones de almacenamiento externo.<\/p>\n<\/p><\/div>\n","protected":false},"excerpt":{"rendered":"<p>\ud83d\udfe5 AHORRA AQU\u00cd \ud83d\udfe5 #Publicidad #Amazon #16 \ud83d\udd34 Disco Port\u00e1til \u2705 AHORA 66.99 \u20ac \u2714\ufe0f\ud83d\udfe1 \u274c Antes 72.99 \u20ac \ud83d\uded2: https:\/\/btz.es\/5rGy3tf Descubre la comodidad y eficiencia del Disco Port\u00e1til Seagate, dise\u00f1ado para ofrecer almacenamiento seguro y accesible para tus datos en cualquier lugar. Con una conexi\u00f3n USB r\u00e1pida y capacidad para guardar grandes cantidades de [&hellip;]<\/p>\n","protected":false},"featured_media":12972,"template":"","meta":{"_gspb_post_css":""},"store":[],"product_brand":[],"product_cat":[16],"product_tag":[],"class_list":{"0":"post-12973","1":"product","2":"type-product","3":"status-publish","4":"has-post-thumbnail","6":"product_cat-sin-categorizar","8":"first","9":"instock","10":"sale","11":"shipping-taxable","12":"product-type-external"},"jetpack_sharing_enabled":true,"_links":{"self":[{"href":"https:\/\/ofertacular.com\/index.php\/wp-json\/wp\/v2\/product\/12973","targetHints":{"allow":["GET"]}}],"collection":[{"href":"https:\/\/ofertacular.com\/index.php\/wp-json\/wp\/v2\/product"}],"about":[{"href":"https:\/\/ofertacular.com\/index.php\/wp-json\/wp\/v2\/types\/product"}],"wp:featuredmedia":[{"embeddable":true,"href":"https:\/\/ofertacular.com\/index.php\/wp-json\/wp\/v2\/media\/12972"}],"wp:attachment":[{"href":"https:\/\/ofertacular.com\/index.php\/wp-json\/wp\/v2\/media?parent=12973"}],"wp:term":[{"taxonomy":"store","embeddable":true,"href":"https:\/\/ofertacular.com\/index.php\/wp-json\/wp\/v2\/store?post=12973"},{"taxonomy":"product_brand","embeddable":true,"href":"https:\/\/ofertacular.com\/index.php\/wp-json\/wp\/v2\/product_brand?post=12973"},{"taxonomy":"product_cat","embeddable":true,"href":"https:\/\/ofertacular.com\/index.php\/wp-json\/wp\/v2\/product_cat?post=12973"},{"taxonomy":"product_tag","embeddable":true,"href":"https:\/\/ofertacular.com\/index.php\/wp-json\/wp\/v2\/product_tag?post=12973"}],"curies":[{"name":"wp","href":"https:\/\/api.w.org\/{rel}","templated":true}]}}