{"id":12999,"date":"2026-04-27T09:56:25","date_gmt":"2026-04-27T07:56:25","guid":{"rendered":"https:\/\/ofertacular.com\/index.php\/producto\/braun-aio3500\/"},"modified":"2026-04-27T09:56:25","modified_gmt":"2026-04-27T07:56:25","slug":"braun-aio3500","status":"publish","type":"product","link":"https:\/\/ofertacular.com\/index.php\/producto\/braun-aio3500\/","title":{"rendered":"Braun AIO3500"},"content":{"rendered":"<div class=\"oferta-container\">\n<p>\ud83d\udfe5 <b>INCRE\u00cdBLE<\/b> \ud83d\udfe5 #Publicidad #Amazon #16<\/p>\n<p>\ud83d\udd34 <b>Depiladora Braun <\/b><\/p>\n<p>\u2705 <b>AHORA 25 \u20ac<\/b> \u2714\ufe0f\ud83d\udfe1<\/p>\n<p>\u274c Antes 37.99 \u20ac<\/p>\n<p>\ud83d\uded2: <a href=\"https:\/\/btz.es\/5rY9zw1\" target=\"_blank\" rel=\"nofollow noopener\">https:\/\/btz.es\/5rY9zw1<\/a><\/p>\n<p>Descubre la depiladora Braun AIO3500, dise\u00f1ada para ofrecer una experiencia de depilaci\u00f3n eficiente y c\u00f3moda. Con tecnolog\u00eda avanzada y un dise\u00f1o ergon\u00f3mico, esta depiladora garantiza resultados duraderos y una piel suave desde la primera pasada. Ideal para todo tipo de pieles, la Braun AIO3500 es tu mejor aliada para el cuidado personal y la eliminaci\u00f3n precisa del vello. Optimizada para una operaci\u00f3n silenciosa y f\u00e1cil mantenimiento, es el dispositivo perfecto para quienes buscan calidad y eficacia en un solo producto.<\/p>\n<\/p><\/div>\n","protected":false},"excerpt":{"rendered":"<p>\ud83d\udfe5 INCRE\u00cdBLE \ud83d\udfe5 #Publicidad #Amazon #16 \ud83d\udd34 Depiladora Braun \u2705 AHORA 25 \u20ac \u2714\ufe0f\ud83d\udfe1 \u274c Antes 37.99 \u20ac \ud83d\uded2: https:\/\/btz.es\/5rY9zw1 Descubre la depiladora Braun AIO3500, dise\u00f1ada para ofrecer una experiencia de depilaci\u00f3n eficiente y c\u00f3moda. Con tecnolog\u00eda avanzada y un dise\u00f1o ergon\u00f3mico, esta depiladora garantiza resultados duraderos y una piel suave desde la primera pasada. [&hellip;]<\/p>\n","protected":false},"featured_media":12998,"template":"","meta":{"_gspb_post_css":""},"store":[],"product_brand":[],"product_cat":[16],"product_tag":[],"class_list":{"0":"post-12999","1":"product","2":"type-product","3":"status-publish","4":"has-post-thumbnail","6":"product_cat-sin-categorizar","8":"first","9":"instock","10":"sale","11":"shipping-taxable","12":"product-type-external"},"jetpack_sharing_enabled":true,"_links":{"self":[{"href":"https:\/\/ofertacular.com\/index.php\/wp-json\/wp\/v2\/product\/12999","targetHints":{"allow":["GET"]}}],"collection":[{"href":"https:\/\/ofertacular.com\/index.php\/wp-json\/wp\/v2\/product"}],"about":[{"href":"https:\/\/ofertacular.com\/index.php\/wp-json\/wp\/v2\/types\/product"}],"wp:featuredmedia":[{"embeddable":true,"href":"https:\/\/ofertacular.com\/index.php\/wp-json\/wp\/v2\/media\/12998"}],"wp:attachment":[{"href":"https:\/\/ofertacular.com\/index.php\/wp-json\/wp\/v2\/media?parent=12999"}],"wp:term":[{"taxonomy":"store","embeddable":true,"href":"https:\/\/ofertacular.com\/index.php\/wp-json\/wp\/v2\/store?post=12999"},{"taxonomy":"product_brand","embeddable":true,"href":"https:\/\/ofertacular.com\/index.php\/wp-json\/wp\/v2\/product_brand?post=12999"},{"taxonomy":"product_cat","embeddable":true,"href":"https:\/\/ofertacular.com\/index.php\/wp-json\/wp\/v2\/product_cat?post=12999"},{"taxonomy":"product_tag","embeddable":true,"href":"https:\/\/ofertacular.com\/index.php\/wp-json\/wp\/v2\/product_tag?post=12999"}],"curies":[{"name":"wp","href":"https:\/\/api.w.org\/{rel}","templated":true}]}}