{"id":13019,"date":"2026-04-28T07:34:07","date_gmt":"2026-04-28T05:34:07","guid":{"rendered":"https:\/\/ofertacular.com\/index.php\/producto\/skechers-summits-9\/"},"modified":"2026-04-28T07:34:07","modified_gmt":"2026-04-28T05:34:07","slug":"skechers-summits-9","status":"publish","type":"product","link":"https:\/\/ofertacular.com\/index.php\/producto\/skechers-summits-9\/","title":{"rendered":"Skechers Summits"},"content":{"rendered":"<div class=\"oferta-container\">\n<p>\ud83d\udfe5 <b>\u00a1OFERT\u00d3N!<\/b> \ud83d\udfe5 #Publicidad #Amazon #16<\/p>\n<p>\ud83d\udd34 <b>Zapatos Skechers <\/b><\/p>\n<p>\u2705 <b>AHORA 38.47 \u20ac<\/b> \u2714\ufe0f\ud83d\udfe1<\/p>\n<p>\u274c Antes 69.95 \u20ac<\/p>\n<p>\ud83d\uded2: <a href=\"https:\/\/btz.es\/5sdQgJH\" target=\"_blank\" rel=\"nofollow noopener\">https:\/\/btz.es\/5sdQgJH<\/a><\/p>\n<p>Descubre la comodidad y estilo superior con los Zapatos Skechers Summits, dise\u00f1ados para ofrecer un soporte excepcional y una gran durabilidad. Perfectos para quienes buscan un calzado vers\u00e1til que combine moda y funcionalidad. Su innovadora tecnolog\u00eda de amortiguaci\u00f3n garantiza confort durante todo el d\u00eda, ideal para actividades casuales y deportivas.<\/p>\n<\/p><\/div>\n","protected":false},"excerpt":{"rendered":"<p>\ud83d\udfe5 \u00a1OFERT\u00d3N! \ud83d\udfe5 #Publicidad #Amazon #16 \ud83d\udd34 Zapatos Skechers \u2705 AHORA 38.47 \u20ac \u2714\ufe0f\ud83d\udfe1 \u274c Antes 69.95 \u20ac \ud83d\uded2: https:\/\/btz.es\/5sdQgJH Descubre la comodidad y estilo superior con los Zapatos Skechers Summits, dise\u00f1ados para ofrecer un soporte excepcional y una gran durabilidad. Perfectos para quienes buscan un calzado vers\u00e1til que combine moda y funcionalidad. Su innovadora [&hellip;]<\/p>\n","protected":false},"featured_media":13018,"template":"","meta":{"_gspb_post_css":""},"store":[],"product_brand":[],"product_cat":[16],"product_tag":[],"class_list":{"0":"post-13019","1":"product","2":"type-product","3":"status-publish","4":"has-post-thumbnail","6":"product_cat-sin-categorizar","8":"first","9":"instock","10":"sale","11":"shipping-taxable","12":"product-type-external"},"jetpack_sharing_enabled":true,"_links":{"self":[{"href":"https:\/\/ofertacular.com\/index.php\/wp-json\/wp\/v2\/product\/13019","targetHints":{"allow":["GET"]}}],"collection":[{"href":"https:\/\/ofertacular.com\/index.php\/wp-json\/wp\/v2\/product"}],"about":[{"href":"https:\/\/ofertacular.com\/index.php\/wp-json\/wp\/v2\/types\/product"}],"wp:featuredmedia":[{"embeddable":true,"href":"https:\/\/ofertacular.com\/index.php\/wp-json\/wp\/v2\/media\/13018"}],"wp:attachment":[{"href":"https:\/\/ofertacular.com\/index.php\/wp-json\/wp\/v2\/media?parent=13019"}],"wp:term":[{"taxonomy":"store","embeddable":true,"href":"https:\/\/ofertacular.com\/index.php\/wp-json\/wp\/v2\/store?post=13019"},{"taxonomy":"product_brand","embeddable":true,"href":"https:\/\/ofertacular.com\/index.php\/wp-json\/wp\/v2\/product_brand?post=13019"},{"taxonomy":"product_cat","embeddable":true,"href":"https:\/\/ofertacular.com\/index.php\/wp-json\/wp\/v2\/product_cat?post=13019"},{"taxonomy":"product_tag","embeddable":true,"href":"https:\/\/ofertacular.com\/index.php\/wp-json\/wp\/v2\/product_tag?post=13019"}],"curies":[{"name":"wp","href":"https:\/\/api.w.org\/{rel}","templated":true}]}}