{"id":13404,"date":"2026-05-15T07:53:34","date_gmt":"2026-05-15T05:53:34","guid":{"rendered":"https:\/\/ofertacular.com\/index.php\/producto\/amazon-basics-batteries-5\/"},"modified":"2026-05-15T07:53:34","modified_gmt":"2026-05-15T05:53:34","slug":"amazon-basics-batteries-5","status":"publish","type":"product","link":"https:\/\/ofertacular.com\/index.php\/producto\/amazon-basics-batteries-5\/","title":{"rendered":"Amazon Basics Batteries"},"content":{"rendered":"<div class=\"oferta-container\">\n<p>\ud83d\udfe5 <b>\u00a1GANGAZO!<\/b> \ud83d\udfe5 #Publicidad #Amazon #16<\/p>\n<p>\ud83d\udd34 <b>Bater\u00edas Amazon <\/b><\/p>\n<p>\u2705 <b>AHORA 25.85 \u20ac<\/b> \u2714\ufe0f\ud83d\udfe1<\/p>\n<p>\u274c Antes 32.02 \u20ac<\/p>\n<p>\ud83d\uded2: <a href=\"https:\/\/btz.es\/5tFtW5A\" target=\"_blank\" rel=\"nofollow noopener\">https:\/\/btz.es\/5tFtW5A<\/a><\/p>\n<p>Descubre las bater\u00edas Amazon Basics, la opci\u00f3n confiable y duradera para mantener tus dispositivos electr\u00f3nicos funcionando al m\u00e1ximo. Ideales para uso diario, estas bater\u00edas ofrecen una potencia constante y larga duraci\u00f3n, garantizando un rendimiento \u00f3ptimo en c\u00e1maras, controles remotos, juguetes y m\u00e1s. Compra ahora y experimenta la calidad Amazon con un precio competitivo.<\/p>\n<\/p><\/div>\n","protected":false},"excerpt":{"rendered":"<p>\ud83d\udfe5 \u00a1GANGAZO! \ud83d\udfe5 #Publicidad #Amazon #16 \ud83d\udd34 Bater\u00edas Amazon \u2705 AHORA 25.85 \u20ac \u2714\ufe0f\ud83d\udfe1 \u274c Antes 32.02 \u20ac \ud83d\uded2: https:\/\/btz.es\/5tFtW5A Descubre las bater\u00edas Amazon Basics, la opci\u00f3n confiable y duradera para mantener tus dispositivos electr\u00f3nicos funcionando al m\u00e1ximo. Ideales para uso diario, estas bater\u00edas ofrecen una potencia constante y larga duraci\u00f3n, garantizando un rendimiento \u00f3ptimo [&hellip;]<\/p>\n","protected":false},"featured_media":13403,"template":"","meta":{"_gspb_post_css":""},"store":[],"product_brand":[],"product_cat":[16],"product_tag":[],"class_list":{"0":"post-13404","1":"product","2":"type-product","3":"status-publish","4":"has-post-thumbnail","6":"product_cat-sin-categorizar","8":"first","9":"instock","10":"sale","11":"shipping-taxable","12":"product-type-external"},"jetpack_sharing_enabled":true,"_links":{"self":[{"href":"https:\/\/ofertacular.com\/index.php\/wp-json\/wp\/v2\/product\/13404","targetHints":{"allow":["GET"]}}],"collection":[{"href":"https:\/\/ofertacular.com\/index.php\/wp-json\/wp\/v2\/product"}],"about":[{"href":"https:\/\/ofertacular.com\/index.php\/wp-json\/wp\/v2\/types\/product"}],"wp:featuredmedia":[{"embeddable":true,"href":"https:\/\/ofertacular.com\/index.php\/wp-json\/wp\/v2\/media\/13403"}],"wp:attachment":[{"href":"https:\/\/ofertacular.com\/index.php\/wp-json\/wp\/v2\/media?parent=13404"}],"wp:term":[{"taxonomy":"store","embeddable":true,"href":"https:\/\/ofertacular.com\/index.php\/wp-json\/wp\/v2\/store?post=13404"},{"taxonomy":"product_brand","embeddable":true,"href":"https:\/\/ofertacular.com\/index.php\/wp-json\/wp\/v2\/product_brand?post=13404"},{"taxonomy":"product_cat","embeddable":true,"href":"https:\/\/ofertacular.com\/index.php\/wp-json\/wp\/v2\/product_cat?post=13404"},{"taxonomy":"product_tag","embeddable":true,"href":"https:\/\/ofertacular.com\/index.php\/wp-json\/wp\/v2\/product_tag?post=13404"}],"curies":[{"name":"wp","href":"https:\/\/api.w.org\/{rel}","templated":true}]}}