{"id":13406,"date":"2026-05-15T08:02:10","date_gmt":"2026-05-15T06:02:10","guid":{"rendered":"https:\/\/ofertacular.com\/index.php\/producto\/xiaomi-redmi-7\/"},"modified":"2026-05-15T08:02:10","modified_gmt":"2026-05-15T06:02:10","slug":"xiaomi-redmi-7","status":"publish","type":"product","link":"https:\/\/ofertacular.com\/index.php\/producto\/xiaomi-redmi-7\/","title":{"rendered":"XIAOMI REDMI"},"content":{"rendered":"<div class=\"oferta-container\">\n<p>\ud83d\udfe5 <b>UNA GANGA<\/b> \ud83d\udfe5 #Publicidad #Amazon #16<\/p>\n<p>\ud83d\udd34 <b>Smartphone Xiaomi <\/b><\/p>\n<p>\u2705 <b>AHORA 349.99 \u20ac<\/b> \u2714\ufe0f\ud83d\udfe1<\/p>\n<p>\u274c Antes 429.90 \u20ac<\/p>\n<p>\ud83d\uded2: <a href=\"https:\/\/btz.es\/5tFwgEu\" target=\"_blank\" rel=\"nofollow noopener\">https:\/\/btz.es\/5tFwgEu<\/a><\/p>\n<p>Descubre el Xiaomi Redmi, un smartphone innovador que combina tecnolog\u00eda avanzada con un dise\u00f1o elegante y funcional. Perfecto para quienes buscan rendimiento, calidad fotogr\u00e1fica y durabilidad en un solo dispositivo. Optimizado para ofrecer una experiencia de usuario fluida y conectividad superior, el Xiaomi Redmi es la elecci\u00f3n ideal para usuarios exigentes. Aprovecha su alta capacidad de bater\u00eda y procesador eficiente, todo respaldado por la reputaci\u00f3n l\u00edder de Xiaomi en tecnolog\u00eda m\u00f3vil.<\/p>\n<\/p><\/div>\n","protected":false},"excerpt":{"rendered":"<p>\ud83d\udfe5 UNA GANGA \ud83d\udfe5 #Publicidad #Amazon #16 \ud83d\udd34 Smartphone Xiaomi \u2705 AHORA 349.99 \u20ac \u2714\ufe0f\ud83d\udfe1 \u274c Antes 429.90 \u20ac \ud83d\uded2: https:\/\/btz.es\/5tFwgEu Descubre el Xiaomi Redmi, un smartphone innovador que combina tecnolog\u00eda avanzada con un dise\u00f1o elegante y funcional. Perfecto para quienes buscan rendimiento, calidad fotogr\u00e1fica y durabilidad en un solo dispositivo. Optimizado para ofrecer una [&hellip;]<\/p>\n","protected":false},"featured_media":13405,"template":"","meta":{"_gspb_post_css":""},"store":[],"product_brand":[],"product_cat":[16],"product_tag":[],"class_list":{"0":"post-13406","1":"product","2":"type-product","3":"status-publish","4":"has-post-thumbnail","6":"product_cat-sin-categorizar","8":"first","9":"instock","10":"sale","11":"shipping-taxable","12":"product-type-external"},"jetpack_sharing_enabled":true,"_links":{"self":[{"href":"https:\/\/ofertacular.com\/index.php\/wp-json\/wp\/v2\/product\/13406","targetHints":{"allow":["GET"]}}],"collection":[{"href":"https:\/\/ofertacular.com\/index.php\/wp-json\/wp\/v2\/product"}],"about":[{"href":"https:\/\/ofertacular.com\/index.php\/wp-json\/wp\/v2\/types\/product"}],"wp:featuredmedia":[{"embeddable":true,"href":"https:\/\/ofertacular.com\/index.php\/wp-json\/wp\/v2\/media\/13405"}],"wp:attachment":[{"href":"https:\/\/ofertacular.com\/index.php\/wp-json\/wp\/v2\/media?parent=13406"}],"wp:term":[{"taxonomy":"store","embeddable":true,"href":"https:\/\/ofertacular.com\/index.php\/wp-json\/wp\/v2\/store?post=13406"},{"taxonomy":"product_brand","embeddable":true,"href":"https:\/\/ofertacular.com\/index.php\/wp-json\/wp\/v2\/product_brand?post=13406"},{"taxonomy":"product_cat","embeddable":true,"href":"https:\/\/ofertacular.com\/index.php\/wp-json\/wp\/v2\/product_cat?post=13406"},{"taxonomy":"product_tag","embeddable":true,"href":"https:\/\/ofertacular.com\/index.php\/wp-json\/wp\/v2\/product_tag?post=13406"}],"curies":[{"name":"wp","href":"https:\/\/api.w.org\/{rel}","templated":true}]}}