{"id":3673,"date":"2025-02-27T08:18:19","date_gmt":"2025-02-27T07:18:19","guid":{"rendered":"https:\/\/ofertacular.com\/index.php\/producto\/nike-sneakers\/"},"modified":"2025-02-27T08:18:19","modified_gmt":"2025-02-27T07:18:19","slug":"nike-sneakers","status":"publish","type":"product","link":"https:\/\/ofertacular.com\/index.php\/producto\/nike-sneakers\/","title":{"rendered":"NIKE Sneakers"},"content":{"rendered":"<p>&#8211; La parte superior de cuero envejece perfectamente para una suavidad ideal.<br \/>\n&#8211; Elija entre una variedad de combinaciones de colores de inspiraci\u00f3n universitaria para combinar con cada estado de \u00e1nimo y apariencia.<br \/>\n&#8211; La espuma expuesta pone una capa de suavidad debajo de tus pies.<br \/>\nDescubre las Sneakers NIKE, una opci\u00f3n ideal para quienes buscan comodidad y estilo en cada paso. Estas zapatillas cuentan con una parte superior de cuero que envejece de manera impecable, proporcionando una suavidad excepcional que tus pies agradecer\u00e1n. Con una variedad de combinaciones de colores inspirados en la est\u00e9tica universitaria, puedes encontrar el par perfecto que se adapte a tu estado de \u00e1nimo y a tu estilo personal. Desde looks casuales hasta outfit m\u00e1s elegantes, estas Sneakers NIKE son vers\u00e1tiles para cualquier ocasi\u00f3n. Adem\u00e1s, la tecnolog\u00eda de espuma expuesta en la suela brinda una capa adicional de suavidad y amortiguaci\u00f3n, lo que hace que cada paso se sienta liviano y c\u00f3modo. Ya sea que est\u00e9s en un d\u00eda ajetreado en la ciudad o disfrutando de un paseo con amigos, estas sneakers son la elecci\u00f3n perfecta para mantenerte siempre a la moda. No dejes pasar la oportunidad de a\u00f1adir a tu colecci\u00f3n unas Sneakers NIKE, donde el estilo se fusiona con el confort para ofrecerte una experiencia \u00fanica. Aprovecha ahora y elige tu par ideal que refleje tu personalidad y marca la diferencia en cada paso que des.<\/p>\n","protected":false},"excerpt":{"rendered":"<p>&#8211; La parte superior de cuero envejece perfectamente para una suavidad ideal. &#8211; Elija entre una variedad de combinaciones de colores de inspiraci\u00f3n universitaria para combinar con cada estado de \u00e1nimo y apariencia. &#8211; La espuma expuesta pone una capa de suavidad debajo de tus pies. Descubre las Sneakers NIKE, una opci\u00f3n ideal para quienes [&hellip;]<\/p>\n","protected":false},"featured_media":3672,"template":"","meta":{"_gspb_post_css":""},"store":[],"product_brand":[],"product_cat":[16],"product_tag":[],"class_list":{"0":"post-3673","1":"product","2":"type-product","3":"status-publish","4":"has-post-thumbnail","6":"product_cat-sin-categorizar","8":"first","9":"instock","10":"sale","11":"shipping-taxable","12":"product-type-external"},"jetpack_sharing_enabled":true,"_links":{"self":[{"href":"https:\/\/ofertacular.com\/index.php\/wp-json\/wp\/v2\/product\/3673","targetHints":{"allow":["GET"]}}],"collection":[{"href":"https:\/\/ofertacular.com\/index.php\/wp-json\/wp\/v2\/product"}],"about":[{"href":"https:\/\/ofertacular.com\/index.php\/wp-json\/wp\/v2\/types\/product"}],"wp:featuredmedia":[{"embeddable":true,"href":"https:\/\/ofertacular.com\/index.php\/wp-json\/wp\/v2\/media\/3672"}],"wp:attachment":[{"href":"https:\/\/ofertacular.com\/index.php\/wp-json\/wp\/v2\/media?parent=3673"}],"wp:term":[{"taxonomy":"store","embeddable":true,"href":"https:\/\/ofertacular.com\/index.php\/wp-json\/wp\/v2\/store?post=3673"},{"taxonomy":"product_brand","embeddable":true,"href":"https:\/\/ofertacular.com\/index.php\/wp-json\/wp\/v2\/product_brand?post=3673"},{"taxonomy":"product_cat","embeddable":true,"href":"https:\/\/ofertacular.com\/index.php\/wp-json\/wp\/v2\/product_cat?post=3673"},{"taxonomy":"product_tag","embeddable":true,"href":"https:\/\/ofertacular.com\/index.php\/wp-json\/wp\/v2\/product_tag?post=3673"}],"curies":[{"name":"wp","href":"https:\/\/api.w.org\/{rel}","templated":true}]}}