{"id":3719,"date":"2025-02-28T09:43:31","date_gmt":"2025-02-28T08:43:31","guid":{"rendered":"https:\/\/ofertacular.com\/index.php\/producto\/columbia-zapatillas\/"},"modified":"2025-02-28T09:43:31","modified_gmt":"2025-02-28T08:43:31","slug":"columbia-zapatillas","status":"publish","type":"product","link":"https:\/\/ofertacular.com\/index.php\/producto\/columbia-zapatillas\/","title":{"rendered":"Columbia Zapatillas"},"content":{"rendered":"<p>&#8211; Goma de tracci\u00f3n Omni-Grip que no deja marcas<br \/>\n&#8211; Combinaci\u00f3n de piel de ante, malla y cincha. Construcci\u00f3n de botines de membrana Omni-Tech impermeable y transpirable con costuras selladas<br \/>\n&#8211; Entresuela ligera Techlite para una comodidad duradera, amortiguaci\u00f3n superior y alto retorno de energ\u00eda.<br \/>\nDescubre las nuevas Zapatillas Columbia, el compa\u00f1ero perfecto para tus actividades al aire libre. Dise\u00f1adas con un enfoque en el confort y el rendimiento, estas zapatillas cuentan con la innovadora goma de tracci\u00f3n Omni-Grip, que proporciona una excelente adherencia en diversas superficies y no deja marcas, lo que las hace perfectas para cualquier aventura. La combinaci\u00f3n de piel de ante, malla y cincha asegura una excelente transpirabilidad y estilo, mientras que su construcci\u00f3n de botines de membrana Omni-Tech impermeable te mantiene seco y c\u00f3modo en cualquier clima, gracias a sus costuras selladas que bloquean la entrada de agua. <\/p>\n<p>La entresuela ligera Techlite proporciona una comodidad duradera, lo que significa que no sentir\u00e1s la fatiga incluso despu\u00e9s de largas caminatas. Su amortiguaci\u00f3n superior asegura que cada paso sea suave y amortiguado, haciendo que estas zapatillas sean ideales tanto para senderismo como para un uso diario. Adem\u00e1s, el alto retorno de energ\u00eda de la entresuela mejora tu rendimiento, d\u00e1ndote el impulso que necesitas para alcanzar tus objetivos.<\/p>\n<p>No solo son funcionales, sino que tambi\u00e9n tienen un dise\u00f1o atractivo que se adapta a cualquier estilo. Tanto si te diriges a una monta\u00f1a, como si simplemente saldr\u00e1s a dar un paseo, las zapatillas Columbia son la elecci\u00f3n perfecta. <\/p>\n<p>Compra hoy mismo y experimenta la diferencia en tu comodidad y estilo por ti mismo. Estas zapatillas no solo son una inversi\u00f3n en tu ropa, sino en tu bienestar durante tus aventuras al aire libre. No te lo pierdas, \u00a1a\u00f1ade las Zapatillas Columbia a tu colecci\u00f3n y prep\u00e1rate para explorar!<\/p>\n","protected":false},"excerpt":{"rendered":"<p>&#8211; Goma de tracci\u00f3n Omni-Grip que no deja marcas &#8211; Combinaci\u00f3n de piel de ante, malla y cincha. Construcci\u00f3n de botines de membrana Omni-Tech impermeable y transpirable con costuras selladas &#8211; Entresuela ligera Techlite para una comodidad duradera, amortiguaci\u00f3n superior y alto retorno de energ\u00eda. Descubre las nuevas Zapatillas Columbia, el compa\u00f1ero perfecto para tus [&hellip;]<\/p>\n","protected":false},"featured_media":3718,"template":"","meta":{"_gspb_post_css":""},"store":[],"product_brand":[],"product_cat":[16],"product_tag":[],"class_list":{"0":"post-3719","1":"product","2":"type-product","3":"status-publish","4":"has-post-thumbnail","6":"product_cat-sin-categorizar","8":"first","9":"instock","10":"sale","11":"shipping-taxable","12":"product-type-external"},"jetpack_sharing_enabled":true,"_links":{"self":[{"href":"https:\/\/ofertacular.com\/index.php\/wp-json\/wp\/v2\/product\/3719","targetHints":{"allow":["GET"]}}],"collection":[{"href":"https:\/\/ofertacular.com\/index.php\/wp-json\/wp\/v2\/product"}],"about":[{"href":"https:\/\/ofertacular.com\/index.php\/wp-json\/wp\/v2\/types\/product"}],"wp:featuredmedia":[{"embeddable":true,"href":"https:\/\/ofertacular.com\/index.php\/wp-json\/wp\/v2\/media\/3718"}],"wp:attachment":[{"href":"https:\/\/ofertacular.com\/index.php\/wp-json\/wp\/v2\/media?parent=3719"}],"wp:term":[{"taxonomy":"store","embeddable":true,"href":"https:\/\/ofertacular.com\/index.php\/wp-json\/wp\/v2\/store?post=3719"},{"taxonomy":"product_brand","embeddable":true,"href":"https:\/\/ofertacular.com\/index.php\/wp-json\/wp\/v2\/product_brand?post=3719"},{"taxonomy":"product_cat","embeddable":true,"href":"https:\/\/ofertacular.com\/index.php\/wp-json\/wp\/v2\/product_cat?post=3719"},{"taxonomy":"product_tag","embeddable":true,"href":"https:\/\/ofertacular.com\/index.php\/wp-json\/wp\/v2\/product_tag?post=3719"}],"curies":[{"name":"wp","href":"https:\/\/api.w.org\/{rel}","templated":true}]}}