{"id":3751,"date":"2025-03-02T20:40:00","date_gmt":"2025-03-02T19:40:00","guid":{"rendered":"https:\/\/ofertacular.com\/index.php\/producto\/halloween-man\/"},"modified":"2025-03-02T20:40:00","modified_gmt":"2025-03-02T19:40:00","slug":"halloween-man","status":"publish","type":"product","link":"https:\/\/ofertacular.com\/index.php\/producto\/halloween-man\/","title":{"rendered":"Halloween Man"},"content":{"rendered":"<p>&#8211; Colonia Halloween con fragancia oriental foug\u00e8re para hombres<br \/>\n&#8211; Las notas de salida son cardamomo, lavandino y lim\u00f3n; las de coraz\u00f3n black jack, corteza de canela y acorde mineral; y las de fondo acorde de tonka, \u00e1mbar moderno y humo de incienso<br \/>\n&#8211; Para hombres urbanos en busca de nuevas sensaciones, nuevos aromas y nuevas experiencias. Este c\u00f3ctel adictivo te empuja a explorar tus propios l\u00edmites, y a descubrir nuevas sensaciones<br \/>\n&#8211; Aplica la fragancia manteniendo el frasco a una distancia aproximada de 10cm con la piel. Para que perdure durante todo el d\u00eda, apl\u00edcalo sobre la nuca, detr\u00e1s de las orejas y la parte interna de codos y mu\u00f1ecas<br \/>\n&#8211; Vaporizador de 75ml<br \/>\nDescubre Halloween Man, la colonia que redefine la fragancia masculina con su cautivadora mezcla oriental foug\u00e8re. Destinada a hombres modernos y urbanos, esta fragancia \u00fanica te ofrecer\u00e1 una experiencia sensorial inolvidable. Las notas de salida de cardamomo, lavandino y lim\u00f3n despiertan los sentidos, mientras que el coraz\u00f3n, compuesto por black jack, canela y un acorde mineral, te transporta a un mundo de sofisticaci\u00f3n y misterio. Por \u00faltimo, las notas de fondo de tonka, \u00e1mbar moderno y humo de incienso te envuelven en un halo irresistible de sensualidad. <\/p>\n<p>Halloween Man es el aliado perfecto para quienes buscan romper con lo convencional y explorar nuevas dimensiones de aroma. Esta colonia ha sido especialmente dise\u00f1ada para el hombre que no teme experimentar, que se atreve a ser aut\u00e9ntico y a mostrar su verdadera esencia. Al aplicarla, recuerda que la distancia es crucial; vaporiza a aproximadamente 10cm de tu piel para una difusi\u00f3n \u00f3ptima. Para una duraci\u00f3n excepcional, coloca la fragancia detr\u00e1s de las orejas, en la nuca y en la parte interna de los codos y mu\u00f1ecas. Con un vaporizador de 75ml, esta colonia se convierte en un imprescindible en tu colecci\u00f3n de fragancias. \u00a1Atr\u00e9vete a relucir tu individualidad y deja una estela memorable a donde vayas con Halloween Man!<\/p>\n","protected":false},"excerpt":{"rendered":"<p>&#8211; Colonia Halloween con fragancia oriental foug\u00e8re para hombres &#8211; Las notas de salida son cardamomo, lavandino y lim\u00f3n; las de coraz\u00f3n black jack, corteza de canela y acorde mineral; y las de fondo acorde de tonka, \u00e1mbar moderno y humo de incienso &#8211; Para hombres urbanos en busca de nuevas sensaciones, nuevos aromas y [&hellip;]<\/p>\n","protected":false},"featured_media":3750,"template":"","meta":{"_gspb_post_css":""},"store":[],"product_brand":[],"product_cat":[16],"product_tag":[],"class_list":{"0":"post-3751","1":"product","2":"type-product","3":"status-publish","4":"has-post-thumbnail","6":"product_cat-sin-categorizar","8":"first","9":"instock","10":"sale","11":"shipping-taxable","12":"product-type-external"},"jetpack_sharing_enabled":true,"_links":{"self":[{"href":"https:\/\/ofertacular.com\/index.php\/wp-json\/wp\/v2\/product\/3751","targetHints":{"allow":["GET"]}}],"collection":[{"href":"https:\/\/ofertacular.com\/index.php\/wp-json\/wp\/v2\/product"}],"about":[{"href":"https:\/\/ofertacular.com\/index.php\/wp-json\/wp\/v2\/types\/product"}],"wp:featuredmedia":[{"embeddable":true,"href":"https:\/\/ofertacular.com\/index.php\/wp-json\/wp\/v2\/media\/3750"}],"wp:attachment":[{"href":"https:\/\/ofertacular.com\/index.php\/wp-json\/wp\/v2\/media?parent=3751"}],"wp:term":[{"taxonomy":"store","embeddable":true,"href":"https:\/\/ofertacular.com\/index.php\/wp-json\/wp\/v2\/store?post=3751"},{"taxonomy":"product_brand","embeddable":true,"href":"https:\/\/ofertacular.com\/index.php\/wp-json\/wp\/v2\/product_brand?post=3751"},{"taxonomy":"product_cat","embeddable":true,"href":"https:\/\/ofertacular.com\/index.php\/wp-json\/wp\/v2\/product_cat?post=3751"},{"taxonomy":"product_tag","embeddable":true,"href":"https:\/\/ofertacular.com\/index.php\/wp-json\/wp\/v2\/product_tag?post=3751"}],"curies":[{"name":"wp","href":"https:\/\/api.w.org\/{rel}","templated":true}]}}