{"id":3779,"date":"2025-03-03T13:47:38","date_gmt":"2025-03-03T12:47:38","guid":{"rendered":"https:\/\/ofertacular.com\/index.php\/producto\/conga-rockstar\/"},"modified":"2025-03-03T13:47:38","modified_gmt":"2025-03-03T12:47:38","slug":"conga-rockstar","status":"publish","type":"product","link":"https:\/\/ofertacular.com\/index.php\/producto\/conga-rockstar\/","title":{"rendered":"Conga Rockstar"},"content":{"rendered":"<p>&#8211; Aspirador sin cables 3 en 1: vertical, escoba y de mano, con motor con escobillas, m\u00e1xima potencia de succi\u00f3n y dise\u00f1o 360\u00ba para eliminar el polvo de cualquier lugar. Bater\u00eda de Ion-Litio de 2200 mAh y 33,6 V * Max que consigue una autonom\u00eda de hasta 60 minutos y reduce el tiempo de carga a 5-6 horas. Podr\u00e1s aspirar toda tu casa sin necesidad de recargarlo. Y con cepillo Jalisco<br \/>\n&#8211; Tecnolog\u00eda ForceSonic con una potencia m\u00e1xima de 215 W. Aspira todo tipo de suciedad y mantiene tu hogar siempre limpio maximizando sus 12 kPa de poder de succi\u00f3n. Podr\u00e1s observar el nivel de bater\u00eda, cambiar de modo de succi\u00f3n y visualizar las posibles alertas gracias a su pantalla digital.<br \/>\n&#8211; Dos modos de funcionamiento, Eco y Turbo, para adaptar su uso a cada circunstancia. El modo Eco alarga la bater\u00eda al m\u00e1ximo con resultados impecables y el modo Turbo acaba con la suciedad m\u00e1s dif\u00edcil y aspira alfombras.<br \/>\n&#8211; Tecnolog\u00eda 360\u00ba para llegar a todos los rincones del hogar, hasta los m\u00e1s altos. El peso recae sobre el pu\u00f1o para poder levantar el aspirador c\u00f3modamente. M\u00e1xima eficiencia a lo largo de toda su vida \u00fatil gracias a la tecnolog\u00eda Parallel Cyclone System. Incorpora los \u00faltimos avances en aspiraci\u00f3n para separar las part\u00edculas por fuerza centr\u00edfuga.<br \/>\n&#8211; Dep\u00f3sito de gran capacidad de 500 ml para aspirar todo el hogar. Kit de accesorios compuesto por un accesorio 2-1, un accesorio para esquinas y un soporte de pared.<br \/>\nDescubre el nuevo Aspirador Conga Rockstar, un innovador aspirador sin cables 3 en 1 que combina las funciones de vertical, escoba y de mano, brind\u00e1ndote una versatilidad excepcional para limpiar cada rinc\u00f3n de tu hogar. Equipado con un potente motor con escobillas y una impresionante potencia de succi\u00f3n de 215 W, este aspirador est\u00e1 dise\u00f1ado para eliminar hasta la m\u00e1s m\u00ednima suciedad con m\u00e1xima eficiencia. Su tecnolog\u00eda ForceSonic proporciona una succi\u00f3n de hasta 12 kPa, garantizando resultados impecables en diversas superficies, incluyendo alfombras y suelos duros.<\/p>\n<p>La bater\u00eda de Ion-Litio de 2200 mAh y 33,6 V * Max de este aspirador ofrece una extraordinaria autonom\u00eda de hasta 60 minutos, lo que te permite limpiar toda tu casa sin preocuparte por recargar. Adem\u00e1s, el tiempo de carga es muy reducido, siendo solo de 5-6 horas. Con el Aspirador Conga, la limpieza es m\u00e1s r\u00e1pida y eficiente.<\/p>\n<p>Con su dise\u00f1o ergon\u00f3mico y la tecnolog\u00eda 360\u00ba, podr\u00e1s alcanzar los rincones m\u00e1s altos y dif\u00edciles de tu hogar sin esfuerzo. Gracias a su pantalla digital, podr\u00e1s monitorear el nivel de bater\u00eda, cambiar entre los modos de succi\u00f3n Eco y Turbo, y estar al tanto de cualquier alerta que te brinde el aparato. El modo Eco maximiza la duraci\u00f3n de la bater\u00eda, mientras que el modo Turbo es perfecto para eliminar la suciedad m\u00e1s resistente.<\/p>\n<p>El aspirador cuenta con un dep\u00f3sito de gran capacidad de 500 ml, permiti\u00e9ndote realizar limpiezas prolongadas sin necesidad de vaciarlo constantemente. Adem\u00e1s, viene con un completo kit de accesorios que incluye un accesorio 2-1, un accesorio para esquinas y un soporte de pared, brind\u00e1ndote todo lo que necesitas para una limpieza exhaustiva y c\u00f3moda. No dejes pasar la oportunidad de incorporar el Aspirador Conga Rockstar a tu hogar y disfruta de una limpieza eficiente, r\u00e1pida y sin cables.<\/p>\n","protected":false},"excerpt":{"rendered":"<p>&#8211; Aspirador sin cables 3 en 1: vertical, escoba y de mano, con motor con escobillas, m\u00e1xima potencia de succi\u00f3n y dise\u00f1o 360\u00ba para eliminar el polvo de cualquier lugar. Bater\u00eda de Ion-Litio de 2200 mAh y 33,6 V * Max que consigue una autonom\u00eda de hasta 60 minutos y reduce el tiempo de carga [&hellip;]<\/p>\n","protected":false},"featured_media":3778,"template":"","meta":{"_gspb_post_css":""},"store":[],"product_brand":[],"product_cat":[16],"product_tag":[],"class_list":{"0":"post-3779","1":"product","2":"type-product","3":"status-publish","4":"has-post-thumbnail","6":"product_cat-sin-categorizar","8":"first","9":"instock","10":"sale","11":"shipping-taxable","12":"product-type-external"},"jetpack_sharing_enabled":true,"_links":{"self":[{"href":"https:\/\/ofertacular.com\/index.php\/wp-json\/wp\/v2\/product\/3779","targetHints":{"allow":["GET"]}}],"collection":[{"href":"https:\/\/ofertacular.com\/index.php\/wp-json\/wp\/v2\/product"}],"about":[{"href":"https:\/\/ofertacular.com\/index.php\/wp-json\/wp\/v2\/types\/product"}],"wp:featuredmedia":[{"embeddable":true,"href":"https:\/\/ofertacular.com\/index.php\/wp-json\/wp\/v2\/media\/3778"}],"wp:attachment":[{"href":"https:\/\/ofertacular.com\/index.php\/wp-json\/wp\/v2\/media?parent=3779"}],"wp:term":[{"taxonomy":"store","embeddable":true,"href":"https:\/\/ofertacular.com\/index.php\/wp-json\/wp\/v2\/store?post=3779"},{"taxonomy":"product_brand","embeddable":true,"href":"https:\/\/ofertacular.com\/index.php\/wp-json\/wp\/v2\/product_brand?post=3779"},{"taxonomy":"product_cat","embeddable":true,"href":"https:\/\/ofertacular.com\/index.php\/wp-json\/wp\/v2\/product_cat?post=3779"},{"taxonomy":"product_tag","embeddable":true,"href":"https:\/\/ofertacular.com\/index.php\/wp-json\/wp\/v2\/product_tag?post=3779"}],"curies":[{"name":"wp","href":"https:\/\/api.w.org\/{rel}","templated":true}]}}