{"id":3814,"date":"2025-03-04T10:03:49","date_gmt":"2025-03-04T09:03:49","guid":{"rendered":"https:\/\/ofertacular.com\/index.php\/producto\/strawberry-gin\/"},"modified":"2025-03-04T10:03:49","modified_gmt":"2025-03-04T09:03:49","slug":"strawberry-gin","status":"publish","type":"product","link":"https:\/\/ofertacular.com\/index.php\/producto\/strawberry-gin\/","title":{"rendered":"Strawberry Gin"},"content":{"rendered":"<p>&#8211; La botella de Puerto de Indias celebra el Amor con esta edici\u00f3n ilimitada<br \/>\n&#8211; Nota de cata: inconfundible aroma a fresas naturales con amplios matices de fresa y enebro con ligeros toques c\u00edtricos.<br \/>\n&#8211; Sabor: Ginebra de fresas naturales, con un sabor suave y dulce<br \/>\n&#8211; A la vista: Color brillante salm\u00f3n<br \/>\n&#8211; En nariz: Inconfundible aroma a fresas naturales de Huelva<br \/>\nDescubre la exquisita Ginebra de Fresas de Puerto de Indias, una bebida que no solo celebra el amor sino que tambi\u00e9n deleita los sentidos. Esta edici\u00f3n ilimitada es perfecta para aquellos que buscan una experiencia sensorial \u00fanica en cada sorbo. La ginebra presenta un inconfundible aroma a fresas naturales de Huelva, lo que la convierte en una opci\u00f3n ideal para disfrutar en cualquier ocasi\u00f3n especial o para un relax en casa. Su brillante color salm\u00f3n te cautivar\u00e1 a simple vista, prometiendo una experiencia visual tan placentera como su sabor. Al degustarla, te sorprender\u00e1s con un sabor suave y dulce, resultado de la cuidada elaboraci\u00f3n con fresas seleccionadas. Combina perfectamente en c\u00f3cteles o simplemente con agua t\u00f3nica. La versatilidad de esta ginebra la hace perfecta para cualquier evento, desde una reuni\u00f3n entre amigos hasta una cena rom\u00e1ntica. Siente la frescura y el car\u00e1cter \u00fanico de Puerto de Indias en cada trago. Adem\u00e1s, su excelente presentaci\u00f3n te permitir\u00e1 regalarla o lucirla en tu barra de bebidas. Notas c\u00edtricas sutiles enriquecen su perfil, haciendo de esta ginebra una elecci\u00f3n premium entre las bebidas espirituosas del mercado. Por todo esto, si buscas un destilado que impresione y que deje una huella en tus papilas gustativas, no busques m\u00e1s: la ginebra de fresas Puerto de Indias es la respuesta. No dejes pasar la oportunidad de probar esta joya enol\u00f3gica que se ha convertido en un cl\u00e1sico contempor\u00e1neo que invita a compartir momentos inolvidables.<\/p>\n","protected":false},"excerpt":{"rendered":"<p>&#8211; La botella de Puerto de Indias celebra el Amor con esta edici\u00f3n ilimitada &#8211; Nota de cata: inconfundible aroma a fresas naturales con amplios matices de fresa y enebro con ligeros toques c\u00edtricos. &#8211; Sabor: Ginebra de fresas naturales, con un sabor suave y dulce &#8211; A la vista: Color brillante salm\u00f3n &#8211; En [&hellip;]<\/p>\n","protected":false},"featured_media":3813,"template":"","meta":{"_gspb_post_css":""},"store":[],"product_brand":[],"product_cat":[16],"product_tag":[],"class_list":{"0":"post-3814","1":"product","2":"type-product","3":"status-publish","4":"has-post-thumbnail","6":"product_cat-sin-categorizar","8":"first","9":"instock","10":"sale","11":"shipping-taxable","12":"product-type-external"},"jetpack_sharing_enabled":true,"_links":{"self":[{"href":"https:\/\/ofertacular.com\/index.php\/wp-json\/wp\/v2\/product\/3814","targetHints":{"allow":["GET"]}}],"collection":[{"href":"https:\/\/ofertacular.com\/index.php\/wp-json\/wp\/v2\/product"}],"about":[{"href":"https:\/\/ofertacular.com\/index.php\/wp-json\/wp\/v2\/types\/product"}],"wp:featuredmedia":[{"embeddable":true,"href":"https:\/\/ofertacular.com\/index.php\/wp-json\/wp\/v2\/media\/3813"}],"wp:attachment":[{"href":"https:\/\/ofertacular.com\/index.php\/wp-json\/wp\/v2\/media?parent=3814"}],"wp:term":[{"taxonomy":"store","embeddable":true,"href":"https:\/\/ofertacular.com\/index.php\/wp-json\/wp\/v2\/store?post=3814"},{"taxonomy":"product_brand","embeddable":true,"href":"https:\/\/ofertacular.com\/index.php\/wp-json\/wp\/v2\/product_brand?post=3814"},{"taxonomy":"product_cat","embeddable":true,"href":"https:\/\/ofertacular.com\/index.php\/wp-json\/wp\/v2\/product_cat?post=3814"},{"taxonomy":"product_tag","embeddable":true,"href":"https:\/\/ofertacular.com\/index.php\/wp-json\/wp\/v2\/product_tag?post=3814"}],"curies":[{"name":"wp","href":"https:\/\/api.w.org\/{rel}","templated":true}]}}