{"id":3853,"date":"2025-03-05T10:31:59","date_gmt":"2025-03-05T09:31:59","guid":{"rendered":"https:\/\/ofertacular.com\/index.php\/producto\/freidora-multifuncion\/"},"modified":"2025-03-05T10:31:59","modified_gmt":"2025-03-05T09:31:59","slug":"freidora-multifuncion","status":"publish","type":"product","link":"https:\/\/ofertacular.com\/index.php\/producto\/freidora-multifuncion\/","title":{"rendered":"Freidora Multifunci\u00f3n"},"content":{"rendered":"<p>&#8211; Ahorra hasta un 60% de energ\u00eda en tu hogar cuando usas esta freidora de aire Princess. El c\u00e1lculo est\u00e1 basado en la comparaci\u00f3n de un horno convencional de 3300W versus nuestra freidora de aire. No solo el uso de energ\u00eda ser\u00e1 menor, sino que tus alimentos se cocinar\u00e1n mucho m\u00e1s r\u00e1pido<br \/>\n&#8211; Gracias a sus 10 programas preinstalados, este horno multifunci\u00f3n de Tristar FR-6964 te permite preparar todo tipo de platos: carne, pescado, pan, verduras a la parrilla, pizzas, tartas y patatas fritas<br \/>\n&#8211; Con su capacidad de 10 litros (0,9 kg de patatas) y su potencia de 1800 W, podr\u00e1s cocinar para toda la familia sin problemas; la convecci\u00f3n de aire de alta velocidad ofrece una cocci\u00f3n m\u00e1s homog\u00e9nea y r\u00e1pida<br \/>\n&#8211; Su pantalla digital es muy f\u00e1cil de usar: elige el programa que necesites o configura manualmente el temporizador (1-60 minutos) y la temperatura (80-200 \u00b0C)<br \/>\n&#8211; Se incluyen accesorios: cesta para patatas fritas con su asa fr\u00eda al tacto, 2 rejillas y bandeja recoge migas<br \/>\n&#8211; Gracias a todas las opciones que ofrece, puedes preparar una gran raci\u00f3n de patatas fritas en poco tiempo gracias a la pr\u00e1ctica cesta para fre\u00edr, y permite asar verduras o muslos de pollo al horno c\u00f3modamente mediante las rejillas de la parrilla. Usando su asa, puedes sacar f\u00e1cilmente la cesta de patatas fritas y las parrillas del horno sin quemarte.<br \/>\n&#8211; Este horno freidora es muy f\u00e1cil de limpiar, especialmente porque su puerta adem\u00e1s es extra\u00edble<br \/>\nDescubre la revolucionaria Freidora Multifunci\u00f3n de Princess, el electrodom\u00e9stico ideal para aquellas personas que buscan cocinar de una manera m\u00e1s saludable y eficiente sin renunciar al sabor. Esta freidora de aire no solo te ahorrar\u00e1 hasta un 60% de energ\u00eda en comparaci\u00f3n con un horno convencional, sino que te permitir\u00e1 disfrutar de una cocci\u00f3n m\u00e1s r\u00e1pida y uniforme gracias a su potente tecnolog\u00eda de convecci\u00f3n de aire de alta velocidad. Ideal para familias grandes o para quienes aman recibir invitados, su capacidad de 10 litros (equivalente a 0,9 kg de patatas) asegura que puedes preparar una gran variedad de platos, desde crujientes patatas fritas hasta jugosos muslos de pollo y deliciosas verduras asadas. Con 10 programas preinstalados y una pantalla digital intuitiva, seleccionar el modo perfecto para tu comida nunca ha sido tan sencillo; elige entre opciones como carne, pescado, pizzas y mucho m\u00e1s, todo desde la comodidad de tu cocina. Adem\u00e1s, la Freidora Multifunci\u00f3n de Princess viene con accesorios pr\u00e1cticos, como una cesta para frituras con asa fr\u00eda al tacto, dos rejillas y una bandeja recoge migas, lo que facilita la preparaci\u00f3n y limpieza de tus platillos. La puerta extra\u00edble tambi\u00e9n contribuye a su f\u00e1cil mantenimiento, permiti\u00e9ndote disfrutar de tus comidas sin preocuparte por el desorden. Si est\u00e1s buscando una forma innovadora de cocinar, disminuir tu consumo energ\u00e9tico y disfrutar de comida sabrosa de manera r\u00e1pida, no busques m\u00e1s: la Freidora Multifunci\u00f3n de Princess es tu mejor opci\u00f3n. \u00a1Transforma tu cocina y tus h\u00e1bitos alimenticios hoy!<\/p>\n","protected":false},"excerpt":{"rendered":"<p>&#8211; Ahorra hasta un 60% de energ\u00eda en tu hogar cuando usas esta freidora de aire Princess. El c\u00e1lculo est\u00e1 basado en la comparaci\u00f3n de un horno convencional de 3300W versus nuestra freidora de aire. No solo el uso de energ\u00eda ser\u00e1 menor, sino que tus alimentos se cocinar\u00e1n mucho m\u00e1s r\u00e1pido &#8211; Gracias a [&hellip;]<\/p>\n","protected":false},"featured_media":3852,"template":"","meta":{"_gspb_post_css":""},"store":[],"product_brand":[],"product_cat":[16],"product_tag":[],"class_list":{"0":"post-3853","1":"product","2":"type-product","3":"status-publish","4":"has-post-thumbnail","6":"product_cat-sin-categorizar","8":"first","9":"instock","10":"sale","11":"shipping-taxable","12":"product-type-external"},"jetpack_sharing_enabled":true,"_links":{"self":[{"href":"https:\/\/ofertacular.com\/index.php\/wp-json\/wp\/v2\/product\/3853","targetHints":{"allow":["GET"]}}],"collection":[{"href":"https:\/\/ofertacular.com\/index.php\/wp-json\/wp\/v2\/product"}],"about":[{"href":"https:\/\/ofertacular.com\/index.php\/wp-json\/wp\/v2\/types\/product"}],"wp:featuredmedia":[{"embeddable":true,"href":"https:\/\/ofertacular.com\/index.php\/wp-json\/wp\/v2\/media\/3852"}],"wp:attachment":[{"href":"https:\/\/ofertacular.com\/index.php\/wp-json\/wp\/v2\/media?parent=3853"}],"wp:term":[{"taxonomy":"store","embeddable":true,"href":"https:\/\/ofertacular.com\/index.php\/wp-json\/wp\/v2\/store?post=3853"},{"taxonomy":"product_brand","embeddable":true,"href":"https:\/\/ofertacular.com\/index.php\/wp-json\/wp\/v2\/product_brand?post=3853"},{"taxonomy":"product_cat","embeddable":true,"href":"https:\/\/ofertacular.com\/index.php\/wp-json\/wp\/v2\/product_cat?post=3853"},{"taxonomy":"product_tag","embeddable":true,"href":"https:\/\/ofertacular.com\/index.php\/wp-json\/wp\/v2\/product_tag?post=3853"}],"curies":[{"name":"wp","href":"https:\/\/api.w.org\/{rel}","templated":true}]}}