{"id":3886,"date":"2025-03-06T11:35:59","date_gmt":"2025-03-06T10:35:59","guid":{"rendered":"https:\/\/ofertacular.com\/index.php\/producto\/moto-g05\/"},"modified":"2025-03-06T11:35:59","modified_gmt":"2025-03-06T10:35:59","slug":"moto-g05","status":"publish","type":"product","link":"https:\/\/ofertacular.com\/index.php\/producto\/moto-g05\/","title":{"rendered":"Moto G05"},"content":{"rendered":"<p>&#8211; Graves impresionantes y pantalla superbrillante. Disfruta de altavoces est\u00e9reo con refuerzo de graves, que emiten un sonido est\u00e9reo con bajos 7\u202fveces m\u00e1s graves, y de im\u00e1genes n\u00edtidas en exteriores gracias al modo Alto brillo (hasta 1000\u202fnits).<br \/>\n&#8211; Sistema de c\u00e1maras de 50\u202fMP y modo Retrato con inteligencia artificial. Captura fotos n\u00edtidas con todo lujo de detalles y los retratos m\u00e1s v\u00edvidos y naturales<br \/>\n&#8211; Rendimiento ultraeficiente con RAM Boost. Haz much\u00edsimas m\u00e1s tareas a la vez y disfruta de 12GB de RAM disponibles con la funci\u00f3n Expansi\u00f3n de memoria sin que la duraci\u00f3n de la bater\u00eda se vea afectada.<br \/>\n&#8211; Dise\u00f1o pr\u00e9mium con materiales de calidad. Disfruta del aspecto y la sensaci\u00f3n de un dise\u00f1o en cuero vegano, repelente al agua y con cristal Corning Gorilla Glass 3.<br \/>\n&#8211; Autonom\u00eda de 2\u202fd\u00edas y carga TurboPower. Gana autonom\u00eda con esta bater\u00eda de 5200\u202fmAh de alta densidad y alta calidad.<br \/>\nDescubre el impresionante Moto G05, un smartphone que redefine la experiencia m\u00f3vil con su espectacular sistema de altavoces est\u00e9reo, pantalla ultra brillante y un sistema de c\u00e1maras de alta calidad. Con un dise\u00f1o premium que incluye cuero vegano y cristal Corning Gorilla Glass 3, el Moto G05 no solo es visualmente atractivo, sino que tambi\u00e9n es resistente y duradero. Aprovecha su pantalla con un modo de alto brillo que facilita la visualizaci\u00f3n en exteriores hasta 1000 nits, ideal para aquellos que disfrutan de ver videos y fotos bajo la luz del sol. <\/p>\n<p>Este dispositivo cuenta con una c\u00e1mara principal de 50 MP que garantiza im\u00e1genes n\u00edtidas y detalladas. Su modo retrato, potenciado por inteligencia artificial, captura los mejores momentos con un acabado profesional, haciendo que cada foto sea digna de compartir. <\/p>\n<p>El Moto G05 no solo destaca por sus capacidades fotogr\u00e1ficas, sino tambi\u00e9n por su rendimiento. Con 12GB de RAM y la innovadora funci\u00f3n de RAM Boost, multitareas se convierte en una experiencia fluida y r\u00e1pida, sin preocuparse por la duraci\u00f3n de la bater\u00eda. La bater\u00eda de 5200 mAh proporciona una autonom\u00eda de hasta 2 d\u00edas, y con la carga TurboPower, puedes obtener horas de energ\u00eda en minutos. <\/p>\n<p>Todo esto, junto con su construcci\u00f3n de calidad y resistencia al agua, hacen del Moto G05 una opci\u00f3n ideal para quienes buscan un equilibrio perfecto entre estilo, funcionalidad y duraci\u00f3n. Aprovecha cada funci\u00f3n, desde un sonido de graves profundo hasta un rendimiento eficiente, para estar siempre conectado y disfrutar de tu m\u00fasica, fotos, y aplicaciones favoritas al m\u00e1ximo. No esperes m\u00e1s y elige el Moto G05, el smartphone que se ajusta a tu estilo de vida y supera todas tus expectativas.<\/p>\n","protected":false},"excerpt":{"rendered":"<p>&#8211; Graves impresionantes y pantalla superbrillante. Disfruta de altavoces est\u00e9reo con refuerzo de graves, que emiten un sonido est\u00e9reo con bajos 7\u202fveces m\u00e1s graves, y de im\u00e1genes n\u00edtidas en exteriores gracias al modo Alto brillo (hasta 1000\u202fnits). &#8211; Sistema de c\u00e1maras de 50\u202fMP y modo Retrato con inteligencia artificial. Captura fotos n\u00edtidas con todo lujo [&hellip;]<\/p>\n","protected":false},"featured_media":3885,"template":"","meta":{"_gspb_post_css":""},"store":[],"product_brand":[],"product_cat":[16],"product_tag":[],"class_list":{"0":"post-3886","1":"product","2":"type-product","3":"status-publish","4":"has-post-thumbnail","6":"product_cat-sin-categorizar","8":"first","9":"instock","10":"sale","11":"shipping-taxable","12":"product-type-external"},"jetpack_sharing_enabled":true,"_links":{"self":[{"href":"https:\/\/ofertacular.com\/index.php\/wp-json\/wp\/v2\/product\/3886","targetHints":{"allow":["GET"]}}],"collection":[{"href":"https:\/\/ofertacular.com\/index.php\/wp-json\/wp\/v2\/product"}],"about":[{"href":"https:\/\/ofertacular.com\/index.php\/wp-json\/wp\/v2\/types\/product"}],"wp:featuredmedia":[{"embeddable":true,"href":"https:\/\/ofertacular.com\/index.php\/wp-json\/wp\/v2\/media\/3885"}],"wp:attachment":[{"href":"https:\/\/ofertacular.com\/index.php\/wp-json\/wp\/v2\/media?parent=3886"}],"wp:term":[{"taxonomy":"store","embeddable":true,"href":"https:\/\/ofertacular.com\/index.php\/wp-json\/wp\/v2\/store?post=3886"},{"taxonomy":"product_brand","embeddable":true,"href":"https:\/\/ofertacular.com\/index.php\/wp-json\/wp\/v2\/product_brand?post=3886"},{"taxonomy":"product_cat","embeddable":true,"href":"https:\/\/ofertacular.com\/index.php\/wp-json\/wp\/v2\/product_cat?post=3886"},{"taxonomy":"product_tag","embeddable":true,"href":"https:\/\/ofertacular.com\/index.php\/wp-json\/wp\/v2\/product_tag?post=3886"}],"curies":[{"name":"wp","href":"https:\/\/api.w.org\/{rel}","templated":true}]}}