{"id":3919,"date":"2025-03-07T08:19:23","date_gmt":"2025-03-07T07:19:23","guid":{"rendered":"https:\/\/ofertacular.com\/index.php\/producto\/aigostar-exprimidor\/"},"modified":"2025-03-07T08:19:23","modified_gmt":"2025-03-07T07:19:23","slug":"aigostar-exprimidor","status":"publish","type":"product","link":"https:\/\/ofertacular.com\/index.php\/producto\/aigostar-exprimidor\/","title":{"rendered":"AIGOSTAR Exprimidor"},"content":{"rendered":"<div class=\"oferta-container\">\n<p>\ud83d\udfe5 <b>\u00a1OFERTA ESPECIAL!<\/b> \ud83d\udfe5 #Publicidad #Aliexpress<\/p>\n<p>\ud83d\udd34 <b>Exprimidor AIGOSTAR <\/b><\/p>\n<p>\u2705 <b>AHORA 15.21\u20ac \u20ac<\/b> \u2714\ufe0f\ud83d\udfe1<\/p>\n<p>\u274c Antes 32.99<\/p>\n<p>\ud83d\uded2: <a href=\"https:\/\/btz.es\/4EJZ1ig\" target=\"_blank\" rel=\"nofollow noopener\">https:\/\/btz.es\/4EJZ1ig<\/a><\/p>\n<\/p>\n<p>Descubre el exprimidor AIGOSTAR, la herramienta esencial para los amantes de los zumos frescos y naturales. Este exprimidor, de dise\u00f1o elegante y funcional, no solo brinda versatilidad en la preparaci\u00f3n de bebidas, sino que tambi\u00e9n asegura una extracci\u00f3n \u00f3ptima de jugo y nutrientes de tus frutas favoritas. Con su potente motor, podr\u00e1s exprimir naranjas, limones, y otros c\u00edtricos en cuesti\u00f3n de segundos, haciendo que tus ma\u00f1anas sean mucho m\u00e1s agradables y saludables. <\/p>\n<p>Gracias a su f\u00e1cil desmontaje, la limpieza se convierte en un proceso r\u00e1pido y sencillo. Cada parte del exprimidor est\u00e1 dise\u00f1ada para ser lavada en el lavavajillas, permiti\u00e9ndote disfrutar de tus jugos sin preocuparte por la laboriosa tarea de limpiar. Adem\u00e1s, su tama\u00f1o compacto permite que sea guardado en cualquier cocina sin ocupar mucho espacio,<\/p>\n<p>El exprimidor AIGOSTAR tambi\u00e9n prioriza la seguridad, contando con una base antideslizante que mantiene su estabilidad durante su uso, evitando posibles accidentes. Con su dise\u00f1o ergon\u00f3mico, cada exprimido se convierte en una experiencia c\u00f3moda, ideal para aquellos que usan su exprimidor diariamente.<\/p>\n<p>Este exprimidor no solo es accesible para el hogar, sino que tambi\u00e9n es perfecto para negocios que desean ofrecer zumos frescos a sus clientes. Con su alta capacidad de extracci\u00f3n, podr\u00e1s servir jugos frescos en eventos o en el restaurante, asegurando la satisfacci\u00f3n de tus comensales.<\/p>\n<p>Adem\u00e1s, es un excelente regalo para amigos y familiares que disfrutan de llevar un estilo de vida saludable. No dudes en equipar tu cocina con el exprimidor AIGOSTAR, donde la calidad y el buen gusto se fusionan para crear deliciosos y nutritivos zumos. \u00a1Lleva tu experiencia de zumos al siguiente nivel!<\/p>\n<\/p><\/div>\n","protected":false},"excerpt":{"rendered":"<p>\ud83d\udfe5 \u00a1OFERTA ESPECIAL! \ud83d\udfe5 #Publicidad #Aliexpress \ud83d\udd34 Exprimidor AIGOSTAR \u2705 AHORA 15.21\u20ac \u20ac \u2714\ufe0f\ud83d\udfe1 \u274c Antes 32.99 \ud83d\uded2: https:\/\/btz.es\/4EJZ1ig Descubre el exprimidor AIGOSTAR, la herramienta esencial para los amantes de los zumos frescos y naturales. Este exprimidor, de dise\u00f1o elegante y funcional, no solo brinda versatilidad en la preparaci\u00f3n de bebidas, sino que tambi\u00e9n asegura [&hellip;]<\/p>\n","protected":false},"featured_media":3918,"template":"","meta":{"_gspb_post_css":""},"store":[],"product_brand":[],"product_cat":[16],"product_tag":[],"class_list":{"0":"post-3919","1":"product","2":"type-product","3":"status-publish","4":"has-post-thumbnail","6":"product_cat-sin-categorizar","8":"first","9":"instock","10":"shipping-taxable","11":"product-type-external"},"jetpack_sharing_enabled":true,"_links":{"self":[{"href":"https:\/\/ofertacular.com\/index.php\/wp-json\/wp\/v2\/product\/3919","targetHints":{"allow":["GET"]}}],"collection":[{"href":"https:\/\/ofertacular.com\/index.php\/wp-json\/wp\/v2\/product"}],"about":[{"href":"https:\/\/ofertacular.com\/index.php\/wp-json\/wp\/v2\/types\/product"}],"wp:featuredmedia":[{"embeddable":true,"href":"https:\/\/ofertacular.com\/index.php\/wp-json\/wp\/v2\/media\/3918"}],"wp:attachment":[{"href":"https:\/\/ofertacular.com\/index.php\/wp-json\/wp\/v2\/media?parent=3919"}],"wp:term":[{"taxonomy":"store","embeddable":true,"href":"https:\/\/ofertacular.com\/index.php\/wp-json\/wp\/v2\/store?post=3919"},{"taxonomy":"product_brand","embeddable":true,"href":"https:\/\/ofertacular.com\/index.php\/wp-json\/wp\/v2\/product_brand?post=3919"},{"taxonomy":"product_cat","embeddable":true,"href":"https:\/\/ofertacular.com\/index.php\/wp-json\/wp\/v2\/product_cat?post=3919"},{"taxonomy":"product_tag","embeddable":true,"href":"https:\/\/ofertacular.com\/index.php\/wp-json\/wp\/v2\/product_tag?post=3919"}],"curies":[{"name":"wp","href":"https:\/\/api.w.org\/{rel}","templated":true}]}}