{"id":3952,"date":"2025-03-09T09:48:11","date_gmt":"2025-03-09T08:48:11","guid":{"rendered":"https:\/\/ofertacular.com\/index.php\/producto\/lg-qned-tv\/"},"modified":"2025-03-09T09:48:11","modified_gmt":"2025-03-09T08:48:11","slug":"lg-qned-tv","status":"publish","type":"product","link":"https:\/\/ofertacular.com\/index.php\/producto\/lg-qned-tv\/","title":{"rendered":"LG QNED TV"},"content":{"rendered":"<div class=\"oferta-container\">\n<p>\ud83d\udfe5 <b>\u00a1OFERT\u00d3N!<\/b> \ud83d\udfe5 #Publicidad #Amazon<\/p>\n<p>\ud83d\udd34 <b>Televisor LG <\/b><\/p>\n<p>\u2705 <b>AHORA 694 \u20ac<\/b> \u2714\ufe0f\ud83d\udfe1<\/p>\n<p>\u274c Antes 1,349.00 \u20ac<\/p>\n<p>\ud83d\uded2: <a href=\"https:\/\/btz.es\/4EWcQUE\" target=\"_blank\" rel=\"nofollow noopener\">https:\/\/btz.es\/4EWcQUE<\/a><\/p>\n<\/p>\n<p>Descubre la impresionante calidad de imagen que ofrece el nuevo Televisor LG QNED, donde colores vibrantes se encuentran con una definici\u00f3n 4K excepcional gracias a su tecnolog\u00eda LED Perimetral de 6 Bloques. Dise\u00f1ado tanto para cineastas como para gamers, este Smart TV no solo te sumerge en una experiencia visual \u00fanica con HDR10 Pro y el sonido envolvente de Dolby Digital Plus, sino que tambi\u00e9n est\u00e1 preparado para el futuro con su sistema webOS 24. Este sistema operativo se actualiza con inteligencia artificial durante 4 a\u00f1os, prometiendo compatibilidad con tecnolog\u00edas populares como Apple Home Kit, Airplay, Chromecast, Google Assistant, Alexa, ThinQ y Matter, todo bajo control por voz. <\/p>\n<p>La potencia del procesador 4K a8 mejora cada una de tus sesiones de visualizaci\u00f3n, optimizando el rendimiento en imagen y sonido para que disfrutes de tus pel\u00edculas, series y videojuegos como nunca antes. Con una frecuencia de actualizaci\u00f3n de 120 Hz y soporte para tecnolog\u00eda AMD Freesync y Cloud Gaming, el Televisor LG QNED se convierte en el aliado perfecto para los gamers. Adem\u00e1s, su modo Filmmaker y alertas deportivas te mantienen conectado con toda la emoci\u00f3n del entretenimiento.<\/p>\n<p>Por si fuera poco, este televisor ha sido dise\u00f1ado pensando en la sostenibilidad, con un consumo de energ\u00eda que est\u00e1 por debajo del l\u00edmite del \u00cdndice de Eficiencia Energ\u00e9tica Europeo, ayudando a cuidar del planeta y ahorrando en tu factura de electricidad. En resumen, el Televisor LG QNED es la opci\u00f3n ideal para quienes buscan un equipo que combine tecnolog\u00eda de vanguardia, un impactante rendimiento y una conciencia ecol\u00f3gica. No te quedes atr\u00e1s, disfruta de la televisi\u00f3n en su m\u00e1xima expresi\u00f3n.<\/p>\n<\/p><\/div>\n","protected":false},"excerpt":{"rendered":"<p>\ud83d\udfe5 \u00a1OFERT\u00d3N! \ud83d\udfe5 #Publicidad #Amazon \ud83d\udd34 Televisor LG \u2705 AHORA 694 \u20ac \u2714\ufe0f\ud83d\udfe1 \u274c Antes 1,349.00 \u20ac \ud83d\uded2: https:\/\/btz.es\/4EWcQUE Descubre la impresionante calidad de imagen que ofrece el nuevo Televisor LG QNED, donde colores vibrantes se encuentran con una definici\u00f3n 4K excepcional gracias a su tecnolog\u00eda LED Perimetral de 6 Bloques. Dise\u00f1ado tanto para cineastas [&hellip;]<\/p>\n","protected":false},"featured_media":3951,"template":"","meta":{"_gspb_post_css":""},"store":[],"product_brand":[],"product_cat":[16],"product_tag":[],"class_list":{"0":"post-3952","1":"product","2":"type-product","3":"status-publish","4":"has-post-thumbnail","6":"product_cat-sin-categorizar","8":"first","9":"instock","10":"sale","11":"shipping-taxable","12":"product-type-external"},"jetpack_sharing_enabled":true,"_links":{"self":[{"href":"https:\/\/ofertacular.com\/index.php\/wp-json\/wp\/v2\/product\/3952","targetHints":{"allow":["GET"]}}],"collection":[{"href":"https:\/\/ofertacular.com\/index.php\/wp-json\/wp\/v2\/product"}],"about":[{"href":"https:\/\/ofertacular.com\/index.php\/wp-json\/wp\/v2\/types\/product"}],"wp:featuredmedia":[{"embeddable":true,"href":"https:\/\/ofertacular.com\/index.php\/wp-json\/wp\/v2\/media\/3951"}],"wp:attachment":[{"href":"https:\/\/ofertacular.com\/index.php\/wp-json\/wp\/v2\/media?parent=3952"}],"wp:term":[{"taxonomy":"store","embeddable":true,"href":"https:\/\/ofertacular.com\/index.php\/wp-json\/wp\/v2\/store?post=3952"},{"taxonomy":"product_brand","embeddable":true,"href":"https:\/\/ofertacular.com\/index.php\/wp-json\/wp\/v2\/product_brand?post=3952"},{"taxonomy":"product_cat","embeddable":true,"href":"https:\/\/ofertacular.com\/index.php\/wp-json\/wp\/v2\/product_cat?post=3952"},{"taxonomy":"product_tag","embeddable":true,"href":"https:\/\/ofertacular.com\/index.php\/wp-json\/wp\/v2\/product_tag?post=3952"}],"curies":[{"name":"wp","href":"https:\/\/api.w.org\/{rel}","templated":true}]}}