{"id":4116,"date":"2025-03-14T17:27:19","date_gmt":"2025-03-14T16:27:19","guid":{"rendered":"https:\/\/ofertacular.com\/index.php\/producto\/1005007630454833\/"},"modified":"2025-03-14T17:27:19","modified_gmt":"2025-03-14T16:27:19","slug":"1005007630454833","status":"publish","type":"product","link":"https:\/\/ofertacular.com\/index.php\/producto\/1005007630454833\/","title":{"rendered":"Playstation 5"},"content":{"rendered":"<div class=\"oferta-container\">\n<p>\ud83d\udfe5 <b>DATE PRISA<\/b> \ud83d\udfe5 #Publicidad #Amazon #<\/p>\n<p>\ud83d\udd34 <b>Consola Playstation 5 <\/b><\/p>\n<p>\u2705 <b>AHORA 395.00\u20ac \u20ac<\/b> \u2714\ufe0f\ud83d\udfe1<\/p>\n<p>\u274c Antes 480.00 \u20ac<\/p>\n<p>\ud83d\uded2: <a href=\"https:\/\/btz.es\/4F1jeii\" target=\"_blank\" rel=\"nofollow noopener\">https:\/\/btz.es\/4F1jeii<\/a><\/p>\n<p>Experimenta el mundo de los videojuegos como nunca antes con la consola Playstation 5. Equipado con tecnolog\u00eda de vanguardia, este sistema promete tiempos de carga m\u00e1s r\u00e1pidos, gr\u00e1ficos impresionantes y un rendimiento de juego excepcional. Con su potente procesador y una GPU avanzada, la PS5 ofrece una experiencia visual tan realista que te sumergir\u00e1s en los juegos como si estuvieras dentro de ellos. Adem\u00e1s, cuenta con un s\u00f3lido cat\u00e1logo de t\u00edtulos exclusivos como &#8216;Demon&#8217;s Souls&#8217;, &#8216;Ratchet &amp; Clank: Rift Apart&#8217; y &#8216;Spider-Man: Miles Morales&#8217;, lo que la convierte en una opci\u00f3n imperdible para los amantes de los videojuegos. No solo es un dispositivo para jugar; tambi\u00e9n ofrece funciones multimedia, permiti\u00e9ndote transmitir tus series y pel\u00edculas favoritas al instante. \u00bfY qu\u00e9 hay del control DualSense? Con su feedback h\u00e1ptico y gatillos adaptativos, cada tiro, carrera y salto se sienten m\u00e1s inmersivos. La Playstation 5 tambi\u00e9n es compatible con la mayor\u00eda de los juegos de la PS4, lo que significa que puedes seguir disfrutando de tus favoritos mientras exploras todo lo nuevo que ofrece esta consola. Su dise\u00f1o elegante y moderno no solo destaca en cualquier sala de estar, sino que tambi\u00e9n est\u00e1 optimizado para un rendimiento eficiente de refrigeraci\u00f3n. Prep\u00e1rate para llevar tu experiencia de juego al siguiente nivel. No te pierdas la oportunidad de hacerte con la Playstation 5, ya que claramente representa lo mejor de la tecnolog\u00eda en videojuegos. Aprovecha el momento y asegura tu consola para disfrutar de horas de entretenimiento.<\/p>\n<\/p><\/div>\n","protected":false},"excerpt":{"rendered":"<p>\ud83d\udfe5 DATE PRISA \ud83d\udfe5 #Publicidad #Amazon # \ud83d\udd34 Consola Playstation 5 \u2705 AHORA 395.00\u20ac \u20ac \u2714\ufe0f\ud83d\udfe1 \u274c Antes 480.00 \u20ac \ud83d\uded2: https:\/\/btz.es\/4F1jeii Experimenta el mundo de los videojuegos como nunca antes con la consola Playstation 5. Equipado con tecnolog\u00eda de vanguardia, este sistema promete tiempos de carga m\u00e1s r\u00e1pidos, gr\u00e1ficos impresionantes y un rendimiento de [&hellip;]<\/p>\n","protected":false},"featured_media":4115,"template":"","meta":{"_gspb_post_css":""},"store":[],"product_brand":[],"product_cat":[16],"product_tag":[],"class_list":{"0":"post-4116","1":"product","2":"type-product","3":"status-publish","4":"has-post-thumbnail","6":"product_cat-sin-categorizar","8":"first","9":"instock","10":"shipping-taxable","11":"product-type-external"},"jetpack_sharing_enabled":true,"_links":{"self":[{"href":"https:\/\/ofertacular.com\/index.php\/wp-json\/wp\/v2\/product\/4116","targetHints":{"allow":["GET"]}}],"collection":[{"href":"https:\/\/ofertacular.com\/index.php\/wp-json\/wp\/v2\/product"}],"about":[{"href":"https:\/\/ofertacular.com\/index.php\/wp-json\/wp\/v2\/types\/product"}],"wp:featuredmedia":[{"embeddable":true,"href":"https:\/\/ofertacular.com\/index.php\/wp-json\/wp\/v2\/media\/4115"}],"wp:attachment":[{"href":"https:\/\/ofertacular.com\/index.php\/wp-json\/wp\/v2\/media?parent=4116"}],"wp:term":[{"taxonomy":"store","embeddable":true,"href":"https:\/\/ofertacular.com\/index.php\/wp-json\/wp\/v2\/store?post=4116"},{"taxonomy":"product_brand","embeddable":true,"href":"https:\/\/ofertacular.com\/index.php\/wp-json\/wp\/v2\/product_brand?post=4116"},{"taxonomy":"product_cat","embeddable":true,"href":"https:\/\/ofertacular.com\/index.php\/wp-json\/wp\/v2\/product_cat?post=4116"},{"taxonomy":"product_tag","embeddable":true,"href":"https:\/\/ofertacular.com\/index.php\/wp-json\/wp\/v2\/product_tag?post=4116"}],"curies":[{"name":"wp","href":"https:\/\/api.w.org\/{rel}","templated":true}]}}