{"id":4168,"date":"2025-03-20T08:42:16","date_gmt":"2025-03-20T07:42:16","guid":{"rendered":"https:\/\/ofertacular.com\/index.php\/producto\/1005007588704639\/"},"modified":"2025-03-20T08:42:16","modified_gmt":"2025-03-20T07:42:16","slug":"1005007588704639","status":"publish","type":"product","link":"https:\/\/ofertacular.com\/index.php\/producto\/1005007588704639\/","title":{"rendered":"Pa\u00f1ales Dodot"},"content":{"rendered":"<div class=\"oferta-container\">\n<p>\ud83d\udfe5 <b>\u00a1NO TE LA PIERDAS!<\/b> \ud83d\udfe5 #Publicidad #Amazon #<\/p>\n<p>\ud83d\udd34 <b>Pa\u00f1ales Dodot <\/b><\/p>\n<p>\u2705 <b>AHORA 15.64\u20ac \u20ac<\/b> \u2714\ufe0f\ud83d\udfe1<\/p>\n<p>\u274c Antes 26.06 \u20ac<\/p>\n<p>\ud83d\uded2: <a href=\"https:\/\/btz.es\/4FYgceG\" target=\"_blank\" rel=\"nofollow noopener\">https:\/\/btz.es\/4FYgceG<\/a><\/p>\n<p>Descubre la comodidad y protecci\u00f3n que ofrecen los pa\u00f1ales Dodot, la marca l\u00edder en higiene infantil. Estos pa\u00f1ales est\u00e1n dise\u00f1ados espec\u00edficamente para mantener la piel de tu beb\u00e9 seca y protegida, gracias a su innovadora tecnolog\u00eda de absorci\u00f3n que retiene la humedad al instante. Con una suave capa externa que se ajusta perfectamente al cuerpo del peque\u00f1o, los pa\u00f1ales Dodot previenen irritaciones y permiten que tu beb\u00e9 se mueva libremente. Adem\u00e1s, su dise\u00f1o ultra delgado ofrece total discreci\u00f3n y comodidad, permitiendo que tu beb\u00e9 juegue y duerma sin molestias. Cada paquete de pa\u00f1ales Dodot ha sido fabricado con materiales de la m\u00e1s alta calidad, garantizando un cuidado delicado sobre la piel sensible de tu beb\u00e9. Ya sea para uso diario o para salir de casa, puedes confiar en la eficacia de Dodot. No olvides que los pa\u00f1ales Dodot ofrecen diferentes tama\u00f1os para adaptarse al crecimiento de tu peque\u00f1o, desde reci\u00e9n nacidos hasta ni\u00f1os en edad de andar. Cuida de tu beb\u00e9 con la mejor protecci\u00f3n que solo Dodot puede ofrecer. No comprometas la salud y confort de tu hijo, elige pa\u00f1ales Dodot y aseg\u00farate de que cada cambio de pa\u00f1al sea una experiencia agradable. \u00a1Tu beb\u00e9 lo merece!<\/p>\n<\/p><\/div>\n","protected":false},"excerpt":{"rendered":"<p>\ud83d\udfe5 \u00a1NO TE LA PIERDAS! \ud83d\udfe5 #Publicidad #Amazon # \ud83d\udd34 Pa\u00f1ales Dodot \u2705 AHORA 15.64\u20ac \u20ac \u2714\ufe0f\ud83d\udfe1 \u274c Antes 26.06 \u20ac \ud83d\uded2: https:\/\/btz.es\/4FYgceG Descubre la comodidad y protecci\u00f3n que ofrecen los pa\u00f1ales Dodot, la marca l\u00edder en higiene infantil. Estos pa\u00f1ales est\u00e1n dise\u00f1ados espec\u00edficamente para mantener la piel de tu beb\u00e9 seca y protegida, gracias [&hellip;]<\/p>\n","protected":false},"featured_media":4167,"template":"","meta":{"_gspb_post_css":""},"store":[],"product_brand":[],"product_cat":[16],"product_tag":[],"class_list":{"0":"post-4168","1":"product","2":"type-product","3":"status-publish","4":"has-post-thumbnail","6":"product_cat-sin-categorizar","8":"first","9":"instock","10":"shipping-taxable","11":"product-type-external"},"jetpack_sharing_enabled":true,"_links":{"self":[{"href":"https:\/\/ofertacular.com\/index.php\/wp-json\/wp\/v2\/product\/4168","targetHints":{"allow":["GET"]}}],"collection":[{"href":"https:\/\/ofertacular.com\/index.php\/wp-json\/wp\/v2\/product"}],"about":[{"href":"https:\/\/ofertacular.com\/index.php\/wp-json\/wp\/v2\/types\/product"}],"wp:featuredmedia":[{"embeddable":true,"href":"https:\/\/ofertacular.com\/index.php\/wp-json\/wp\/v2\/media\/4167"}],"wp:attachment":[{"href":"https:\/\/ofertacular.com\/index.php\/wp-json\/wp\/v2\/media?parent=4168"}],"wp:term":[{"taxonomy":"store","embeddable":true,"href":"https:\/\/ofertacular.com\/index.php\/wp-json\/wp\/v2\/store?post=4168"},{"taxonomy":"product_brand","embeddable":true,"href":"https:\/\/ofertacular.com\/index.php\/wp-json\/wp\/v2\/product_brand?post=4168"},{"taxonomy":"product_cat","embeddable":true,"href":"https:\/\/ofertacular.com\/index.php\/wp-json\/wp\/v2\/product_cat?post=4168"},{"taxonomy":"product_tag","embeddable":true,"href":"https:\/\/ofertacular.com\/index.php\/wp-json\/wp\/v2\/product_tag?post=4168"}],"curies":[{"name":"wp","href":"https:\/\/api.w.org\/{rel}","templated":true}]}}