{"id":4191,"date":"2025-03-21T08:44:28","date_gmt":"2025-03-21T07:44:28","guid":{"rendered":"https:\/\/ofertacular.com\/index.php\/producto\/bosch-tijeras\/"},"modified":"2025-03-21T08:44:28","modified_gmt":"2025-03-21T07:44:28","slug":"bosch-tijeras","status":"publish","type":"product","link":"https:\/\/ofertacular.com\/index.php\/producto\/bosch-tijeras\/","title":{"rendered":"Bosch Tijeras"},"content":{"rendered":"<div class=\"oferta-container\">\n<p>\ud83d\udfe5 <b>DATE PRISA<\/b> \ud83d\udfe5 #Publicidad #Amazon #16<\/p>\n<p>\ud83d\udd34 <b>Tijeras Bosch <\/b><\/p>\n<p>\u2705 <b>AHORA 36.75 \u20ac<\/b> \u2714\ufe0f\ud83d\udfe1<\/p>\n<p>\u274c Antes 69.99 \u20ac<\/p>\n<p>\ud83d\uded2: <a href=\"https:\/\/btz.es\/4GdXhnF\" target=\"_blank\" rel=\"nofollow noopener\">https:\/\/btz.es\/4GdXhnF<\/a><\/p>\n<p>&#8211; Un cortasetos de peso ligero y equilibrio para recortar setos m\u00e1s peque\u00f1os<br \/>\n&#8211; Motor de alta velocidad de 420 W para lograr cortes potentes, r\u00e1pidos y limpios<br \/>\n&#8211; Peso equilibrado y asas ergon\u00f3micas para trabajar con comodidad en cualquier posici\u00f3n<br \/>\n&#8211; Longitud de la cuchilla de 45 cm y dise\u00f1o con una abertura entre dientes de 16 mm para trabajos ligeros de recorte<br \/>\n&#8211; Incluye: EasyHedgeCut 45, embalaje en caja<\/p>\n<\/p><\/div>\n","protected":false},"excerpt":{"rendered":"<p>\ud83d\udfe5 DATE PRISA \ud83d\udfe5 #Publicidad #Amazon #16 \ud83d\udd34 Tijeras Bosch \u2705 AHORA 36.75 \u20ac \u2714\ufe0f\ud83d\udfe1 \u274c Antes 69.99 \u20ac \ud83d\uded2: https:\/\/btz.es\/4GdXhnF &#8211; Un cortasetos de peso ligero y equilibrio para recortar setos m\u00e1s peque\u00f1os &#8211; Motor de alta velocidad de 420 W para lograr cortes potentes, r\u00e1pidos y limpios &#8211; Peso equilibrado y asas ergon\u00f3micas [&hellip;]<\/p>\n","protected":false},"featured_media":4190,"template":"","meta":{"_gspb_post_css":""},"store":[],"product_brand":[],"product_cat":[16],"product_tag":[],"class_list":{"0":"post-4191","1":"product","2":"type-product","3":"status-publish","4":"has-post-thumbnail","6":"product_cat-sin-categorizar","8":"first","9":"instock","10":"sale","11":"shipping-taxable","12":"product-type-external"},"jetpack_sharing_enabled":true,"_links":{"self":[{"href":"https:\/\/ofertacular.com\/index.php\/wp-json\/wp\/v2\/product\/4191","targetHints":{"allow":["GET"]}}],"collection":[{"href":"https:\/\/ofertacular.com\/index.php\/wp-json\/wp\/v2\/product"}],"about":[{"href":"https:\/\/ofertacular.com\/index.php\/wp-json\/wp\/v2\/types\/product"}],"wp:featuredmedia":[{"embeddable":true,"href":"https:\/\/ofertacular.com\/index.php\/wp-json\/wp\/v2\/media\/4190"}],"wp:attachment":[{"href":"https:\/\/ofertacular.com\/index.php\/wp-json\/wp\/v2\/media?parent=4191"}],"wp:term":[{"taxonomy":"store","embeddable":true,"href":"https:\/\/ofertacular.com\/index.php\/wp-json\/wp\/v2\/store?post=4191"},{"taxonomy":"product_brand","embeddable":true,"href":"https:\/\/ofertacular.com\/index.php\/wp-json\/wp\/v2\/product_brand?post=4191"},{"taxonomy":"product_cat","embeddable":true,"href":"https:\/\/ofertacular.com\/index.php\/wp-json\/wp\/v2\/product_cat?post=4191"},{"taxonomy":"product_tag","embeddable":true,"href":"https:\/\/ofertacular.com\/index.php\/wp-json\/wp\/v2\/product_tag?post=4191"}],"curies":[{"name":"wp","href":"https:\/\/api.w.org\/{rel}","templated":true}]}}