{"id":4217,"date":"2025-03-24T08:42:08","date_gmt":"2025-03-24T07:42:08","guid":{"rendered":"https:\/\/ofertacular.com\/index.php\/producto\/colchoneta-camping\/"},"modified":"2025-03-24T08:42:08","modified_gmt":"2025-03-24T07:42:08","slug":"colchoneta-camping","status":"publish","type":"product","link":"https:\/\/ofertacular.com\/index.php\/producto\/colchoneta-camping\/","title":{"rendered":"Colchoneta Camping"},"content":{"rendered":"<div class=\"oferta-container\">\n<p>\ud83d\udfe5 <b>INCRE\u00cdBLE<\/b> \ud83d\udfe5 #Publicidad #Amazon #16<\/p>\n<p>\ud83d\udd34 <b>Colchoneta Camping <\/b><\/p>\n<p>\u2705 <b>AHORA 17.15 \u20ac<\/b> \u2714\ufe0f\ud83d\udfe1<\/p>\n<p>\u274c Antes 29.95 \u20ac<\/p>\n<p>\ud83d\uded2: <a href=\"https:\/\/btz.es\/4Gv4gmJ\" target=\"_blank\" rel=\"nofollow noopener\">https:\/\/btz.es\/4Gv4gmJ<\/a><\/p>\n<p>&#8211; Colchoneta hinchable Intex de la l\u00ednea Camping Mats; medidas aproximadas: 127 cm ancho x 193 cm profundidad y altura de 24 cm<br \/>\n&#8211; Construcci\u00f3n \u00fanica con 2 capas laminadas extra resistentes; color: superficie blanca y base azul<br \/>\n&#8211; Superficie aterciopela y ondeada de 10 l\u00e1minas verticales con bordes redondeados<br \/>\n&#8211; Peso del colch\u00f3n: 3.25 kg<br \/>\n&#8211; Colchoneta hinchable doble; peso m\u00e1ximo que soporta: 273 kg<br \/>\n&#8211; Tipo de deporte: camping &amp; hiking<\/p>\n<\/p><\/div>\n","protected":false},"excerpt":{"rendered":"<p>\ud83d\udfe5 INCRE\u00cdBLE \ud83d\udfe5 #Publicidad #Amazon #16 \ud83d\udd34 Colchoneta Camping \u2705 AHORA 17.15 \u20ac \u2714\ufe0f\ud83d\udfe1 \u274c Antes 29.95 \u20ac \ud83d\uded2: https:\/\/btz.es\/4Gv4gmJ &#8211; Colchoneta hinchable Intex de la l\u00ednea Camping Mats; medidas aproximadas: 127 cm ancho x 193 cm profundidad y altura de 24 cm &#8211; Construcci\u00f3n \u00fanica con 2 capas laminadas extra resistentes; color: superficie blanca [&hellip;]<\/p>\n","protected":false},"featured_media":4216,"template":"","meta":{"_gspb_post_css":""},"store":[],"product_brand":[],"product_cat":[16],"product_tag":[],"class_list":{"0":"post-4217","1":"product","2":"type-product","3":"status-publish","4":"has-post-thumbnail","6":"product_cat-sin-categorizar","8":"first","9":"instock","10":"sale","11":"shipping-taxable","12":"product-type-external"},"jetpack_sharing_enabled":true,"_links":{"self":[{"href":"https:\/\/ofertacular.com\/index.php\/wp-json\/wp\/v2\/product\/4217","targetHints":{"allow":["GET"]}}],"collection":[{"href":"https:\/\/ofertacular.com\/index.php\/wp-json\/wp\/v2\/product"}],"about":[{"href":"https:\/\/ofertacular.com\/index.php\/wp-json\/wp\/v2\/types\/product"}],"wp:featuredmedia":[{"embeddable":true,"href":"https:\/\/ofertacular.com\/index.php\/wp-json\/wp\/v2\/media\/4216"}],"wp:attachment":[{"href":"https:\/\/ofertacular.com\/index.php\/wp-json\/wp\/v2\/media?parent=4217"}],"wp:term":[{"taxonomy":"store","embeddable":true,"href":"https:\/\/ofertacular.com\/index.php\/wp-json\/wp\/v2\/store?post=4217"},{"taxonomy":"product_brand","embeddable":true,"href":"https:\/\/ofertacular.com\/index.php\/wp-json\/wp\/v2\/product_brand?post=4217"},{"taxonomy":"product_cat","embeddable":true,"href":"https:\/\/ofertacular.com\/index.php\/wp-json\/wp\/v2\/product_cat?post=4217"},{"taxonomy":"product_tag","embeddable":true,"href":"https:\/\/ofertacular.com\/index.php\/wp-json\/wp\/v2\/product_tag?post=4217"}],"curies":[{"name":"wp","href":"https:\/\/api.w.org\/{rel}","templated":true}]}}