{"id":4287,"date":"2025-03-26T08:17:22","date_gmt":"2025-03-26T07:17:22","guid":{"rendered":"https:\/\/ofertacular.com\/index.php\/producto\/einhell-taladro\/"},"modified":"2025-03-26T08:17:22","modified_gmt":"2025-03-26T07:17:22","slug":"einhell-taladro","status":"publish","type":"product","link":"https:\/\/ofertacular.com\/index.php\/producto\/einhell-taladro\/","title":{"rendered":"Einhell Taladro"},"content":{"rendered":"<div class=\"oferta-container\">\n<p>\ud83d\udfe5 <b>CHOLLAZO<\/b> \ud83d\udfe5 #Publicidad #Amazon #16<\/p>\n<p>\ud83d\udd34 <b>Taladro Einhell <\/b><\/p>\n<p>\u2705 <b>AHORA 17.49 \u20ac<\/b> \u2714\ufe0f\ud83d\udfe1<\/p>\n<p>\u274c Antes 32.95 \u20ac<\/p>\n<p>\ud83d\uded2: <a href=\"https:\/\/btz.es\/4G7eVfx\" target=\"_blank\" rel=\"nofollow noopener\">https:\/\/btz.es\/4G7eVfx<\/a><\/p>\n<p>&#8211; Taladro el\u00e9ctrico percutor con potencia de 650 W<br \/>\n&#8211; Control de velocidad electr\u00f3nico con preselecci\u00f3n<br \/>\n&#8211; Con dos funciones: perforaci\u00f3n y perforaci\u00f3n de impacto<br \/>\n&#8211; Instalaci\u00f3n inversa para taladrar y atornillar<br \/>\n&#8211; Metal tope de profundidad de perforaci\u00f3n<br \/>\n&#8211; Suministro de red 230V | 50 Hz<br \/>\n&#8211; Velocidad de ralent\u00ed: 0-2800 min -1<br \/>\n&#8211; Velocidad de impacto: 0-44800 min -1<\/p>\n<\/p><\/div>\n","protected":false},"excerpt":{"rendered":"<p>\ud83d\udfe5 CHOLLAZO \ud83d\udfe5 #Publicidad #Amazon #16 \ud83d\udd34 Taladro Einhell \u2705 AHORA 17.49 \u20ac \u2714\ufe0f\ud83d\udfe1 \u274c Antes 32.95 \u20ac \ud83d\uded2: https:\/\/btz.es\/4G7eVfx &#8211; Taladro el\u00e9ctrico percutor con potencia de 650 W &#8211; Control de velocidad electr\u00f3nico con preselecci\u00f3n &#8211; Con dos funciones: perforaci\u00f3n y perforaci\u00f3n de impacto &#8211; Instalaci\u00f3n inversa para taladrar y atornillar &#8211; Metal tope [&hellip;]<\/p>\n","protected":false},"featured_media":4286,"template":"","meta":{"_gspb_post_css":""},"store":[],"product_brand":[],"product_cat":[16],"product_tag":[],"class_list":{"0":"post-4287","1":"product","2":"type-product","3":"status-publish","4":"has-post-thumbnail","6":"product_cat-sin-categorizar","8":"first","9":"instock","10":"sale","11":"shipping-taxable","12":"product-type-external"},"jetpack_sharing_enabled":true,"_links":{"self":[{"href":"https:\/\/ofertacular.com\/index.php\/wp-json\/wp\/v2\/product\/4287","targetHints":{"allow":["GET"]}}],"collection":[{"href":"https:\/\/ofertacular.com\/index.php\/wp-json\/wp\/v2\/product"}],"about":[{"href":"https:\/\/ofertacular.com\/index.php\/wp-json\/wp\/v2\/types\/product"}],"wp:featuredmedia":[{"embeddable":true,"href":"https:\/\/ofertacular.com\/index.php\/wp-json\/wp\/v2\/media\/4286"}],"wp:attachment":[{"href":"https:\/\/ofertacular.com\/index.php\/wp-json\/wp\/v2\/media?parent=4287"}],"wp:term":[{"taxonomy":"store","embeddable":true,"href":"https:\/\/ofertacular.com\/index.php\/wp-json\/wp\/v2\/store?post=4287"},{"taxonomy":"product_brand","embeddable":true,"href":"https:\/\/ofertacular.com\/index.php\/wp-json\/wp\/v2\/product_brand?post=4287"},{"taxonomy":"product_cat","embeddable":true,"href":"https:\/\/ofertacular.com\/index.php\/wp-json\/wp\/v2\/product_cat?post=4287"},{"taxonomy":"product_tag","embeddable":true,"href":"https:\/\/ofertacular.com\/index.php\/wp-json\/wp\/v2\/product_tag?post=4287"}],"curies":[{"name":"wp","href":"https:\/\/api.w.org\/{rel}","templated":true}]}}