{"id":4359,"date":"2025-03-28T11:26:14","date_gmt":"2025-03-28T10:26:14","guid":{"rendered":"https:\/\/ofertacular.com\/index.php\/producto\/cepillo-electrico\/"},"modified":"2025-03-28T11:26:14","modified_gmt":"2025-03-28T10:26:14","slug":"cepillo-electrico","status":"publish","type":"product","link":"https:\/\/ofertacular.com\/index.php\/producto\/cepillo-electrico\/","title":{"rendered":"Cepillo El\u00e9ctrico"},"content":{"rendered":"<div class=\"oferta-container\">\n<p>\ud83d\udfe5 <b>\u00a1OFERT\u00d3N!<\/b> \ud83d\udfe5 #Publicidad #Amazon #1<\/p>\n<p>\ud83d\udd34 <b>Cepillo El\u00e9ctrico <\/b><\/p>\n<p>\u2705 <b>AHORA 22.99 \u20ac<\/b> \u2714\ufe0f\ud83d\udfe1<\/p>\n<p>\u274c Antes 49.00 \u20ac<\/p>\n<p>\ud83d\uded2: <a href=\"https:\/\/btz.es\/4GJ75OW\" target=\"_blank\" rel=\"nofollow noopener\">https:\/\/btz.es\/4GJ75OW<\/a><\/p>\n<p>&#8211; CEPILLO EXTRAFINO: El cabezal del cepillo de dientes extrafino tiene cerdas extrafinas de 0,02 mm y puntas de 3 mm para llegar suavemente a las bolsas periodontales de las enc\u00edas, eliminando la placa y las bacterias ocultas.<br \/>\n&#8211; VIBRACIONES S\u00d3NICAS: Las vibraciones s\u00f3nicas de alta velocidad de 31 000 cepillados por minuto eliminan la placa de las bolsas periodontales y garantizan una limpieza cuidadosa pero suave de los dientes y las enc\u00edas.<br \/>\n&#8211; 2 MODOS DE CEPILLADO: Dos modos de cepillado: modo SOFT para usuarios nuevos y modo REGULAR para uso normal.<br \/>\n&#8211; 2 TIPOS DE CEPILLOS: Mejore su rutina de higiene bucal con dos cepillos especializados: un cepillo extrafino para limpiar las bolsas gingivales y un cepillo multiuso para la limpieza de superficies y \u00e1reas de dif\u00edcil acceso.<br \/>\n&#8211; COMPACTO Y PORT\u00c1TIL: Este elegante y c\u00f3modo cepillo de dientes el\u00e9ctrico es liviano y compacto, lo que lo hace perfecto para el cuidado dental mientras viaja.<br \/>\n&#8211; CARACTER\u00cdSTICAS F\u00c1CILES DE USAR: Con su bater\u00eda de 30 minutos de duraci\u00f3n, temporizador y funci\u00f3n de inicio suave, este cepillo de dientes el\u00e9ctrico es el accesorio de salud bucal perfecto.<\/p>\n<\/p><\/div>\n","protected":false},"excerpt":{"rendered":"<p>\ud83d\udfe5 \u00a1OFERT\u00d3N! \ud83d\udfe5 #Publicidad #Amazon #1 \ud83d\udd34 Cepillo El\u00e9ctrico \u2705 AHORA 22.99 \u20ac \u2714\ufe0f\ud83d\udfe1 \u274c Antes 49.00 \u20ac \ud83d\uded2: https:\/\/btz.es\/4GJ75OW &#8211; CEPILLO EXTRAFINO: El cabezal del cepillo de dientes extrafino tiene cerdas extrafinas de 0,02 mm y puntas de 3 mm para llegar suavemente a las bolsas periodontales de las enc\u00edas, eliminando la placa y [&hellip;]<\/p>\n","protected":false},"featured_media":4358,"template":"","meta":{"_gspb_post_css":""},"store":[],"product_brand":[],"product_cat":[16],"product_tag":[],"class_list":{"0":"post-4359","1":"product","2":"type-product","3":"status-publish","4":"has-post-thumbnail","6":"product_cat-sin-categorizar","8":"first","9":"instock","10":"sale","11":"shipping-taxable","12":"product-type-external"},"jetpack_sharing_enabled":true,"_links":{"self":[{"href":"https:\/\/ofertacular.com\/index.php\/wp-json\/wp\/v2\/product\/4359","targetHints":{"allow":["GET"]}}],"collection":[{"href":"https:\/\/ofertacular.com\/index.php\/wp-json\/wp\/v2\/product"}],"about":[{"href":"https:\/\/ofertacular.com\/index.php\/wp-json\/wp\/v2\/types\/product"}],"wp:featuredmedia":[{"embeddable":true,"href":"https:\/\/ofertacular.com\/index.php\/wp-json\/wp\/v2\/media\/4358"}],"wp:attachment":[{"href":"https:\/\/ofertacular.com\/index.php\/wp-json\/wp\/v2\/media?parent=4359"}],"wp:term":[{"taxonomy":"store","embeddable":true,"href":"https:\/\/ofertacular.com\/index.php\/wp-json\/wp\/v2\/store?post=4359"},{"taxonomy":"product_brand","embeddable":true,"href":"https:\/\/ofertacular.com\/index.php\/wp-json\/wp\/v2\/product_brand?post=4359"},{"taxonomy":"product_cat","embeddable":true,"href":"https:\/\/ofertacular.com\/index.php\/wp-json\/wp\/v2\/product_cat?post=4359"},{"taxonomy":"product_tag","embeddable":true,"href":"https:\/\/ofertacular.com\/index.php\/wp-json\/wp\/v2\/product_tag?post=4359"}],"curies":[{"name":"wp","href":"https:\/\/api.w.org\/{rel}","templated":true}]}}