{"id":4367,"date":"2025-03-31T08:37:33","date_gmt":"2025-03-31T06:37:33","guid":{"rendered":"https:\/\/ofertacular.com\/index.php\/producto\/philips-oneblade-2\/"},"modified":"2025-03-31T08:37:33","modified_gmt":"2025-03-31T06:37:33","slug":"philips-oneblade-2","status":"publish","type":"product","link":"https:\/\/ofertacular.com\/index.php\/producto\/philips-oneblade-2\/","title":{"rendered":"Philips OneBlade"},"content":{"rendered":"<div class=\"oferta-container\">\n<p>\ud83d\udfe5 <b>\u00a1OFERTA ESPECIAL!<\/b> \ud83d\udfe5 #Publicidad #Amazon #16<\/p>\n<p>\ud83d\udd34 <b>Afeitadora Philips <\/b><\/p>\n<p>\u2705 <b>AHORA 34.99 \u20ac<\/b> \u2714\ufe0f\ud83d\udfe1<\/p>\n<p>\u274c Antes 52.99 \u20ac<\/p>\n<p>\ud83d\uded2: <a href=\"https:\/\/btz.es\/4Haj61X\" target=\"_blank\" rel=\"nofollow noopener\">https:\/\/btz.es\/4Haj61X<\/a><\/p>\n<p>&#8211; Tecnolog\u00eda OneBlade: La velocidad de corte de la cuchilla 12.000 movimientos por minuto es eficaz incluso con el vello m\u00e1s largo, y el sistema de protecci\u00f3n doble con un revestimiento deslizante y puntas redondeadas hace que el afeitado sea m\u00e1s f\u00e1cil y c\u00f3modo<br \/>\n&#8211; Dise\u00f1ada para cortar el pelo, no la piel: recorta la barba a una longitud uniforme con nuestro peine-gu\u00eda 5 en 1 1-5 mm, crea bordes precisos gracias a la cuchilla de doble cara y afeita cualquier longitud de vello f\u00e1cilmente<br \/>\n&#8211; Carga en cualquier momento y lugar: gracias al cable de carga USB-A, OneBlade se puede cargar dentro o fuera de casa, ideal para tu rutina diaria y para viajar adaptador de corriente no incluido. . Para cargar el producto, utilice \u00fanicamente un adaptador USB certificado con conector de tipo A y salida nominal de 5 V, \u2265 1 A.<br \/>\n&#8211; Dise\u00f1ada para durar: La cuchilla de acero inoxidable dura hasta 4 meses de uso*, para mantener esa sensaci\u00f3n de frescura, aparecer\u00e1 un icono de expulsi\u00f3n en la cuchilla cuando llegue el momento de sustituirla por una nueva<br \/>\n&#8211; Totalmente resistente al agua: OneBlade es resistente al agua IPX7, por lo que es muy f\u00e1cil de limpiar enjuag\u00e1ndola bajo el grifo, y tambi\u00e9n puedes afeitarte en la ducha con o sin espuma<br \/>\n&#8211; El set incluye: 1 Philips OneBlade Face, 1 cuchilla original, 1 peine-gu\u00eda ajustable 5 en 1 1-5 mm, 1 cuchilla de repuesto adicional, 1 funda blanda, 1 tapa de almacenamiento, 1 cable de carga USB-A y un manual de usuario. . Para cargar el producto, utilice \u00fanicamente un adaptador USB certificado con conector de tipo A y salida nominal de 5 V, \u2265 1 A.<\/p>\n<\/p><\/div>\n","protected":false},"excerpt":{"rendered":"<p>\ud83d\udfe5 \u00a1OFERTA ESPECIAL! \ud83d\udfe5 #Publicidad #Amazon #16 \ud83d\udd34 Afeitadora Philips \u2705 AHORA 34.99 \u20ac \u2714\ufe0f\ud83d\udfe1 \u274c Antes 52.99 \u20ac \ud83d\uded2: https:\/\/btz.es\/4Haj61X &#8211; Tecnolog\u00eda OneBlade: La velocidad de corte de la cuchilla 12.000 movimientos por minuto es eficaz incluso con el vello m\u00e1s largo, y el sistema de protecci\u00f3n doble con un revestimiento deslizante y puntas [&hellip;]<\/p>\n","protected":false},"featured_media":4366,"template":"","meta":{"_gspb_post_css":""},"store":[],"product_brand":[],"product_cat":[16],"product_tag":[],"class_list":{"0":"post-4367","1":"product","2":"type-product","3":"status-publish","4":"has-post-thumbnail","6":"product_cat-sin-categorizar","8":"first","9":"instock","10":"sale","11":"shipping-taxable","12":"product-type-external"},"jetpack_sharing_enabled":true,"_links":{"self":[{"href":"https:\/\/ofertacular.com\/index.php\/wp-json\/wp\/v2\/product\/4367","targetHints":{"allow":["GET"]}}],"collection":[{"href":"https:\/\/ofertacular.com\/index.php\/wp-json\/wp\/v2\/product"}],"about":[{"href":"https:\/\/ofertacular.com\/index.php\/wp-json\/wp\/v2\/types\/product"}],"wp:featuredmedia":[{"embeddable":true,"href":"https:\/\/ofertacular.com\/index.php\/wp-json\/wp\/v2\/media\/4366"}],"wp:attachment":[{"href":"https:\/\/ofertacular.com\/index.php\/wp-json\/wp\/v2\/media?parent=4367"}],"wp:term":[{"taxonomy":"store","embeddable":true,"href":"https:\/\/ofertacular.com\/index.php\/wp-json\/wp\/v2\/store?post=4367"},{"taxonomy":"product_brand","embeddable":true,"href":"https:\/\/ofertacular.com\/index.php\/wp-json\/wp\/v2\/product_brand?post=4367"},{"taxonomy":"product_cat","embeddable":true,"href":"https:\/\/ofertacular.com\/index.php\/wp-json\/wp\/v2\/product_cat?post=4367"},{"taxonomy":"product_tag","embeddable":true,"href":"https:\/\/ofertacular.com\/index.php\/wp-json\/wp\/v2\/product_tag?post=4367"}],"curies":[{"name":"wp","href":"https:\/\/api.w.org\/{rel}","templated":true}]}}