{"id":4377,"date":"2025-03-31T10:21:26","date_gmt":"2025-03-31T08:21:26","guid":{"rendered":"https:\/\/ofertacular.com\/index.php\/producto\/xiaomi-vacuum-3\/"},"modified":"2025-03-31T10:21:26","modified_gmt":"2025-03-31T08:21:26","slug":"xiaomi-vacuum-3","status":"publish","type":"product","link":"https:\/\/ofertacular.com\/index.php\/producto\/xiaomi-vacuum-3\/","title":{"rendered":"Xiaomi Vacuum"},"content":{"rendered":"<div class=\"oferta-container\">\n<p>\ud83d\udfe5 <b>\u00a1OFERT\u00d3N!<\/b> \ud83d\udfe5 #Publicidad #Amazon #16<\/p>\n<p>\ud83d\udd34 <b>Aspiradora Xiaomi <\/b><\/p>\n<p>\u2705 <b>AHORA 139 \u20ac<\/b> \u2714\ufe0f\ud83d\udfe1<\/p>\n<p>\u274c Antes 179.99 \u20ac<\/p>\n<p>\ud83d\uded2: <a href=\"https:\/\/btz.es\/4Ha9Gjw\" target=\"_blank\" rel=\"nofollow noopener\">https:\/\/btz.es\/4Ha9Gjw<\/a><\/p>\n<p>&#8211; Potente succi\u00f3n de 5000Pa. Limpia el suelo de una sola pasada. Equipado con un potente ventilador de succi\u00f3n de 5000 Pa y 3 modos de potencia, elimina f\u00e1cilmente el polvo y pelos de todo tipo de suelos y zonas de dif\u00edcil acceso<br \/>\n&#8211; Dep\u00f3sito 2 en 1 de gran capacidad con dep\u00f3sito de agua. Dep\u00f3sito de polvo y suciedad de 400 ml y dep\u00f3sito de agua de 270 ml.<br \/>\n&#8211; Eficiencia de limpieza mejorada. Ruta de aspiraci\u00f3n en zigzag y ruta de fregado en forma de Y. La ruta en zigzag garantiza la m\u00e1xima eficiencia de limpieza, mientras que la ruta en forma de Y est\u00e1 especialmente dise\u00f1ada parafregar y simula la limpieza manual de la misma \u00e1rea en dos direcciones, eliminando las manchas sin esfuerzo<br \/>\n&#8211; Mapea tu casa con facilidad. Xiaomi Robot Vacuum S20 puede escanear r\u00e1pidamente su entorno para crear dise\u00f1os precisos en la aplicaci\u00f3n Mi Home\/Xiaomi Home y planificar las rutas de limpieza m\u00e1s eficientes. Deje que este robot aspirador le muestre lo inteligente que puede ser<br \/>\n&#8211; Sistema de navegaci\u00f3n l\u00e1ser LDS. Menos puntos perdidos y menos \u00e1reas repetidas. La navegaci\u00f3n l\u00e1ser es una tecnolog\u00eda de navegaci\u00f3n que proporciona un posicionamiento altamente preciso, mediciones m\u00e1s precisas y un funcionamiento m\u00e1s estable<\/p>\n<\/p><\/div>\n","protected":false},"excerpt":{"rendered":"<p>\ud83d\udfe5 \u00a1OFERT\u00d3N! \ud83d\udfe5 #Publicidad #Amazon #16 \ud83d\udd34 Aspiradora Xiaomi \u2705 AHORA 139 \u20ac \u2714\ufe0f\ud83d\udfe1 \u274c Antes 179.99 \u20ac \ud83d\uded2: https:\/\/btz.es\/4Ha9Gjw &#8211; Potente succi\u00f3n de 5000Pa. Limpia el suelo de una sola pasada. Equipado con un potente ventilador de succi\u00f3n de 5000 Pa y 3 modos de potencia, elimina f\u00e1cilmente el polvo y pelos de todo [&hellip;]<\/p>\n","protected":false},"featured_media":4376,"template":"","meta":{"_gspb_post_css":""},"store":[],"product_brand":[],"product_cat":[16],"product_tag":[],"class_list":{"0":"post-4377","1":"product","2":"type-product","3":"status-publish","4":"has-post-thumbnail","6":"product_cat-sin-categorizar","8":"first","9":"instock","10":"sale","11":"shipping-taxable","12":"product-type-external"},"jetpack_sharing_enabled":true,"_links":{"self":[{"href":"https:\/\/ofertacular.com\/index.php\/wp-json\/wp\/v2\/product\/4377","targetHints":{"allow":["GET"]}}],"collection":[{"href":"https:\/\/ofertacular.com\/index.php\/wp-json\/wp\/v2\/product"}],"about":[{"href":"https:\/\/ofertacular.com\/index.php\/wp-json\/wp\/v2\/types\/product"}],"wp:featuredmedia":[{"embeddable":true,"href":"https:\/\/ofertacular.com\/index.php\/wp-json\/wp\/v2\/media\/4376"}],"wp:attachment":[{"href":"https:\/\/ofertacular.com\/index.php\/wp-json\/wp\/v2\/media?parent=4377"}],"wp:term":[{"taxonomy":"store","embeddable":true,"href":"https:\/\/ofertacular.com\/index.php\/wp-json\/wp\/v2\/store?post=4377"},{"taxonomy":"product_brand","embeddable":true,"href":"https:\/\/ofertacular.com\/index.php\/wp-json\/wp\/v2\/product_brand?post=4377"},{"taxonomy":"product_cat","embeddable":true,"href":"https:\/\/ofertacular.com\/index.php\/wp-json\/wp\/v2\/product_cat?post=4377"},{"taxonomy":"product_tag","embeddable":true,"href":"https:\/\/ofertacular.com\/index.php\/wp-json\/wp\/v2\/product_tag?post=4377"}],"curies":[{"name":"wp","href":"https:\/\/api.w.org\/{rel}","templated":true}]}}