{"id":4417,"date":"2025-04-01T08:02:49","date_gmt":"2025-04-01T06:02:49","guid":{"rendered":"https:\/\/ofertacular.com\/index.php\/producto\/cuisinart-robot\/"},"modified":"2025-04-01T08:02:49","modified_gmt":"2025-04-01T06:02:49","slug":"cuisinart-robot","status":"publish","type":"product","link":"https:\/\/ofertacular.com\/index.php\/producto\/cuisinart-robot\/","title":{"rendered":"Cuisinart Robot"},"content":{"rendered":"<div class=\"oferta-container\">\n<p>\ud83d\udfe5 <b>\u00a1DESCUENTO \u00daNICO!<\/b> \ud83d\udfe5 #Publicidad #Amazon #16<\/p>\n<p>\ud83d\udd34 <b>Robot Cuisinart <\/b><\/p>\n<p>\u2705 <b>AHORA 47.99 \u20ac<\/b> \u2714\ufe0f\ud83d\udfe1<\/p>\n<p>\u274c Antes 199.90 \u20ac<\/p>\n<p>\ud83d\uded2: <a href=\"https:\/\/btz.es\/4HfRsUE\" target=\"_blank\" rel=\"nofollow noopener\">https:\/\/btz.es\/4HfRsUE<\/a><\/p>\n<p>&#8211; FUNCIONALIDAD 5 EN 1: Disfrute de una experiencia culinaria sencilla, calent\u00e1ndose en 6 minutos sin necesidad de varios aparatos &#8211; racionalice su cocina y dore, gratine, saltee, cocine al vapor y cocine a fuego lento \u00a1todo en uno!<br \/>\n&#8211; 4 ACCESORIOS QUE AHORRAN ESPACIO PARA DIFERENTES NECESIDADES CULINARIAS: Sart\u00e9n honda con tapa de cristal, bandeja de acero inoxidable para cocinar al vapor y placa grill antiadherente, todo apilable para guardarlo f\u00e1cilmente.<br \/>\n&#8211; CONTROLES DE TEMPERATURA PRECISO PARA UN ACABADO PERFECTO: Temperatura variable de 90\u02daC-220\u02daC para que tengas todo el control, ya sea para un filete a la parrilla o un guiso cocinado a fuego lento.<br \/>\n&#8211; UNA FORMA M\u00c1S SALUDABLE DE COCINAR: La placa antiadherente de la parrilla permite opciones de cocci\u00f3n m\u00e1s saludables con menos grasa, mientras que la bandeja para cocinar al vapor permite retener los nutrientes de las verduras y el pescado<br \/>\n&#8211; INFINITAS OPCIONES DE COMIDA: Las sartenes antiadherentes aptas para el lavavajillas permiten una creatividad sin l\u00edmites, tanto si te apetecen verduras a la parrilla, carnes salteadas o marisco al vapor, la Cook In te tiene cubierto.<br \/>\n&#8211; ECOL\u00d3GICO Y RENTABLE: Ahorre hasta un 60% de energ\u00eda en comparaci\u00f3n con los hornos convencionales, en beneficio del medio ambiente y de sus facturas. Tanto su bolsillo como el planeta salen ganando.<\/p>\n<\/p><\/div>\n","protected":false},"excerpt":{"rendered":"<p>\ud83d\udfe5 \u00a1DESCUENTO \u00daNICO! \ud83d\udfe5 #Publicidad #Amazon #16 \ud83d\udd34 Robot Cuisinart \u2705 AHORA 47.99 \u20ac \u2714\ufe0f\ud83d\udfe1 \u274c Antes 199.90 \u20ac \ud83d\uded2: https:\/\/btz.es\/4HfRsUE &#8211; FUNCIONALIDAD 5 EN 1: Disfrute de una experiencia culinaria sencilla, calent\u00e1ndose en 6 minutos sin necesidad de varios aparatos &#8211; racionalice su cocina y dore, gratine, saltee, cocine al vapor y cocine a [&hellip;]<\/p>\n","protected":false},"featured_media":4416,"template":"","meta":{"_gspb_post_css":""},"store":[],"product_brand":[],"product_cat":[16],"product_tag":[],"class_list":{"0":"post-4417","1":"product","2":"type-product","3":"status-publish","4":"has-post-thumbnail","6":"product_cat-sin-categorizar","8":"first","9":"instock","10":"sale","11":"shipping-taxable","12":"product-type-external"},"jetpack_sharing_enabled":true,"_links":{"self":[{"href":"https:\/\/ofertacular.com\/index.php\/wp-json\/wp\/v2\/product\/4417","targetHints":{"allow":["GET"]}}],"collection":[{"href":"https:\/\/ofertacular.com\/index.php\/wp-json\/wp\/v2\/product"}],"about":[{"href":"https:\/\/ofertacular.com\/index.php\/wp-json\/wp\/v2\/types\/product"}],"wp:featuredmedia":[{"embeddable":true,"href":"https:\/\/ofertacular.com\/index.php\/wp-json\/wp\/v2\/media\/4416"}],"wp:attachment":[{"href":"https:\/\/ofertacular.com\/index.php\/wp-json\/wp\/v2\/media?parent=4417"}],"wp:term":[{"taxonomy":"store","embeddable":true,"href":"https:\/\/ofertacular.com\/index.php\/wp-json\/wp\/v2\/store?post=4417"},{"taxonomy":"product_brand","embeddable":true,"href":"https:\/\/ofertacular.com\/index.php\/wp-json\/wp\/v2\/product_brand?post=4417"},{"taxonomy":"product_cat","embeddable":true,"href":"https:\/\/ofertacular.com\/index.php\/wp-json\/wp\/v2\/product_cat?post=4417"},{"taxonomy":"product_tag","embeddable":true,"href":"https:\/\/ofertacular.com\/index.php\/wp-json\/wp\/v2\/product_tag?post=4417"}],"curies":[{"name":"wp","href":"https:\/\/api.w.org\/{rel}","templated":true}]}}