{"id":4435,"date":"2025-04-02T10:06:51","date_gmt":"2025-04-02T08:06:51","guid":{"rendered":"https:\/\/ofertacular.com\/index.php\/producto\/columbia-hiking-2\/"},"modified":"2025-04-02T10:06:51","modified_gmt":"2025-04-02T08:06:51","slug":"columbia-hiking-2","status":"publish","type":"product","link":"https:\/\/ofertacular.com\/index.php\/producto\/columbia-hiking-2\/","title":{"rendered":"Columbia Hiking"},"content":{"rendered":"<div class=\"oferta-container\">\n<p>\ud83d\udfe5 <b>GRAN OFERTA<\/b> \ud83d\udfe5 #Publicidad #Amazon #16<\/p>\n<p>\ud83d\udd34 <b>Senderismo Columbia <\/b><\/p>\n<p>\u2705 <b>AHORA 47.99 \u20ac<\/b> \u2714\ufe0f\ud83d\udfe1<\/p>\n<p>\u274c Antes 120.00 \u20ac<\/p>\n<p>\ud83d\uded2: <a href=\"https:\/\/btz.es\/4HmndwI\" target=\"_blank\" rel=\"nofollow noopener\">https:\/\/btz.es\/4HmndwI<\/a><\/p>\n<p>&#8211; La suela Adapt Trax proporciona una tracci\u00f3n excepcional en condiciones h\u00famedas y secas<br \/>\n&#8211; Sistema Omni-Max Plus: una entresuela Techlite+ dise\u00f1ada acuna el tal\u00f3n para un equilibrio \u00f3ptimo, mientras que las c\u00fapulas de desviaci\u00f3n en el antepi\u00e9 y el tal\u00f3n absorben el impacto, trabajando juntas para reducir el estr\u00e9s en el pie. Las ranuras flexibles profundas en el antepi\u00e9 ofrecen un movimiento mejorado que permite una zancada m\u00e1s eficiente<br \/>\n&#8211; Parte superior de malla t\u00e9cnica con superposiciones sin costuras para mayor durabilidad y apoyo. El sistema Navic Fit ofrece un bloqueo natural en el medio pie. Construcci\u00f3n transpirable impermeable Outdry.<\/p>\n<\/p><\/div>\n","protected":false},"excerpt":{"rendered":"<p>\ud83d\udfe5 GRAN OFERTA \ud83d\udfe5 #Publicidad #Amazon #16 \ud83d\udd34 Senderismo Columbia \u2705 AHORA 47.99 \u20ac \u2714\ufe0f\ud83d\udfe1 \u274c Antes 120.00 \u20ac \ud83d\uded2: https:\/\/btz.es\/4HmndwI &#8211; La suela Adapt Trax proporciona una tracci\u00f3n excepcional en condiciones h\u00famedas y secas &#8211; Sistema Omni-Max Plus: una entresuela Techlite+ dise\u00f1ada acuna el tal\u00f3n para un equilibrio \u00f3ptimo, mientras que las c\u00fapulas de [&hellip;]<\/p>\n","protected":false},"featured_media":4434,"template":"","meta":{"_gspb_post_css":""},"store":[],"product_brand":[],"product_cat":[16],"product_tag":[],"class_list":{"0":"post-4435","1":"product","2":"type-product","3":"status-publish","4":"has-post-thumbnail","6":"product_cat-sin-categorizar","8":"first","9":"instock","10":"sale","11":"shipping-taxable","12":"product-type-external"},"jetpack_sharing_enabled":true,"_links":{"self":[{"href":"https:\/\/ofertacular.com\/index.php\/wp-json\/wp\/v2\/product\/4435","targetHints":{"allow":["GET"]}}],"collection":[{"href":"https:\/\/ofertacular.com\/index.php\/wp-json\/wp\/v2\/product"}],"about":[{"href":"https:\/\/ofertacular.com\/index.php\/wp-json\/wp\/v2\/types\/product"}],"wp:featuredmedia":[{"embeddable":true,"href":"https:\/\/ofertacular.com\/index.php\/wp-json\/wp\/v2\/media\/4434"}],"wp:attachment":[{"href":"https:\/\/ofertacular.com\/index.php\/wp-json\/wp\/v2\/media?parent=4435"}],"wp:term":[{"taxonomy":"store","embeddable":true,"href":"https:\/\/ofertacular.com\/index.php\/wp-json\/wp\/v2\/store?post=4435"},{"taxonomy":"product_brand","embeddable":true,"href":"https:\/\/ofertacular.com\/index.php\/wp-json\/wp\/v2\/product_brand?post=4435"},{"taxonomy":"product_cat","embeddable":true,"href":"https:\/\/ofertacular.com\/index.php\/wp-json\/wp\/v2\/product_cat?post=4435"},{"taxonomy":"product_tag","embeddable":true,"href":"https:\/\/ofertacular.com\/index.php\/wp-json\/wp\/v2\/product_tag?post=4435"}],"curies":[{"name":"wp","href":"https:\/\/api.w.org\/{rel}","templated":true}]}}