{"id":4441,"date":"2025-04-02T12:51:08","date_gmt":"2025-04-02T10:51:08","guid":{"rendered":"https:\/\/ofertacular.com\/index.php\/producto\/1005007630974930\/"},"modified":"2025-04-02T12:51:08","modified_gmt":"2025-04-02T10:51:08","slug":"1005007630974930","status":"publish","type":"product","link":"https:\/\/ofertacular.com\/index.php\/producto\/1005007630974930\/","title":{"rendered":"Cama Hinchable"},"content":{"rendered":"<div class=\"oferta-container\">\n<p>\ud83d\udfe5 <b>\u00a1OFERT\u00d3N!<\/b> \ud83d\udfe5 #Publicidad #Amazon #<\/p>\n<p>\ud83d\udd34 <b>Cama Hinchable <\/b><\/p>\n<p>\u2705 <b>AHORA 12.84\u20ac \u20ac<\/b> \u2714\ufe0f\ud83d\udfe1<\/p>\n<p>\u274c Antes 14.95 \u20ac<\/p>\n<p>\ud83d\uded2: <a href=\"https:\/\/btz.es\/4HmSz0k\" target=\"_blank\" rel=\"nofollow noopener\">https:\/\/btz.es\/4HmSz0k<\/a><\/p>\n<p>La cama hinchable es una soluci\u00f3n perfecta para aquellos que buscan comodidad y conveniencia sin ocupar demasiado espacio en sus hogares. Dise\u00f1ada con materiales de alta calidad, esta cama inflable se infla r\u00e1pidamente con un simple compresor y puede desinflarse con la misma facilidad, permitiendo que la almacenar sea un proceso sin esfuerzo. Ideal para visitantes, viajes de camping o incluso como una opci\u00f3n de cama permanente en espacios reducidos, su estructura robusta garantiza soporte y estabilidad en todo momento.<\/p>\n<p>Con un dise\u00f1o ergon\u00f3mico, esta cama hinchable proporciona un confort \u00f3ptimo a lo largo de la noche, ayudando a alinear la columna vertebral y ofrecer un descanso reparador. Adem\u00e1s, su superficie suave y acolchada asegura que la experiencia de dormir sea placentera, mientras que su resistencia al agua y a desgarros la hace durable y adecuada para diversos usos, ya sea en interiores o exteriores.<\/p>\n<p>Optar por una cama hinchable significa elegir una opci\u00f3n vers\u00e1til y econ\u00f3mica. Su portabilidad permite que lleves contigo el confort donde sea que vayas. Ya sea en un viaje, una reuni\u00f3n familiar o simplemente para acomodar a un amigo que pasa la noche, se convierte en un aliado indispensable. No olvides consultar las medidas para asegurarte de que se adapte perfectamente a tus necesidades espaciales y considera la opci\u00f3n de una almohada hinchable para una experiencia de sue\u00f1o completa.<\/p>\n<p>Adem\u00e1s, busca siempre camas hinchables con garant\u00eda, ya que esto te asegura un producto de calidad que durar\u00e1 m\u00e1s all\u00e1 de unas cuantas noches. Con el cuidado y mantenimiento adecuado, tu cama hinchable puede convertirse en un activo valioso para tu hogar, facilitando el alojamiento de extra\u00f1os y el disfrute de descansos reparadores.<\/p>\n<\/p><\/div>\n","protected":false},"excerpt":{"rendered":"<p>\ud83d\udfe5 \u00a1OFERT\u00d3N! \ud83d\udfe5 #Publicidad #Amazon # \ud83d\udd34 Cama Hinchable \u2705 AHORA 12.84\u20ac \u20ac \u2714\ufe0f\ud83d\udfe1 \u274c Antes 14.95 \u20ac \ud83d\uded2: https:\/\/btz.es\/4HmSz0k La cama hinchable es una soluci\u00f3n perfecta para aquellos que buscan comodidad y conveniencia sin ocupar demasiado espacio en sus hogares. Dise\u00f1ada con materiales de alta calidad, esta cama inflable se infla r\u00e1pidamente con un [&hellip;]<\/p>\n","protected":false},"featured_media":4440,"template":"","meta":{"_gspb_post_css":""},"store":[],"product_brand":[],"product_cat":[16],"product_tag":[],"class_list":{"0":"post-4441","1":"product","2":"type-product","3":"status-publish","4":"has-post-thumbnail","6":"product_cat-sin-categorizar","8":"first","9":"instock","10":"shipping-taxable","11":"product-type-external"},"jetpack_sharing_enabled":true,"_links":{"self":[{"href":"https:\/\/ofertacular.com\/index.php\/wp-json\/wp\/v2\/product\/4441","targetHints":{"allow":["GET"]}}],"collection":[{"href":"https:\/\/ofertacular.com\/index.php\/wp-json\/wp\/v2\/product"}],"about":[{"href":"https:\/\/ofertacular.com\/index.php\/wp-json\/wp\/v2\/types\/product"}],"wp:featuredmedia":[{"embeddable":true,"href":"https:\/\/ofertacular.com\/index.php\/wp-json\/wp\/v2\/media\/4440"}],"wp:attachment":[{"href":"https:\/\/ofertacular.com\/index.php\/wp-json\/wp\/v2\/media?parent=4441"}],"wp:term":[{"taxonomy":"store","embeddable":true,"href":"https:\/\/ofertacular.com\/index.php\/wp-json\/wp\/v2\/store?post=4441"},{"taxonomy":"product_brand","embeddable":true,"href":"https:\/\/ofertacular.com\/index.php\/wp-json\/wp\/v2\/product_brand?post=4441"},{"taxonomy":"product_cat","embeddable":true,"href":"https:\/\/ofertacular.com\/index.php\/wp-json\/wp\/v2\/product_cat?post=4441"},{"taxonomy":"product_tag","embeddable":true,"href":"https:\/\/ofertacular.com\/index.php\/wp-json\/wp\/v2\/product_tag?post=4441"}],"curies":[{"name":"wp","href":"https:\/\/api.w.org\/{rel}","templated":true}]}}