{"id":4461,"date":"2025-04-03T08:05:06","date_gmt":"2025-04-03T06:05:06","guid":{"rendered":"https:\/\/ofertacular.com\/index.php\/producto\/amazon-basics-batteries-2\/"},"modified":"2025-04-03T08:05:06","modified_gmt":"2025-04-03T06:05:06","slug":"amazon-basics-batteries-2","status":"publish","type":"product","link":"https:\/\/ofertacular.com\/index.php\/producto\/amazon-basics-batteries-2\/","title":{"rendered":"Amazon Basics Batteries"},"content":{"rendered":"<div class=\"oferta-container\">\n<p>\ud83d\udfe5 <b>ES UN CHOLL\u00d3N<\/b> \ud83d\udfe5 #Publicidad #Amazon #16<\/p>\n<p>\ud83d\udd34 <b>Bater\u00edas Amazon <\/b><\/p>\n<p>\u2705 <b>AHORA 8.24 \u20ac<\/b> \u2714\ufe0f\ud83d\udfe1<\/p>\n<p>\u274c Antes 9.96 \u20ac<\/p>\n<p>\ud83d\uded2: <a href=\"https:\/\/btz.es\/4Hr8VaE\" target=\"_blank\" rel=\"nofollow noopener\">https:\/\/btz.es\/4Hr8VaE<\/a><\/p>\n<p>&#8211; Pilas alcalinas de alto rendimiento, perfectas para el uso diario en todos tus dispositivos<br \/>\n&#8211; El voluminoso paquete de 40 unidades ofrece una gran relaci\u00f3n calidad precio y se presenta en un pr\u00e1ctico embalaje reciclable. Ideal para usuarios de bater\u00edas industriales, de equipos originales y grandes vol\u00famenes<br \/>\n&#8211; Dise\u00f1o a prueba de fugas y de larga duraci\u00f3n con una vida \u00fatil de 5 a\u00f1os<br \/>\n&#8211; Aptas para luces de camping, luces auxiliares y de emergencia, grabadoras de sonido, sistemas de alarma, juguetes con control remoto, radios, reproductores de CD, meg\u00e1fonos y equipos m\u00e9dicos<br \/>\n&#8211; No contiene metales nocivos como cadmio, plomo o mercurio<\/p>\n<\/p><\/div>\n","protected":false},"excerpt":{"rendered":"<p>\ud83d\udfe5 ES UN CHOLL\u00d3N \ud83d\udfe5 #Publicidad #Amazon #16 \ud83d\udd34 Bater\u00edas Amazon \u2705 AHORA 8.24 \u20ac \u2714\ufe0f\ud83d\udfe1 \u274c Antes 9.96 \u20ac \ud83d\uded2: https:\/\/btz.es\/4Hr8VaE &#8211; Pilas alcalinas de alto rendimiento, perfectas para el uso diario en todos tus dispositivos &#8211; El voluminoso paquete de 40 unidades ofrece una gran relaci\u00f3n calidad precio y se presenta en un [&hellip;]<\/p>\n","protected":false},"featured_media":4460,"template":"","meta":{"_gspb_post_css":""},"store":[],"product_brand":[],"product_cat":[16],"product_tag":[],"class_list":{"0":"post-4461","1":"product","2":"type-product","3":"status-publish","4":"has-post-thumbnail","6":"product_cat-sin-categorizar","8":"first","9":"instock","10":"sale","11":"shipping-taxable","12":"product-type-external"},"jetpack_sharing_enabled":true,"_links":{"self":[{"href":"https:\/\/ofertacular.com\/index.php\/wp-json\/wp\/v2\/product\/4461","targetHints":{"allow":["GET"]}}],"collection":[{"href":"https:\/\/ofertacular.com\/index.php\/wp-json\/wp\/v2\/product"}],"about":[{"href":"https:\/\/ofertacular.com\/index.php\/wp-json\/wp\/v2\/types\/product"}],"wp:featuredmedia":[{"embeddable":true,"href":"https:\/\/ofertacular.com\/index.php\/wp-json\/wp\/v2\/media\/4460"}],"wp:attachment":[{"href":"https:\/\/ofertacular.com\/index.php\/wp-json\/wp\/v2\/media?parent=4461"}],"wp:term":[{"taxonomy":"store","embeddable":true,"href":"https:\/\/ofertacular.com\/index.php\/wp-json\/wp\/v2\/store?post=4461"},{"taxonomy":"product_brand","embeddable":true,"href":"https:\/\/ofertacular.com\/index.php\/wp-json\/wp\/v2\/product_brand?post=4461"},{"taxonomy":"product_cat","embeddable":true,"href":"https:\/\/ofertacular.com\/index.php\/wp-json\/wp\/v2\/product_cat?post=4461"},{"taxonomy":"product_tag","embeddable":true,"href":"https:\/\/ofertacular.com\/index.php\/wp-json\/wp\/v2\/product_tag?post=4461"}],"curies":[{"name":"wp","href":"https:\/\/api.w.org\/{rel}","templated":true}]}}