{"id":4563,"date":"2025-04-08T08:07:02","date_gmt":"2025-04-08T06:07:02","guid":{"rendered":"https:\/\/ofertacular.com\/index.php\/producto\/amazfit-bip-2\/"},"modified":"2025-04-08T08:07:02","modified_gmt":"2025-04-08T06:07:02","slug":"amazfit-bip-2","status":"publish","type":"product","link":"https:\/\/ofertacular.com\/index.php\/producto\/amazfit-bip-2\/","title":{"rendered":"AMAZFIT Bip"},"content":{"rendered":"<div class=\"oferta-container\">\n<p>\ud83d\udfe5 <b>SUPER OFERTA<\/b> \ud83d\udfe5 #Publicidad #Amazon #16<\/p>\n<p>\ud83d\udd34 <b>Reloj AMAZFIT <\/b><\/p>\n<p>\u2705 <b>AHORA 66.03 \u20ac<\/b> \u2714\ufe0f\ud83d\udfe1<\/p>\n<p>\u274c Antes 79.90 \u20ac<\/p>\n<p>\ud83d\uded2: <a href=\"https:\/\/btz.es\/4HKOcEC\" target=\"_blank\" rel=\"nofollow noopener\">https:\/\/btz.es\/4HKOcEC<\/a><\/p>\n<p>&#8211; DISE\u00d1O ELEGANTE, PANTALLA VIBRANTE: La ligera estructura de aluminio combina un estilo sencillo con la durabilidad del entrenamiento, mientras que la gran pantalla AMOLED de 1,97\u00bb permite leer f\u00e1cilmente los datos, incluso a plena luz del sol<br \/>\n&#8211; SEGUIMIENTO DE ACTIVIDAD TODO EN UNO: El reloj Amazfit Bip 6 ofrece m\u00e1s de 140 modos de entrenamiento, incluyendo HYROX Race, entrenamiento de fuerza y entrenamiento personalizado con inteligencia artificial, todo ello con una resistencia al agua de 50 metros<br \/>\n&#8211; HASTA 14 D\u00cdAS DE BATER\u00cdA: Disfruta de hasta dos semanas de bater\u00eda sin necesidad de cargarlo por la noche<br \/>\n&#8211; SEGUIMIENTO Y NAVEGACI\u00d3N GPS PRECISOS: Mant\u00e9n el rumbo con mapas descargables gratuitos e indicaciones giro a giro; incorpora 5 sistemas de sat\u00e9lites para garantizar un seguimiento preciso de cada movimiento<br \/>\n&#8211; MONITORIZACI\u00d3N DE LA SALUD 24\/7: Amazfit Bip 6 smartwatch proporciona un seguimiento preciso y en tiempo real de la frecuencia card\u00edaca, el sue\u00f1o, el ox\u00edgeno en la sangre y el estr\u00e9s, que le permite con ideas \u00fatiles para optimizar su salud y estado f\u00edsico<br \/>\n&#8211; APLICACI\u00d3N ZEPP: Su compa\u00f1ero para el seguimiento de la nutrici\u00f3n y el progreso de la aptitud, el an\u00e1lisis de tendencias, y obtener informaci\u00f3n de salud personalizada &#8211; todo en una aplicaci\u00f3n f\u00e1cil de usar<\/p>\n<\/p><\/div>\n","protected":false},"excerpt":{"rendered":"<p>\ud83d\udfe5 SUPER OFERTA \ud83d\udfe5 #Publicidad #Amazon #16 \ud83d\udd34 Reloj AMAZFIT \u2705 AHORA 66.03 \u20ac \u2714\ufe0f\ud83d\udfe1 \u274c Antes 79.90 \u20ac \ud83d\uded2: https:\/\/btz.es\/4HKOcEC &#8211; DISE\u00d1O ELEGANTE, PANTALLA VIBRANTE: La ligera estructura de aluminio combina un estilo sencillo con la durabilidad del entrenamiento, mientras que la gran pantalla AMOLED de 1,97\u00bb permite leer f\u00e1cilmente los datos, incluso a [&hellip;]<\/p>\n","protected":false},"featured_media":4562,"template":"","meta":{"_gspb_post_css":""},"store":[],"product_brand":[],"product_cat":[16],"product_tag":[],"class_list":{"0":"post-4563","1":"product","2":"type-product","3":"status-publish","4":"has-post-thumbnail","6":"product_cat-sin-categorizar","8":"first","9":"instock","10":"sale","11":"shipping-taxable","12":"product-type-external"},"jetpack_sharing_enabled":true,"_links":{"self":[{"href":"https:\/\/ofertacular.com\/index.php\/wp-json\/wp\/v2\/product\/4563","targetHints":{"allow":["GET"]}}],"collection":[{"href":"https:\/\/ofertacular.com\/index.php\/wp-json\/wp\/v2\/product"}],"about":[{"href":"https:\/\/ofertacular.com\/index.php\/wp-json\/wp\/v2\/types\/product"}],"wp:featuredmedia":[{"embeddable":true,"href":"https:\/\/ofertacular.com\/index.php\/wp-json\/wp\/v2\/media\/4562"}],"wp:attachment":[{"href":"https:\/\/ofertacular.com\/index.php\/wp-json\/wp\/v2\/media?parent=4563"}],"wp:term":[{"taxonomy":"store","embeddable":true,"href":"https:\/\/ofertacular.com\/index.php\/wp-json\/wp\/v2\/store?post=4563"},{"taxonomy":"product_brand","embeddable":true,"href":"https:\/\/ofertacular.com\/index.php\/wp-json\/wp\/v2\/product_brand?post=4563"},{"taxonomy":"product_cat","embeddable":true,"href":"https:\/\/ofertacular.com\/index.php\/wp-json\/wp\/v2\/product_cat?post=4563"},{"taxonomy":"product_tag","embeddable":true,"href":"https:\/\/ofertacular.com\/index.php\/wp-json\/wp\/v2\/product_tag?post=4563"}],"curies":[{"name":"wp","href":"https:\/\/api.w.org\/{rel}","templated":true}]}}