{"id":4633,"date":"2025-04-11T08:14:51","date_gmt":"2025-04-11T06:14:51","guid":{"rendered":"https:\/\/ofertacular.com\/index.php\/producto\/delta-cafes\/"},"modified":"2025-04-11T08:14:51","modified_gmt":"2025-04-11T06:14:51","slug":"delta-cafes","status":"publish","type":"product","link":"https:\/\/ofertacular.com\/index.php\/producto\/delta-cafes\/","title":{"rendered":"Delta Caf\u00e9s"},"content":{"rendered":"<div class=\"oferta-container\">\n<p>\ud83d\udfe5 <b>AHORRA AQU\u00cd<\/b> \ud83d\udfe5 #Publicidad #Amazon #16<\/p>\n<p>\ud83d\udd34 <b>Caf\u00e9s Delta <\/b><\/p>\n<p>\u2705 <b>AHORA 13.99 \u20ac<\/b> \u2714\ufe0f\ud83d\udfe1<\/p>\n<p>\u274c Antes 16.97 \u20ac<\/p>\n<p>\ud83d\uded2: <a href=\"https:\/\/btz.es\/4IcxAAK\" target=\"_blank\" rel=\"nofollow noopener\">https:\/\/btz.es\/4IcxAAK<\/a><\/p>\n<p>&#8211; DELTA CAF\u00c9S LOTE CH\u00c1VENA: Un caf\u00e9 equilibrado que combina ex\u00f3ticas variedades de caf\u00e9, con el que obtenemos una bebida de calidad excepcional<br \/>\n&#8211; PERFIL SENSORIAL: Se caracteriza por un sabor marcado y arom\u00e1tico, Aroma 6\/10, Cuerpo 8\/10, Acidez 6\/10, Intensidad 8\/10<br \/>\n&#8211; INSTRUCCIONES DE USO: Moler el caf\u00e9 con la graduaci\u00f3n preferida en funci\u00f3n del tipo de cafetera<br \/>\n&#8211; COMPATIBLE: Paquete de 1 unidad de 1 Kg para m\u00e1quinas de caf\u00e9 autom\u00e1ticas y molinillos de caf\u00e9<br \/>\n&#8211; CALIDAD DELTA CAF\u00c9S: La combinaci\u00f3n perfecta de productos provenientes de todas parte del mundo para traerte la mejor calidad de caf\u00e9 y bebidas calientes<\/p>\n<\/p><\/div>\n","protected":false},"excerpt":{"rendered":"<p>\ud83d\udfe5 AHORRA AQU\u00cd \ud83d\udfe5 #Publicidad #Amazon #16 \ud83d\udd34 Caf\u00e9s Delta \u2705 AHORA 13.99 \u20ac \u2714\ufe0f\ud83d\udfe1 \u274c Antes 16.97 \u20ac \ud83d\uded2: https:\/\/btz.es\/4IcxAAK &#8211; DELTA CAF\u00c9S LOTE CH\u00c1VENA: Un caf\u00e9 equilibrado que combina ex\u00f3ticas variedades de caf\u00e9, con el que obtenemos una bebida de calidad excepcional &#8211; PERFIL SENSORIAL: Se caracteriza por un sabor marcado y arom\u00e1tico, [&hellip;]<\/p>\n","protected":false},"featured_media":4632,"template":"","meta":{"_gspb_post_css":""},"store":[],"product_brand":[],"product_cat":[16],"product_tag":[],"class_list":{"0":"post-4633","1":"product","2":"type-product","3":"status-publish","4":"has-post-thumbnail","6":"product_cat-sin-categorizar","8":"first","9":"instock","10":"sale","11":"shipping-taxable","12":"product-type-external"},"jetpack_sharing_enabled":true,"_links":{"self":[{"href":"https:\/\/ofertacular.com\/index.php\/wp-json\/wp\/v2\/product\/4633","targetHints":{"allow":["GET"]}}],"collection":[{"href":"https:\/\/ofertacular.com\/index.php\/wp-json\/wp\/v2\/product"}],"about":[{"href":"https:\/\/ofertacular.com\/index.php\/wp-json\/wp\/v2\/types\/product"}],"wp:featuredmedia":[{"embeddable":true,"href":"https:\/\/ofertacular.com\/index.php\/wp-json\/wp\/v2\/media\/4632"}],"wp:attachment":[{"href":"https:\/\/ofertacular.com\/index.php\/wp-json\/wp\/v2\/media?parent=4633"}],"wp:term":[{"taxonomy":"store","embeddable":true,"href":"https:\/\/ofertacular.com\/index.php\/wp-json\/wp\/v2\/store?post=4633"},{"taxonomy":"product_brand","embeddable":true,"href":"https:\/\/ofertacular.com\/index.php\/wp-json\/wp\/v2\/product_brand?post=4633"},{"taxonomy":"product_cat","embeddable":true,"href":"https:\/\/ofertacular.com\/index.php\/wp-json\/wp\/v2\/product_cat?post=4633"},{"taxonomy":"product_tag","embeddable":true,"href":"https:\/\/ofertacular.com\/index.php\/wp-json\/wp\/v2\/product_tag?post=4633"}],"curies":[{"name":"wp","href":"https:\/\/api.w.org\/{rel}","templated":true}]}}