{"id":4664,"date":"2025-04-16T08:16:45","date_gmt":"2025-04-16T06:16:45","guid":{"rendered":"https:\/\/ofertacular.com\/index.php\/producto\/apple-watch\/"},"modified":"2025-04-16T08:16:45","modified_gmt":"2025-04-16T06:16:45","slug":"apple-watch","status":"publish","type":"product","link":"https:\/\/ofertacular.com\/index.php\/producto\/apple-watch\/","title":{"rendered":"Apple Watch"},"content":{"rendered":"<div class=\"oferta-container\">\n<p>\ud83d\udfe5 <b>EXCLUSIVO<\/b> \ud83d\udfe5 #Publicidad #Amazon #16<\/p>\n<p>\ud83d\udd34 <b>Reloj inteligente <\/b><\/p>\n<p>\u2705 <b>AHORA 375 \u20ac<\/b> \u2714\ufe0f\ud83d\udfe1<\/p>\n<p>\u274c Antes 449.00 \u20ac<\/p>\n<p>\ud83d\uded2: <a href=\"https:\/\/btz.es\/4I5CGTT\" target=\"_blank\" rel=\"nofollow noopener\">https:\/\/btz.es\/4I5CGTT<\/a><\/p>\n<p>&#8211; POR QU\u00c9 APPLE WATCH SERIES 10 \u2014 Pantalla hasta un 30 % m\u00e1s grande que la de los modelos anteriores.* M\u00e1s fino, ligero y c\u00f3modo.* Obt\u00e9n datos detallados con prestaciones de fitness y salud avanzadas.* Las prestaciones de seguridad te ofrecen ayuda cuando la necesitas.* C\u00e1rgalo sin perder tiempo y consigue un 80 % de bater\u00eda en unos 30 minutos.*<br \/>\n&#8211; INFORMACI\u00d3N AVANZADA SOBRE SALUD \u2014 Recibe notificaciones de frecuencia cardiaca alta o baja.* Consulta datos de salud nocturnos, como tu frecuencia cardiaca y respiratoria, con la app Constantes Vitales.* Comprueba c\u00f3mo has dormido y consulta datos de salud nocturnos, como tu frecuencia cardiaca y respiratoria, con la app Constantes Vitales.*<br \/>\n&#8211; EL MEJOR COMPA\u00d1ERO DE FITNESS \u2014 Mide todas tus formas de moverte y haz tu actividad f\u00edsica m\u00e1s tuya que nunca con los anillos de Actividad. Consulta m\u00e9tricas avanzadas para una gran variedad de actividades con la app Entreno. Controla la intensidad de tus entrenamientos con la prestaci\u00f3n Carga de Ejercicio. Para actividades acu\u00e1ticas: nuevo profund\u00edmetro y sensor de temperatura del agua. Adem\u00e1s, el Apple Watch viene con tres meses gratis de Apple Fitness+.*<br \/>\n&#8211; CONECTA CON TU MUNDO \u2014 Env\u00eda mensajes, contesta llamadas, escucha m\u00fasica y podcasts, usa Siri y recibe notificaciones est\u00e9s donde est\u00e9s. El Apple Watch Series 10 GPS funciona con tu iPhone o una red wifi para mantenerte en contacto con todo lo que te importa.<br \/>\n&#8211; PRESTACIONES DE SEGURIDAD INNOVADORAS \u2014 La detecci\u00f3n de ca\u00eddas y la detecci\u00f3n de accidentes llaman a los servicios de emergencia si sufres una ca\u00edda brusca o un accidente de coche grave. Emergencia SOS te permite solicitar ayuda con solo pulsar un bot\u00f3n.* La prestaci\u00f3n Aviso de Llegada avisa autom\u00e1ticamente a quien quieras cuando hayas llegado a tu destino.<br \/>\n&#8211; RESISTENCIA INCRE\u00cdBLE \u2014 Resistente a los golpes y el polvo certificaci\u00f3n IP6X. Y resistencia al agua de 50 m.*<br \/>\n&#8211; NEUTRO EN CARBONO \u2014 El Apple Watch Series 10 es neutro en carbono si se combina con ciertas correas. Inf\u00f3rmate sobre el compromiso de Apple con el medio ambiente en apple.com\/es\/2030.<br \/>\n&#8211; COMPATIBILIDAD TOTAL \u2014 El Apple Watch Series 10 se entiende a la perfecci\u00f3n con todos los dispositivos y servicios Apple.* Desbloquea el Mac autom\u00e1ticamente, mira la ubicaci\u00f3n y distancia aproximada de tu iPhone con B\u00fasqueda de Precisi\u00f3n si tienes un modelo compatible* y paga con Apple Pay.<br \/>\n&#8211; PERSONALIZACI\u00d3N SENCILLA \u2014 Tienes una gran variedad de modelos, materiales y colores para elegir, con esferas personalizadas para que cambies de estilo seg\u00fan la ocasi\u00f3n.<br \/>\n&#8211; * AVISOS LEGALES \u2014 Esto es un resumen de las principales prestaciones del producto.<\/p>\n<\/p><\/div>\n","protected":false},"excerpt":{"rendered":"<p>\ud83d\udfe5 EXCLUSIVO \ud83d\udfe5 #Publicidad #Amazon #16 \ud83d\udd34 Reloj inteligente \u2705 AHORA 375 \u20ac \u2714\ufe0f\ud83d\udfe1 \u274c Antes 449.00 \u20ac \ud83d\uded2: https:\/\/btz.es\/4I5CGTT &#8211; POR QU\u00c9 APPLE WATCH SERIES 10 \u2014 Pantalla hasta un 30 % m\u00e1s grande que la de los modelos anteriores.* M\u00e1s fino, ligero y c\u00f3modo.* Obt\u00e9n datos detallados con prestaciones de fitness y salud [&hellip;]<\/p>\n","protected":false},"featured_media":4663,"template":"","meta":{"_gspb_post_css":""},"store":[],"product_brand":[],"product_cat":[16],"product_tag":[],"class_list":{"0":"post-4664","1":"product","2":"type-product","3":"status-publish","4":"has-post-thumbnail","6":"product_cat-sin-categorizar","8":"first","9":"instock","10":"sale","11":"shipping-taxable","12":"product-type-external"},"jetpack_sharing_enabled":true,"_links":{"self":[{"href":"https:\/\/ofertacular.com\/index.php\/wp-json\/wp\/v2\/product\/4664","targetHints":{"allow":["GET"]}}],"collection":[{"href":"https:\/\/ofertacular.com\/index.php\/wp-json\/wp\/v2\/product"}],"about":[{"href":"https:\/\/ofertacular.com\/index.php\/wp-json\/wp\/v2\/types\/product"}],"wp:featuredmedia":[{"embeddable":true,"href":"https:\/\/ofertacular.com\/index.php\/wp-json\/wp\/v2\/media\/4663"}],"wp:attachment":[{"href":"https:\/\/ofertacular.com\/index.php\/wp-json\/wp\/v2\/media?parent=4664"}],"wp:term":[{"taxonomy":"store","embeddable":true,"href":"https:\/\/ofertacular.com\/index.php\/wp-json\/wp\/v2\/store?post=4664"},{"taxonomy":"product_brand","embeddable":true,"href":"https:\/\/ofertacular.com\/index.php\/wp-json\/wp\/v2\/product_brand?post=4664"},{"taxonomy":"product_cat","embeddable":true,"href":"https:\/\/ofertacular.com\/index.php\/wp-json\/wp\/v2\/product_cat?post=4664"},{"taxonomy":"product_tag","embeddable":true,"href":"https:\/\/ofertacular.com\/index.php\/wp-json\/wp\/v2\/product_tag?post=4664"}],"curies":[{"name":"wp","href":"https:\/\/api.w.org\/{rel}","templated":true}]}}