{"id":4700,"date":"2025-04-18T07:29:16","date_gmt":"2025-04-18T05:29:16","guid":{"rendered":"https:\/\/ofertacular.com\/index.php\/producto\/calvin-klein-sneakers\/"},"modified":"2025-04-18T07:29:16","modified_gmt":"2025-04-18T05:29:16","slug":"calvin-klein-sneakers","status":"publish","type":"product","link":"https:\/\/ofertacular.com\/index.php\/producto\/calvin-klein-sneakers\/","title":{"rendered":"Calvin Klein Sneakers"},"content":{"rendered":"<div class=\"oferta-container\">\n<p>\ud83d\udfe5 <b>DESCUENTAZO<\/b> \ud83d\udfe5 #Publicidad #Amazon #16<\/p>\n<p>\ud83d\udd34 <b>Sneakers Calvin Klein <\/b><\/p>\n<p>\u2705 <b>AHORA 44 \u20ac<\/b> \u2714\ufe0f\ud83d\udfe1<\/p>\n<p>\u274c Antes 89.90 \u20ac<\/p>\n<p>\ud83d\uded2: <a href=\"https:\/\/btz.es\/4IHhNjO\" target=\"_blank\" rel=\"nofollow noopener\">https:\/\/btz.es\/4IHhNjO<\/a><\/p>\n<p>&#8211; DISE\u00d1O : Estas elegantes zapatillas con suela cupsole y cordones convencen por su dise\u00f1o estilizado y su material de calidad Los detalles distintivos de Calvin Klein completan el look de este calzado<br \/>\n&#8211; AJUSTE ADECUADO: Las zapatillas sneakers originales de Calvin Klein son superllamativas y se adaptan adecuado al pie Gracias a su c\u00f3moda plantilla de gomaespuma son superc\u00f3modas de llevar<br \/>\n&#8211; FAVORECEDOR Y PR\u00c1CTICO: Las zapatillas de plataforma combinan a la con todo tipo de conjuntos informales, pero tambi\u00e9n con looks m\u00e1s chic El material de calidad garantiza mucha comodidad durante todo el d\u00eda<br \/>\n&#8211; MATERIAL DE CALIDAD: El material exterior est\u00e1 compuesto por 60 % algod\u00f3n reciclado y 40 % algod\u00f3n<br \/>\n&#8211; EMOCIONANTE Y CLARO: La marca de moda Calvin Klein, fundada en 1968, es conocida por su singular look y lleva conquistando el mundo de la moda desde entonces La marca americana apuesta por una est\u00e9tica minimalista<\/p>\n<\/p><\/div>\n","protected":false},"excerpt":{"rendered":"<p>\ud83d\udfe5 DESCUENTAZO \ud83d\udfe5 #Publicidad #Amazon #16 \ud83d\udd34 Sneakers Calvin Klein \u2705 AHORA 44 \u20ac \u2714\ufe0f\ud83d\udfe1 \u274c Antes 89.90 \u20ac \ud83d\uded2: https:\/\/btz.es\/4IHhNjO &#8211; DISE\u00d1O : Estas elegantes zapatillas con suela cupsole y cordones convencen por su dise\u00f1o estilizado y su material de calidad Los detalles distintivos de Calvin Klein completan el look de este calzado &#8211; [&hellip;]<\/p>\n","protected":false},"featured_media":4699,"template":"","meta":{"_gspb_post_css":""},"store":[],"product_brand":[],"product_cat":[16],"product_tag":[],"class_list":{"0":"post-4700","1":"product","2":"type-product","3":"status-publish","4":"has-post-thumbnail","6":"product_cat-sin-categorizar","8":"first","9":"instock","10":"sale","11":"shipping-taxable","12":"product-type-external"},"jetpack_sharing_enabled":true,"_links":{"self":[{"href":"https:\/\/ofertacular.com\/index.php\/wp-json\/wp\/v2\/product\/4700","targetHints":{"allow":["GET"]}}],"collection":[{"href":"https:\/\/ofertacular.com\/index.php\/wp-json\/wp\/v2\/product"}],"about":[{"href":"https:\/\/ofertacular.com\/index.php\/wp-json\/wp\/v2\/types\/product"}],"wp:featuredmedia":[{"embeddable":true,"href":"https:\/\/ofertacular.com\/index.php\/wp-json\/wp\/v2\/media\/4699"}],"wp:attachment":[{"href":"https:\/\/ofertacular.com\/index.php\/wp-json\/wp\/v2\/media?parent=4700"}],"wp:term":[{"taxonomy":"store","embeddable":true,"href":"https:\/\/ofertacular.com\/index.php\/wp-json\/wp\/v2\/store?post=4700"},{"taxonomy":"product_brand","embeddable":true,"href":"https:\/\/ofertacular.com\/index.php\/wp-json\/wp\/v2\/product_brand?post=4700"},{"taxonomy":"product_cat","embeddable":true,"href":"https:\/\/ofertacular.com\/index.php\/wp-json\/wp\/v2\/product_cat?post=4700"},{"taxonomy":"product_tag","embeddable":true,"href":"https:\/\/ofertacular.com\/index.php\/wp-json\/wp\/v2\/product_tag?post=4700"}],"curies":[{"name":"wp","href":"https:\/\/api.w.org\/{rel}","templated":true}]}}