{"id":4702,"date":"2025-04-18T07:42:50","date_gmt":"2025-04-18T05:42:50","guid":{"rendered":"https:\/\/ofertacular.com\/index.php\/producto\/sonny-corleone-figure\/"},"modified":"2025-04-18T07:42:50","modified_gmt":"2025-04-18T05:42:50","slug":"sonny-corleone-figure","status":"publish","type":"product","link":"https:\/\/ofertacular.com\/index.php\/producto\/sonny-corleone-figure\/","title":{"rendered":"Sonny Corleone Figure"},"content":{"rendered":"<div class=\"oferta-container\">\ud83d\udfea <b>EXCLUSIVO<\/b> \ud83d\udfea #Publicidad #Amazon\ud83d\udfe3 <b> Funko POP! Movies: The Godfather Sonny Corleone<\/b> \u2705 <b>AHORA 6.42 \u20ac<\/b> \u2714\ufe0f\ud83d\udfe1\u274c Antes 16.00 \u20ac \u20ac \ud83d\uded2: https:\/\/btz.es\/4IHlmZl\ud83d\udfe2 Ofertacular.com<\/p>\n<p>&#8211; TAMA\u00d1O IDEAL PARA COLECCIONAR &#8211; Con una altura aproximada de 9,5 cm, esta mini figurita de vinilo complementa otros art\u00edculos de colecci\u00f3n y encaja perfectamente en tu vitrina o en tu escritorio.<br \/>\n&#8211; MATERIAL DE VINILO DE PRIMERA CALIDAD &#8211; Fabricado en vinilo duradero de alta calidad, este coleccionable est\u00e1 hecho para durar y soportar el desgaste diario, garantizando un disfrute duradero tanto para los fans como para los coleccionistas.<br \/>\n&#8211; REGALO PERFECTO PARA LOS FANS DE GODFATHER &#8211; Ideal para fiestas, cumplea\u00f1os u ocasiones especiales y como regalo esta exclusiva figurita es un complemento imprescindible en cualquier colecci\u00f3n de merchandising de Godfather<br \/>\n&#8211; AMPL\u00cdA TU COLECCI\u00d3N &#8211; A\u00f1ade esta pieza de exhibici\u00f3n de vinilo Sonny Corleone \u00fanica a tu creciente surtido de figuras Funko Pop! y busca otros art\u00edculos coleccionables raros y exclusivos para tener un conjunto completo<br \/>\n&#8211; MARCA L\u00cdDER EN CULTURA POP &#8211; Conf\u00eda en la experiencia de Funko, el principal creador de art\u00edculos de cultura pop que incluye figuras de vinilo, juguetes de acci\u00f3n, peluches, ropa, juegos de mesa y mucho m\u00e1s.<br \/>\n&#8211; VARIANTE LIMITADA DE CHASE &#8211; Tienes una oportunidad de recibir una figura rara de variante Chase, solo 1 de cada 6 son raros, lo que convierte a esta figura Funko Pop! en una emocionante adici\u00f3n para los coleccionistas que buscan art\u00edculos \u00fanicos.<\/p>\n<\/div>\n","protected":false},"excerpt":{"rendered":"<p>\ud83d\udfea EXCLUSIVO \ud83d\udfea #Publicidad #Amazon\ud83d\udfe3 Funko POP! Movies: The Godfather Sonny Corleone \u2705 AHORA 6.42 \u20ac \u2714\ufe0f\ud83d\udfe1\u274c Antes 16.00 \u20ac \u20ac \ud83d\uded2: https:\/\/btz.es\/4IHlmZl\ud83d\udfe2 Ofertacular.com &#8211; TAMA\u00d1O IDEAL PARA COLECCIONAR &#8211; Con una altura aproximada de 9,5 cm, esta mini figurita de vinilo complementa otros art\u00edculos de colecci\u00f3n y encaja perfectamente en tu vitrina o en [&hellip;]<\/p>\n","protected":false},"featured_media":4701,"template":"","meta":{"_gspb_post_css":""},"store":[],"product_brand":[],"product_cat":[16],"product_tag":[],"class_list":{"0":"post-4702","1":"product","2":"type-product","3":"status-publish","4":"has-post-thumbnail","6":"product_cat-sin-categorizar","8":"first","9":"instock","10":"sale","11":"shipping-taxable","12":"product-type-external"},"jetpack_sharing_enabled":true,"_links":{"self":[{"href":"https:\/\/ofertacular.com\/index.php\/wp-json\/wp\/v2\/product\/4702","targetHints":{"allow":["GET"]}}],"collection":[{"href":"https:\/\/ofertacular.com\/index.php\/wp-json\/wp\/v2\/product"}],"about":[{"href":"https:\/\/ofertacular.com\/index.php\/wp-json\/wp\/v2\/types\/product"}],"wp:featuredmedia":[{"embeddable":true,"href":"https:\/\/ofertacular.com\/index.php\/wp-json\/wp\/v2\/media\/4701"}],"wp:attachment":[{"href":"https:\/\/ofertacular.com\/index.php\/wp-json\/wp\/v2\/media?parent=4702"}],"wp:term":[{"taxonomy":"store","embeddable":true,"href":"https:\/\/ofertacular.com\/index.php\/wp-json\/wp\/v2\/store?post=4702"},{"taxonomy":"product_brand","embeddable":true,"href":"https:\/\/ofertacular.com\/index.php\/wp-json\/wp\/v2\/product_brand?post=4702"},{"taxonomy":"product_cat","embeddable":true,"href":"https:\/\/ofertacular.com\/index.php\/wp-json\/wp\/v2\/product_cat?post=4702"},{"taxonomy":"product_tag","embeddable":true,"href":"https:\/\/ofertacular.com\/index.php\/wp-json\/wp\/v2\/product_tag?post=4702"}],"curies":[{"name":"wp","href":"https:\/\/api.w.org\/{rel}","templated":true}]}}