{"id":4781,"date":"2025-04-21T13:38:32","date_gmt":"2025-04-21T11:38:32","guid":{"rendered":"https:\/\/ofertacular.com\/index.php\/producto\/bach-vina\/"},"modified":"2025-04-21T13:38:32","modified_gmt":"2025-04-21T11:38:32","slug":"bach-vina","status":"publish","type":"product","link":"https:\/\/ofertacular.com\/index.php\/producto\/bach-vina\/","title":{"rendered":"BACH Vi\u00f1a"},"content":{"rendered":"<div class=\"oferta-container\">\n<p>\ud83d\udfe5 <b>\u00a1S\u00d3LO HOY!<\/b> \ud83d\udfe5 #Publicidad #Amazon #16<\/p>\n<p>\ud83d\udd34 <b>Vino BACH <\/b><\/p>\n<p>\u2705 <b>AHORA 22.68 \u20ac<\/b> \u2714\ufe0f\ud83d\udfe1<\/p>\n<p>\u274c Antes 32.10 \u20ac<\/p>\n<p>\ud83d\uded2: <a href=\"https:\/\/btz.es\/4Jaku9H\" target=\"_blank\" rel=\"nofollow noopener\">https:\/\/btz.es\/4Jaku9H<\/a><\/p>\n<p>&#8211; Varietales: Xarel\u00b7lo y Macabeo.<br \/>\n&#8211; Nota de cata vista: Amarillo brillante con reflejos dorados.<br \/>\n&#8211; Nota de cata boca: Envolvente y dulce con sabores a frutas confitadas, miel con notas.<br \/>\n&#8211; Nota de cata nariz: aromas a miel, orejones, vainilla, piel de naranja de confitada,con notas especias dulces y frutos secos.<br \/>\n&#8211; Se espera alcance su m\u00e1xima evoluci\u00f3n en dos a\u00f1os, manteni\u00e9ndose en buen estado durante 5 a\u00f1os. Temperatura \u00f3ptima de servicio: 8-12\u00baC.<\/p>\n<\/p><\/div>\n","protected":false},"excerpt":{"rendered":"<p>\ud83d\udfe5 \u00a1S\u00d3LO HOY! \ud83d\udfe5 #Publicidad #Amazon #16 \ud83d\udd34 Vino BACH \u2705 AHORA 22.68 \u20ac \u2714\ufe0f\ud83d\udfe1 \u274c Antes 32.10 \u20ac \ud83d\uded2: https:\/\/btz.es\/4Jaku9H &#8211; Varietales: Xarel\u00b7lo y Macabeo. &#8211; Nota de cata vista: Amarillo brillante con reflejos dorados. &#8211; Nota de cata boca: Envolvente y dulce con sabores a frutas confitadas, miel con notas. &#8211; Nota de [&hellip;]<\/p>\n","protected":false},"featured_media":4780,"template":"","meta":{"_gspb_post_css":""},"store":[],"product_brand":[],"product_cat":[16],"product_tag":[],"class_list":{"0":"post-4781","1":"product","2":"type-product","3":"status-publish","4":"has-post-thumbnail","6":"product_cat-sin-categorizar","8":"first","9":"instock","10":"sale","11":"shipping-taxable","12":"product-type-external"},"jetpack_sharing_enabled":true,"_links":{"self":[{"href":"https:\/\/ofertacular.com\/index.php\/wp-json\/wp\/v2\/product\/4781","targetHints":{"allow":["GET"]}}],"collection":[{"href":"https:\/\/ofertacular.com\/index.php\/wp-json\/wp\/v2\/product"}],"about":[{"href":"https:\/\/ofertacular.com\/index.php\/wp-json\/wp\/v2\/types\/product"}],"wp:featuredmedia":[{"embeddable":true,"href":"https:\/\/ofertacular.com\/index.php\/wp-json\/wp\/v2\/media\/4780"}],"wp:attachment":[{"href":"https:\/\/ofertacular.com\/index.php\/wp-json\/wp\/v2\/media?parent=4781"}],"wp:term":[{"taxonomy":"store","embeddable":true,"href":"https:\/\/ofertacular.com\/index.php\/wp-json\/wp\/v2\/store?post=4781"},{"taxonomy":"product_brand","embeddable":true,"href":"https:\/\/ofertacular.com\/index.php\/wp-json\/wp\/v2\/product_brand?post=4781"},{"taxonomy":"product_cat","embeddable":true,"href":"https:\/\/ofertacular.com\/index.php\/wp-json\/wp\/v2\/product_cat?post=4781"},{"taxonomy":"product_tag","embeddable":true,"href":"https:\/\/ofertacular.com\/index.php\/wp-json\/wp\/v2\/product_tag?post=4781"}],"curies":[{"name":"wp","href":"https:\/\/api.w.org\/{rel}","templated":true}]}}