{"id":4819,"date":"2025-04-22T08:32:55","date_gmt":"2025-04-22T06:32:55","guid":{"rendered":"https:\/\/ofertacular.com\/index.php\/producto\/cleopatre-glue\/"},"modified":"2025-04-22T08:32:55","modified_gmt":"2025-04-22T06:32:55","slug":"cleopatre-glue","status":"publish","type":"product","link":"https:\/\/ofertacular.com\/index.php\/producto\/cleopatre-glue\/","title":{"rendered":"Cleopatre Glue"},"content":{"rendered":"<div class=\"oferta-container\">\n<p>\ud83d\udfe5 <b>SUPER OFERTA<\/b> \ud83d\udfe5 #Publicidad #Amazon #16<\/p>\n<p>\ud83d\udd34 <b>Pegamento <\/b><\/p>\n<p>\u2705 <b>AHORA 8.12 \u20ac<\/b> \u2714\ufe0f\ud83d\udfe1<\/p>\n<p>\u274c Antes 10.54 \u20ac<\/p>\n<p>\ud83d\uded2: <a href=\"https:\/\/btz.es\/4JeLULV\" target=\"_blank\" rel=\"nofollow noopener\">https:\/\/btz.es\/4JeLULV<\/a><\/p>\n<p>&#8211; La siguiente informaci\u00f3n se aplica a cada unidad del paquete<br \/>\n&#8211; \ud83d\udc9a El Pegamento Transparente \u00abTransparent Glue Refill\u00bb es un pegamento transparente econ\u00f3mico, en formato de 1 kg que se puede equipar con una bomba dedicada. Se puede utilizar para rellenar todos los tama\u00f1os peque\u00f1os de cola transparente: CT20SC \u2013 CT50SC \u2013 CT70E &#8211; AD25E \u2013 AD70X \u2013 AD70E \u2013AD70M \u2013 AD125X \u2013 AD110P.<br \/>\n&#8211; \ud83d\udc4d Ofrece una aplicaci\u00f3n f\u00e1cil, precisa y homog\u00e9nea, y asegura un pegado pr\u00e1ctico, limpio y sin rayas. Su formulaci\u00f3n le permite adherirse al papel y cart\u00f3n sin que se encrespe.<br \/>\n&#8211; \ud83e\udde1 Sans solvant, cette colle se r\u00e9v\u00e8lera un outil utile et s\u00e9curis\u00e9 pour les enfants qui l\u2019utiliseront.<br \/>\n&#8211; \u2795 El pegamento transparente se puede limpiar con agua jabonosa tibia y se lava f\u00e1cilmente en la ropa.<\/p>\n<\/p><\/div>\n","protected":false},"excerpt":{"rendered":"<p>\ud83d\udfe5 SUPER OFERTA \ud83d\udfe5 #Publicidad #Amazon #16 \ud83d\udd34 Pegamento \u2705 AHORA 8.12 \u20ac \u2714\ufe0f\ud83d\udfe1 \u274c Antes 10.54 \u20ac \ud83d\uded2: https:\/\/btz.es\/4JeLULV &#8211; La siguiente informaci\u00f3n se aplica a cada unidad del paquete &#8211; \ud83d\udc9a El Pegamento Transparente \u00abTransparent Glue Refill\u00bb es un pegamento transparente econ\u00f3mico, en formato de 1 kg que se puede equipar con una [&hellip;]<\/p>\n","protected":false},"featured_media":4818,"template":"","meta":{"_gspb_post_css":""},"store":[],"product_brand":[],"product_cat":[16],"product_tag":[],"class_list":{"0":"post-4819","1":"product","2":"type-product","3":"status-publish","4":"has-post-thumbnail","6":"product_cat-sin-categorizar","8":"first","9":"instock","10":"sale","11":"shipping-taxable","12":"product-type-external"},"jetpack_sharing_enabled":true,"_links":{"self":[{"href":"https:\/\/ofertacular.com\/index.php\/wp-json\/wp\/v2\/product\/4819","targetHints":{"allow":["GET"]}}],"collection":[{"href":"https:\/\/ofertacular.com\/index.php\/wp-json\/wp\/v2\/product"}],"about":[{"href":"https:\/\/ofertacular.com\/index.php\/wp-json\/wp\/v2\/types\/product"}],"wp:featuredmedia":[{"embeddable":true,"href":"https:\/\/ofertacular.com\/index.php\/wp-json\/wp\/v2\/media\/4818"}],"wp:attachment":[{"href":"https:\/\/ofertacular.com\/index.php\/wp-json\/wp\/v2\/media?parent=4819"}],"wp:term":[{"taxonomy":"store","embeddable":true,"href":"https:\/\/ofertacular.com\/index.php\/wp-json\/wp\/v2\/store?post=4819"},{"taxonomy":"product_brand","embeddable":true,"href":"https:\/\/ofertacular.com\/index.php\/wp-json\/wp\/v2\/product_brand?post=4819"},{"taxonomy":"product_cat","embeddable":true,"href":"https:\/\/ofertacular.com\/index.php\/wp-json\/wp\/v2\/product_cat?post=4819"},{"taxonomy":"product_tag","embeddable":true,"href":"https:\/\/ofertacular.com\/index.php\/wp-json\/wp\/v2\/product_tag?post=4819"}],"curies":[{"name":"wp","href":"https:\/\/api.w.org\/{rel}","templated":true}]}}