{"id":4827,"date":"2025-04-22T10:23:15","date_gmt":"2025-04-22T08:23:15","guid":{"rendered":"https:\/\/ofertacular.com\/index.php\/producto\/eureka-whirlwind\/"},"modified":"2025-04-22T10:23:15","modified_gmt":"2025-04-22T08:23:15","slug":"eureka-whirlwind","status":"publish","type":"product","link":"https:\/\/ofertacular.com\/index.php\/producto\/eureka-whirlwind\/","title":{"rendered":"Eureka WhirlWind"},"content":{"rendered":"<div class=\"oferta-container\">\n<p>\ud83d\udfe5 <b>GRAN OFERTA<\/b> \ud83d\udfe5 #Publicidad #Amazon #16<\/p>\n<p>\ud83d\udd34 <b>Aspiradora Compacta <\/b><\/p>\n<p>\u2705 <b>AHORA 59.99 \u20ac<\/b> \u2714\ufe0f\ud83d\udfe1<\/p>\n<p>\u274c Antes 69.00 \u20ac<\/p>\n<p>\ud83d\uded2: <a href=\"https:\/\/btz.es\/4JfnHmq\" target=\"_blank\" rel=\"nofollow noopener\">https:\/\/btz.es\/4JfnHmq<\/a><\/p>\n<p>&#8211; Potente succi\u00f3nEsta aspiradora Eureka Whirlwind Canister cuenta con un potente motor de 700W y tecnolog\u00eda multi-cicl\u00f3n para una limpieza profunda, Los controles de flujo de aire est\u00e1n integrados en el mango para un f\u00e1cil cambio entre 3 configuraciones: alfombras, tapicer\u00eda y suelos duros<br \/>\n&#8211; Ligero con cepillo de polvo vers\u00e1til 2 en 1La aspiradora Eureka Whirlwind es ligera, pesa menos de 3,7 kg y cuenta con direcci\u00f3n giratoria para una f\u00e1cil maniobrabilidad debajo y alrededor de los muebles y escaleras, Viene con un cepillo de polvo vers\u00e1til 2 en 1 para limpiar diferentes \u00e1reas de la casa<br \/>\n&#8211; Tubo extensible para un alcance f\u00e1cilLa aspiradora cil\u00edndrica sin bolsa Whirlwind hace que sea f\u00e1cil limpiar debajo y alrededor de los muebles, Su tubo extensible le permite alcanzar incluso \u00e1reas y decoraci\u00f3n de dif\u00edcil acceso<br \/>\n&#8211; Ligero y f\u00e1cil maniobrabilidadLa aspiradora Eureka Whirlwind cuenta con una bobina de cable autom\u00e1tica, eliminando los problemas de enredos y ahorrando tiempo, Viene con un cable de alimentaci\u00f3n de 5m y una taza de recolecci\u00f3n de polvo f\u00e1cil de vaciar<br \/>\n&#8211; Dise\u00f1o compacto y contenedor de polvo de 1,5 litrosLa aspiradora cil\u00edndrica Whirlwind est\u00e1 dise\u00f1ada para la comodidad y el almacenamiento, con una taza de polvo de 1,5 litros, un filtro sin bolsa y un dise\u00f1o de filtro lavable, No hay costos adicionales para la sustituci\u00f3n de la bolsa de polvo o el filtro<\/p>\n<\/p><\/div>\n","protected":false},"excerpt":{"rendered":"<p>\ud83d\udfe5 GRAN OFERTA \ud83d\udfe5 #Publicidad #Amazon #16 \ud83d\udd34 Aspiradora Compacta \u2705 AHORA 59.99 \u20ac \u2714\ufe0f\ud83d\udfe1 \u274c Antes 69.00 \u20ac \ud83d\uded2: https:\/\/btz.es\/4JfnHmq &#8211; Potente succi\u00f3nEsta aspiradora Eureka Whirlwind Canister cuenta con un potente motor de 700W y tecnolog\u00eda multi-cicl\u00f3n para una limpieza profunda, Los controles de flujo de aire est\u00e1n integrados en el mango para un [&hellip;]<\/p>\n","protected":false},"featured_media":4826,"template":"","meta":{"_gspb_post_css":""},"store":[],"product_brand":[],"product_cat":[16],"product_tag":[],"class_list":{"0":"post-4827","1":"product","2":"type-product","3":"status-publish","4":"has-post-thumbnail","6":"product_cat-sin-categorizar","8":"first","9":"instock","10":"sale","11":"shipping-taxable","12":"product-type-external"},"jetpack_sharing_enabled":true,"_links":{"self":[{"href":"https:\/\/ofertacular.com\/index.php\/wp-json\/wp\/v2\/product\/4827","targetHints":{"allow":["GET"]}}],"collection":[{"href":"https:\/\/ofertacular.com\/index.php\/wp-json\/wp\/v2\/product"}],"about":[{"href":"https:\/\/ofertacular.com\/index.php\/wp-json\/wp\/v2\/types\/product"}],"wp:featuredmedia":[{"embeddable":true,"href":"https:\/\/ofertacular.com\/index.php\/wp-json\/wp\/v2\/media\/4826"}],"wp:attachment":[{"href":"https:\/\/ofertacular.com\/index.php\/wp-json\/wp\/v2\/media?parent=4827"}],"wp:term":[{"taxonomy":"store","embeddable":true,"href":"https:\/\/ofertacular.com\/index.php\/wp-json\/wp\/v2\/store?post=4827"},{"taxonomy":"product_brand","embeddable":true,"href":"https:\/\/ofertacular.com\/index.php\/wp-json\/wp\/v2\/product_brand?post=4827"},{"taxonomy":"product_cat","embeddable":true,"href":"https:\/\/ofertacular.com\/index.php\/wp-json\/wp\/v2\/product_cat?post=4827"},{"taxonomy":"product_tag","embeddable":true,"href":"https:\/\/ofertacular.com\/index.php\/wp-json\/wp\/v2\/product_tag?post=4827"}],"curies":[{"name":"wp","href":"https:\/\/api.w.org\/{rel}","templated":true}]}}