{"id":4833,"date":"2025-04-22T10:44:30","date_gmt":"2025-04-22T08:44:30","guid":{"rendered":"https:\/\/ofertacular.com\/index.php\/producto\/botella-bambi\/"},"modified":"2025-04-22T10:44:30","modified_gmt":"2025-04-22T08:44:30","slug":"botella-bambi","status":"publish","type":"product","link":"https:\/\/ofertacular.com\/index.php\/producto\/botella-bambi\/","title":{"rendered":"Botella Bambi"},"content":{"rendered":"<div class=\"oferta-container\">\n<p>\ud83d\udfe5 <b>\u00a1NO TE LA PIERDAS!<\/b> \ud83d\udfe5 #Publicidad #Amazon #16<\/p>\n<p>\ud83d\udd34 <b>Botella Bambi <\/b><\/p>\n<p>\u2705 <b>AHORA 4.72 \u20ac<\/b> \u2714\ufe0f\ud83d\udfe1<\/p>\n<p>\u274c Antes 8.99 \u20ac<\/p>\n<p>\ud83d\uded2: <a href=\"https:\/\/btz.es\/4JftcN0\" target=\"_blank\" rel=\"nofollow noopener\">https:\/\/btz.es\/4JftcN0<\/a><\/p>\n<p>&#8211; Elegante botella reutilizable y decorada con elegantes dise\u00f1os basados en algunos de los personajes m\u00e1s representativos del mundo del cine. Dispone de un tap\u00f3n de rosca met\u00e1lico para evitar derrames accidentales. Ideal para llevar tu bebida favorita all\u00e1 donde vayas o para que la tengas siempre disponible en tu lugar de trabajo o estudio habitual. &#8211; Libre de BPA &#8211; Capacidad: 850 ml &#8211; Licencias Oficiales<br \/>\n&#8211; Todos los productos de la marca Stor son reutilizables, est\u00e1n libres de BPA y han pasado los tests requeridos en su categor\u00eda para cumplir con la normativa Europea.<br \/>\n&#8211; Producto con licencia oficial &#8211; 100% original<\/p>\n<\/p><\/div>\n","protected":false},"excerpt":{"rendered":"<p>\ud83d\udfe5 \u00a1NO TE LA PIERDAS! \ud83d\udfe5 #Publicidad #Amazon #16 \ud83d\udd34 Botella Bambi \u2705 AHORA 4.72 \u20ac \u2714\ufe0f\ud83d\udfe1 \u274c Antes 8.99 \u20ac \ud83d\uded2: https:\/\/btz.es\/4JftcN0 &#8211; Elegante botella reutilizable y decorada con elegantes dise\u00f1os basados en algunos de los personajes m\u00e1s representativos del mundo del cine. Dispone de un tap\u00f3n de rosca met\u00e1lico para evitar derrames accidentales. [&hellip;]<\/p>\n","protected":false},"featured_media":4832,"template":"","meta":{"_gspb_post_css":""},"store":[],"product_brand":[],"product_cat":[16],"product_tag":[],"class_list":{"0":"post-4833","1":"product","2":"type-product","3":"status-publish","4":"has-post-thumbnail","6":"product_cat-sin-categorizar","8":"first","9":"instock","10":"sale","11":"shipping-taxable","12":"product-type-external"},"jetpack_sharing_enabled":true,"_links":{"self":[{"href":"https:\/\/ofertacular.com\/index.php\/wp-json\/wp\/v2\/product\/4833","targetHints":{"allow":["GET"]}}],"collection":[{"href":"https:\/\/ofertacular.com\/index.php\/wp-json\/wp\/v2\/product"}],"about":[{"href":"https:\/\/ofertacular.com\/index.php\/wp-json\/wp\/v2\/types\/product"}],"wp:featuredmedia":[{"embeddable":true,"href":"https:\/\/ofertacular.com\/index.php\/wp-json\/wp\/v2\/media\/4832"}],"wp:attachment":[{"href":"https:\/\/ofertacular.com\/index.php\/wp-json\/wp\/v2\/media?parent=4833"}],"wp:term":[{"taxonomy":"store","embeddable":true,"href":"https:\/\/ofertacular.com\/index.php\/wp-json\/wp\/v2\/store?post=4833"},{"taxonomy":"product_brand","embeddable":true,"href":"https:\/\/ofertacular.com\/index.php\/wp-json\/wp\/v2\/product_brand?post=4833"},{"taxonomy":"product_cat","embeddable":true,"href":"https:\/\/ofertacular.com\/index.php\/wp-json\/wp\/v2\/product_cat?post=4833"},{"taxonomy":"product_tag","embeddable":true,"href":"https:\/\/ofertacular.com\/index.php\/wp-json\/wp\/v2\/product_tag?post=4833"}],"curies":[{"name":"wp","href":"https:\/\/api.w.org\/{rel}","templated":true}]}}