{"id":4873,"date":"2025-04-24T10:06:01","date_gmt":"2025-04-24T08:06:01","guid":{"rendered":"https:\/\/ofertacular.com\/index.php\/producto\/amstel-radler\/"},"modified":"2025-04-24T10:06:01","modified_gmt":"2025-04-24T08:06:01","slug":"amstel-radler","status":"publish","type":"product","link":"https:\/\/ofertacular.com\/index.php\/producto\/amstel-radler\/","title":{"rendered":"Amstel Radler"},"content":{"rendered":"<div class=\"oferta-container\">\n<p>\ud83d\udfe5 <b>ES UN CHOLL\u00d3N<\/b> \ud83d\udfe5 #Publicidad #Amazon #16<\/p>\n<p>\ud83d\udd34 <b>Cerveza Radler <\/b><\/p>\n<p>\u2705 <b>AHORA 12.99 \u20ac<\/b> \u2714\ufe0f\ud83d\udfe1<\/p>\n<p>\u274c Antes 18.72 \u20ac<\/p>\n<p>\ud83d\uded2: <a href=\"https:\/\/btz.es\/4JqQzse\" target=\"_blank\" rel=\"nofollow noopener\">https:\/\/btz.es\/4JqQzse<\/a><\/p>\n<p>&#8211; Amstel Radler Tostada 00 ofrece una alternativa perfecta para aquellos amantes de las cervezas con lim\u00f3n que no desean renunciar al cuerpo y sabor de una cerveza tostada, mientras disfrutan de la opci\u00f3n refrescante de una 0,0.<br \/>\n&#8211; Esta cerveza Radler es el resultado de la armoniosa uni\u00f3n entre la cerveza Amstel y una bebida refrescante de zumos de lim\u00f3n, logrando un car\u00e1cter c\u00edtrico \u00fanico y sin contenido alcoh\u00f3lico. Con su color oscuro y distintiva espuma blanca, es una propuesta \u00fanica en su clase.<br \/>\n&#8211; Experimenta la comodidad en cada sorbo con nuestro pr\u00e1ctico pack de 24 latas de 33cl.<br \/>\n&#8211; Esta Cerveza Especial ofrece una experiencia sin alcohol al 100%, especialmente concebida para quienes desean sabores suaves en cualquier momento del d\u00eda.<br \/>\n&#8211; El resultado es una bebida extremadamente refrescante que nace de la fusi\u00f3n de la cerveza tostada con un toque \u00e1cido de lim\u00f3n y lima, proporcionando un sabor intenso y renovado.<br \/>\n&#8211; Elaborada con ingredientes de la m\u00e1s alta calidad, incluyendo agua tratada, una combinaci\u00f3n 100% de maltas de cebada, l\u00fapulo, la exclusiva levadura Amstel y aut\u00e9ntico zumo de lim\u00f3n.<br \/>\n&#8211; Explora plenamente sus cualidades al servirla entre 2 y 4 grados Celsius. Cada sorbo es una prueba palpable de la excelencia en sabor y frescura que solo Amstel Radler Tostada 00 puede ofrecer.<\/p>\n<\/p><\/div>\n","protected":false},"excerpt":{"rendered":"<p>\ud83d\udfe5 ES UN CHOLL\u00d3N \ud83d\udfe5 #Publicidad #Amazon #16 \ud83d\udd34 Cerveza Radler \u2705 AHORA 12.99 \u20ac \u2714\ufe0f\ud83d\udfe1 \u274c Antes 18.72 \u20ac \ud83d\uded2: https:\/\/btz.es\/4JqQzse &#8211; Amstel Radler Tostada 00 ofrece una alternativa perfecta para aquellos amantes de las cervezas con lim\u00f3n que no desean renunciar al cuerpo y sabor de una cerveza tostada, mientras disfrutan de la [&hellip;]<\/p>\n","protected":false},"featured_media":4872,"template":"","meta":{"_gspb_post_css":""},"store":[],"product_brand":[],"product_cat":[16],"product_tag":[],"class_list":{"0":"post-4873","1":"product","2":"type-product","3":"status-publish","4":"has-post-thumbnail","6":"product_cat-sin-categorizar","8":"first","9":"instock","10":"sale","11":"shipping-taxable","12":"product-type-external"},"jetpack_sharing_enabled":true,"_links":{"self":[{"href":"https:\/\/ofertacular.com\/index.php\/wp-json\/wp\/v2\/product\/4873","targetHints":{"allow":["GET"]}}],"collection":[{"href":"https:\/\/ofertacular.com\/index.php\/wp-json\/wp\/v2\/product"}],"about":[{"href":"https:\/\/ofertacular.com\/index.php\/wp-json\/wp\/v2\/types\/product"}],"wp:featuredmedia":[{"embeddable":true,"href":"https:\/\/ofertacular.com\/index.php\/wp-json\/wp\/v2\/media\/4872"}],"wp:attachment":[{"href":"https:\/\/ofertacular.com\/index.php\/wp-json\/wp\/v2\/media?parent=4873"}],"wp:term":[{"taxonomy":"store","embeddable":true,"href":"https:\/\/ofertacular.com\/index.php\/wp-json\/wp\/v2\/store?post=4873"},{"taxonomy":"product_brand","embeddable":true,"href":"https:\/\/ofertacular.com\/index.php\/wp-json\/wp\/v2\/product_brand?post=4873"},{"taxonomy":"product_cat","embeddable":true,"href":"https:\/\/ofertacular.com\/index.php\/wp-json\/wp\/v2\/product_cat?post=4873"},{"taxonomy":"product_tag","embeddable":true,"href":"https:\/\/ofertacular.com\/index.php\/wp-json\/wp\/v2\/product_tag?post=4873"}],"curies":[{"name":"wp","href":"https:\/\/api.w.org\/{rel}","templated":true}]}}