{"id":4944,"date":"2025-04-27T08:27:35","date_gmt":"2025-04-27T06:27:35","guid":{"rendered":"https:\/\/ofertacular.com\/index.php\/producto\/logitech-z150-speakers\/"},"modified":"2025-04-27T08:27:35","modified_gmt":"2025-04-27T06:27:35","slug":"logitech-z150-speakers","status":"publish","type":"product","link":"https:\/\/ofertacular.com\/index.php\/producto\/logitech-z150-speakers\/","title":{"rendered":"Logitech Z150 Speakers"},"content":{"rendered":"<div class=\"oferta-container\">\n<p>\ud83d\udfe5 <b>\u00a1OFERTA ESPECIAL!<\/b> \ud83d\udfe5 #Publicidad #Amazon #16<\/p>\n<p>\ud83d\udd34 <b>Altavoces Logitech <\/b><\/p>\n<p>\u2705 <b>AHORA 21.99 \u20ac<\/b> \u2714\ufe0f\ud83d\udfe1<\/p>\n<p>\u274c Antes 35.99 \u20ac<\/p>\n<p>\ud83d\uded2: <a href=\"https:\/\/btz.es\/4J7ZmIa\" target=\"_blank\" rel=\"nofollow noopener\">https:\/\/btz.es\/4J7ZmIa<\/a><\/p>\n<p>&#8211; Sonido Est\u00e9reo N\u00edtido: Los dos transductores de 5cm producen 3 vatios de sonido ac\u00fastico est\u00e9reo y n\u00edtido<br \/>\n&#8211; Multidispositivos: Puede usar la entrada de audio y el cable auxiliar de 3,5 mm para reproducir contenido de audio de varios dispositivos al mismo tiempo<br \/>\n&#8211; Control Sencillo: El encendido y el volumen de este altavoz est\u00e1n integrados en un solo control para simplificar su uso y acceso<br \/>\n&#8211; Toma de Auriculares: Use la pr\u00e1ctica toma para conectar los auriculares, y escuche m\u00fasica, pel\u00edculas y juegos en privado<br \/>\n&#8211; Dise\u00f1o Simple y S\u00f3lido: Su dise\u00f1o s\u00f3lido y compacto inspira confianza en su fiabilidad<br \/>\n&#8211; La Calidad Logitech: Logitech desarrolla altavoces autoamplificados, port\u00e1tiles con cable USB o inal\u00e1mbrico, Bluetooth, que se pueden usar en casa o en el coche<\/p>\n<\/p><\/div>\n","protected":false},"excerpt":{"rendered":"<p>\ud83d\udfe5 \u00a1OFERTA ESPECIAL! \ud83d\udfe5 #Publicidad #Amazon #16 \ud83d\udd34 Altavoces Logitech \u2705 AHORA 21.99 \u20ac \u2714\ufe0f\ud83d\udfe1 \u274c Antes 35.99 \u20ac \ud83d\uded2: https:\/\/btz.es\/4J7ZmIa &#8211; Sonido Est\u00e9reo N\u00edtido: Los dos transductores de 5cm producen 3 vatios de sonido ac\u00fastico est\u00e9reo y n\u00edtido &#8211; Multidispositivos: Puede usar la entrada de audio y el cable auxiliar de 3,5 mm para [&hellip;]<\/p>\n","protected":false},"featured_media":4943,"template":"","meta":{"_gspb_post_css":""},"store":[],"product_brand":[],"product_cat":[16],"product_tag":[],"class_list":{"0":"post-4944","1":"product","2":"type-product","3":"status-publish","4":"has-post-thumbnail","6":"product_cat-sin-categorizar","8":"first","9":"instock","10":"sale","11":"shipping-taxable","12":"product-type-external"},"jetpack_sharing_enabled":true,"_links":{"self":[{"href":"https:\/\/ofertacular.com\/index.php\/wp-json\/wp\/v2\/product\/4944","targetHints":{"allow":["GET"]}}],"collection":[{"href":"https:\/\/ofertacular.com\/index.php\/wp-json\/wp\/v2\/product"}],"about":[{"href":"https:\/\/ofertacular.com\/index.php\/wp-json\/wp\/v2\/types\/product"}],"wp:featuredmedia":[{"embeddable":true,"href":"https:\/\/ofertacular.com\/index.php\/wp-json\/wp\/v2\/media\/4943"}],"wp:attachment":[{"href":"https:\/\/ofertacular.com\/index.php\/wp-json\/wp\/v2\/media?parent=4944"}],"wp:term":[{"taxonomy":"store","embeddable":true,"href":"https:\/\/ofertacular.com\/index.php\/wp-json\/wp\/v2\/store?post=4944"},{"taxonomy":"product_brand","embeddable":true,"href":"https:\/\/ofertacular.com\/index.php\/wp-json\/wp\/v2\/product_brand?post=4944"},{"taxonomy":"product_cat","embeddable":true,"href":"https:\/\/ofertacular.com\/index.php\/wp-json\/wp\/v2\/product_cat?post=4944"},{"taxonomy":"product_tag","embeddable":true,"href":"https:\/\/ofertacular.com\/index.php\/wp-json\/wp\/v2\/product_tag?post=4944"}],"curies":[{"name":"wp","href":"https:\/\/api.w.org\/{rel}","templated":true}]}}