{"id":4956,"date":"2025-04-28T08:06:49","date_gmt":"2025-04-28T06:06:49","guid":{"rendered":"https:\/\/ofertacular.com\/index.php\/producto\/cosori-airfryer-2\/"},"modified":"2025-04-28T08:06:49","modified_gmt":"2025-04-28T06:06:49","slug":"cosori-airfryer-2","status":"publish","type":"product","link":"https:\/\/ofertacular.com\/index.php\/producto\/cosori-airfryer-2\/","title":{"rendered":"COSORI Airfryer"},"content":{"rendered":"<div class=\"oferta-container\">\n<p>\ud83d\udfe5 <b>DATE PRISA<\/b> \ud83d\udfe5 #Publicidad #Amazon #16<\/p>\n<p>\ud83d\udd34 <b>Freidora COSORI <\/b><\/p>\n<p>\u2705 <b>AHORA 75.99 \u20ac<\/b> \u2714\ufe0f\ud83d\udfe1<\/p>\n<p>\u274c Antes 139.99 \u20ac<\/p>\n<p>\ud83d\uded2: <a href=\"https:\/\/btz.es\/4JDK5mr\" target=\"_blank\" rel=\"nofollow noopener\">https:\/\/btz.es\/4JDK5mr<\/a><\/p>\n<p>&#8211; [CALIDAD y MARCA] \u00bfPor Qu\u00e9 Elegir COSORI? COSORI es la marca No.1 de freidoras en Espa\u00f1a, elegida por 3 millones de familias en todo el mundo, con un estricto control de calidad para garantizar la mayor Durabilidad y Seguridad, para que puedas comer sano y tranquilo<br \/>\n&#8211; [R\u00c1PIDO y SABROSO] Buena ayuda para cocinas y ahorra un 50% del tiempo en comparaci\u00f3n con la cocina tradicional. La temperatura m\u00e1xima de 230\u00b0C garantiza que los alimentos queden dorados y crujientes r\u00e1pidamente<br \/>\n&#8211; [MENOS ACEITE y M\u00c1S SANO] Si est\u00e1s a dieta, No tienes que sentirse culpable por la comida, COSORI-L501 puede ayudarte a reducir el consumo de grasas en un 85% para mejorar tu salud<br \/>\n&#8211; [VERS\u00c1TIL y F\u00c1CIL de USAR] Con 9 modos preconfigurados, es una gran alternativa a las freidoras y hornos tradicionales. Y con s\u00f3lo pulsar un bot\u00f3n en el panel intuitivo, puedes causar sensaci\u00f3n en la cocina con el L501 incluso no tienes ninguna experiencia en la cocina<br \/>\n&#8211; [GRAN CAPACIDAD y DISE\u00d1O MODERNO] Alta utilizaci\u00f3n del volumen, 4,7L de gran capacidad puede satisfacer f\u00e1cilmente la necesidade de 2-3 personas. Dise\u00f1o elegante y compacto muestra el ambiente moderno y ordenado de la cocina<br \/>\n&#8211; [F\u00c1CIL de LIMPIAR] Puedes limpiarla s\u00f3lo con un pa\u00f1o, lo que hace la vida m\u00e1s confortable y libre de preocupaciones. Todos los accesorios extra\u00edbles no contienen PFOA, tienen un revestimiento antiadherente que son aptos para el lavavajillas<br \/>\n&#8211; [COCINA SILENCIOSA] La exclusiva tecnolog\u00eda COSORI AIR WHISPER reduce el ruido de funcionamiento a menos de 55dB, proporcion\u00e1ndole la experiencia culinaria m\u00e1s c\u00f3moda y silenciosa<br \/>\n&#8211; [NUESTRO COMPROMISO] Contamos con un equipo de chefs profesionales y de expertos en nutrici\u00f3n, que investigan constantemente los procesos de cocci\u00f3n y dise\u00f1an las mejores recetas. Y completamos esta promesa con una GARANT\u00cdA de 3 A\u00d1OS y un EXCELENTE SERVICIO al CLIENTE, para que conf\u00edes siempre en tu producto COSORI<\/p>\n<\/p><\/div>\n","protected":false},"excerpt":{"rendered":"<p>\ud83d\udfe5 DATE PRISA \ud83d\udfe5 #Publicidad #Amazon #16 \ud83d\udd34 Freidora COSORI \u2705 AHORA 75.99 \u20ac \u2714\ufe0f\ud83d\udfe1 \u274c Antes 139.99 \u20ac \ud83d\uded2: https:\/\/btz.es\/4JDK5mr &#8211; [CALIDAD y MARCA] \u00bfPor Qu\u00e9 Elegir COSORI? COSORI es la marca No.1 de freidoras en Espa\u00f1a, elegida por 3 millones de familias en todo el mundo, con un estricto control de calidad para [&hellip;]<\/p>\n","protected":false},"featured_media":4955,"template":"","meta":{"_gspb_post_css":""},"store":[],"product_brand":[],"product_cat":[16],"product_tag":[],"class_list":{"0":"post-4956","1":"product","2":"type-product","3":"status-publish","4":"has-post-thumbnail","6":"product_cat-sin-categorizar","8":"first","9":"instock","10":"sale","11":"shipping-taxable","12":"product-type-external"},"jetpack_sharing_enabled":true,"_links":{"self":[{"href":"https:\/\/ofertacular.com\/index.php\/wp-json\/wp\/v2\/product\/4956","targetHints":{"allow":["GET"]}}],"collection":[{"href":"https:\/\/ofertacular.com\/index.php\/wp-json\/wp\/v2\/product"}],"about":[{"href":"https:\/\/ofertacular.com\/index.php\/wp-json\/wp\/v2\/types\/product"}],"wp:featuredmedia":[{"embeddable":true,"href":"https:\/\/ofertacular.com\/index.php\/wp-json\/wp\/v2\/media\/4955"}],"wp:attachment":[{"href":"https:\/\/ofertacular.com\/index.php\/wp-json\/wp\/v2\/media?parent=4956"}],"wp:term":[{"taxonomy":"store","embeddable":true,"href":"https:\/\/ofertacular.com\/index.php\/wp-json\/wp\/v2\/store?post=4956"},{"taxonomy":"product_brand","embeddable":true,"href":"https:\/\/ofertacular.com\/index.php\/wp-json\/wp\/v2\/product_brand?post=4956"},{"taxonomy":"product_cat","embeddable":true,"href":"https:\/\/ofertacular.com\/index.php\/wp-json\/wp\/v2\/product_cat?post=4956"},{"taxonomy":"product_tag","embeddable":true,"href":"https:\/\/ofertacular.com\/index.php\/wp-json\/wp\/v2\/product_tag?post=4956"}],"curies":[{"name":"wp","href":"https:\/\/api.w.org\/{rel}","templated":true}]}}