{"id":5004,"date":"2025-04-29T08:07:49","date_gmt":"2025-04-29T06:07:49","guid":{"rendered":"https:\/\/ofertacular.com\/index.php\/producto\/logitech-g435\/"},"modified":"2025-04-29T08:07:49","modified_gmt":"2025-04-29T06:07:49","slug":"logitech-g435","status":"publish","type":"product","link":"https:\/\/ofertacular.com\/index.php\/producto\/logitech-g435\/","title":{"rendered":"Logitech G435"},"content":{"rendered":"<div class=\"oferta-container\">\n<p>\ud83d\udfe5 <b>\u00a1S\u00d3LO HOY!<\/b> \ud83d\udfe5 #Publicidad #Amazon #16<\/p>\n<p>\ud83d\udd34 <b>Auriculares Gaming <\/b><\/p>\n<p>\u2705 <b>AHORA 34 \u20ac<\/b> \u2714\ufe0f\ud83d\udfe1<\/p>\n<p>\u274c Antes 87.99 \u20ac<\/p>\n<p>\ud83d\uded2: <a href=\"https:\/\/btz.es\/4JJBrqc\" target=\"_blank\" rel=\"nofollow noopener\">https:\/\/btz.es\/4JJBrqc<\/a><\/p>\n<p>&#8211; Vers\u00e1til: Logitech G435, auriculares con conectividad inal\u00e1mbrica LIGHTSPEED y Bluetooth de baja latencia que ofrecen m\u00e1s libertad de juego en PC, smartphones y dispositivos gaming para Playstation<br \/>\n&#8211; Ligeros: con una construcci\u00f3n ligera, estos auriculares inal\u00e1mbricos para gaming solo pesan 165 g 5,8 oz, por lo que son c\u00f3modos de llevar durante todo el d\u00eda<br \/>\n&#8211; Calidad de voz superior: hazte o\u00edr alto y claro gracias a los micr\u00f3fonos duales integrados que eliminan la necesidad de un brazo de micr\u00f3fono y reducen el ruido de fondo<br \/>\n&#8211; Sonido envolvente: estos geniales y coloridos auriculares ofrecen un audio cuidadosamente equilibrado y de fidelidad con drivers de 40 mm; compatibilidad con Dolby Atmos y Windows Sonic<br \/>\n&#8211; Bater\u00eda de larga duraci\u00f3n: no tienes que cargarlos hasta despu\u00e9s de las 18h de duraci\u00f3n de la bater\u00eda del G435; lo que te permitir\u00e1 seguir jugando, hablando con tus amigos y escuchando m\u00fasica<br \/>\n&#8211; Comodidad: los cascos G435 son aptos para todas la edades, pero est\u00e1n dise\u00f1ados para los jugadores m\u00e1s j\u00f3venes, con almohadillas de espuma con memoria y creados para cabezas m\u00e1s peque\u00f1as<br \/>\n&#8211; Las piezas de pl\u00e1stico de G435 incluyen un 22% de pl\u00e1stico reciclado posconsumo con certificaci\u00f3n*. Utiliza papel con certificaci\u00f3n FSC para un embalaje responsable.<br \/>\n&#8211; M\u00e1s seguro: se puede activar un limitador de volumen m\u00e1ximo opcional a menos de 85 decibelios para proteger los t\u00edmpanos durante un uso prolongado<\/p>\n<\/p><\/div>\n","protected":false},"excerpt":{"rendered":"<p>\ud83d\udfe5 \u00a1S\u00d3LO HOY! \ud83d\udfe5 #Publicidad #Amazon #16 \ud83d\udd34 Auriculares Gaming \u2705 AHORA 34 \u20ac \u2714\ufe0f\ud83d\udfe1 \u274c Antes 87.99 \u20ac \ud83d\uded2: https:\/\/btz.es\/4JJBrqc &#8211; Vers\u00e1til: Logitech G435, auriculares con conectividad inal\u00e1mbrica LIGHTSPEED y Bluetooth de baja latencia que ofrecen m\u00e1s libertad de juego en PC, smartphones y dispositivos gaming para Playstation &#8211; Ligeros: con una construcci\u00f3n ligera, [&hellip;]<\/p>\n","protected":false},"featured_media":5003,"template":"","meta":{"_gspb_post_css":""},"store":[],"product_brand":[],"product_cat":[16],"product_tag":[],"class_list":{"0":"post-5004","1":"product","2":"type-product","3":"status-publish","4":"has-post-thumbnail","6":"product_cat-sin-categorizar","8":"first","9":"instock","10":"sale","11":"shipping-taxable","12":"product-type-external"},"jetpack_sharing_enabled":true,"_links":{"self":[{"href":"https:\/\/ofertacular.com\/index.php\/wp-json\/wp\/v2\/product\/5004","targetHints":{"allow":["GET"]}}],"collection":[{"href":"https:\/\/ofertacular.com\/index.php\/wp-json\/wp\/v2\/product"}],"about":[{"href":"https:\/\/ofertacular.com\/index.php\/wp-json\/wp\/v2\/types\/product"}],"wp:featuredmedia":[{"embeddable":true,"href":"https:\/\/ofertacular.com\/index.php\/wp-json\/wp\/v2\/media\/5003"}],"wp:attachment":[{"href":"https:\/\/ofertacular.com\/index.php\/wp-json\/wp\/v2\/media?parent=5004"}],"wp:term":[{"taxonomy":"store","embeddable":true,"href":"https:\/\/ofertacular.com\/index.php\/wp-json\/wp\/v2\/store?post=5004"},{"taxonomy":"product_brand","embeddable":true,"href":"https:\/\/ofertacular.com\/index.php\/wp-json\/wp\/v2\/product_brand?post=5004"},{"taxonomy":"product_cat","embeddable":true,"href":"https:\/\/ofertacular.com\/index.php\/wp-json\/wp\/v2\/product_cat?post=5004"},{"taxonomy":"product_tag","embeddable":true,"href":"https:\/\/ofertacular.com\/index.php\/wp-json\/wp\/v2\/product_tag?post=5004"}],"curies":[{"name":"wp","href":"https:\/\/api.w.org\/{rel}","templated":true}]}}