{"id":5008,"date":"2025-04-29T08:37:30","date_gmt":"2025-04-29T06:37:30","guid":{"rendered":"https:\/\/ofertacular.com\/index.php\/producto\/acolyte-bazil\/"},"modified":"2025-04-29T08:37:30","modified_gmt":"2025-04-29T06:37:30","slug":"acolyte-bazil","status":"publish","type":"product","link":"https:\/\/ofertacular.com\/index.php\/producto\/acolyte-bazil\/","title":{"rendered":"Acolyte Bazil"},"content":{"rendered":"<div class=\"oferta-container\">\ud83d\udfea <b>FUNKO OFERTA<\/b> \ud83d\udfea #Publicidad #Amazon\ud83d\udfe3 <b> Funko Star Wars Acolyte Bazil<\/b> \u2705 <b>AHORA 11.99 \u20ac<\/b> \u2714\ufe0f\ud83d\udfe1\u274c Antes 16.00 \u20ac \u20ac \ud83d\uded2: https:\/\/btz.es\/4JJIK6d\ud83d\udfe2 Ofertacular.com<\/p>\n<p>&#8211; Tama\u00f1o \u00f3ptimo para coleccionar &#8211; con una altura aproximada de 9.5 cm, esta mini figurita de vinilo complementa otros art\u00edculos de colecci\u00f3n y encaja perfectamente en tu vitrina o en tu escritorio<br \/>\n&#8211; Material de vinilo de \u00f3ptima calidad &#8211; fabricado en vinilo duradero de calidad, este mu\u00f1eco coleccionable est\u00e1 hecho para durar y soportar el desgaste diario, ofreciendo un disfrute duradero tanto para los fans como para los coleccionistas<br \/>\n&#8211; Regalo \u00f3ptimo para los fans de Star Wars Acolyte &#8211; \u00f3ptima para fiestas, cumplea\u00f1os u ocasiones especiales y como regalo esta figurita es un complemento imprescindible en cualquier colecci\u00f3n de merchandising de Star Wars Acolyte<br \/>\n&#8211; Ampl\u00eda tu colecci\u00f3n &#8211; a\u00f1ade esta pieza de exhibici\u00f3n de vinilo nan a tu creciente surtido de mu\u00f1ecos Funko Pop; y busca otros art\u00edculos coleccionables raros y \u00f3ptimos para tener un conjunto completo<br \/>\n&#8211; Marca \u00f3ptima en cultura Pop &#8211; conf\u00eda en la experiencia de Funko, el principal creador de art\u00edculos de cultura Pop que incluye figuras de vinilo, juguetes de acci\u00f3n, peluches, ropa, juegos de mesa y mucho m\u00e1s<\/p>\n<\/div>\n","protected":false},"excerpt":{"rendered":"<p>\ud83d\udfea FUNKO OFERTA \ud83d\udfea #Publicidad #Amazon\ud83d\udfe3 Funko Star Wars Acolyte Bazil \u2705 AHORA 11.99 \u20ac \u2714\ufe0f\ud83d\udfe1\u274c Antes 16.00 \u20ac \u20ac \ud83d\uded2: https:\/\/btz.es\/4JJIK6d\ud83d\udfe2 Ofertacular.com &#8211; Tama\u00f1o \u00f3ptimo para coleccionar &#8211; con una altura aproximada de 9.5 cm, esta mini figurita de vinilo complementa otros art\u00edculos de colecci\u00f3n y encaja perfectamente en tu vitrina o en tu [&hellip;]<\/p>\n","protected":false},"featured_media":5007,"template":"","meta":{"_gspb_post_css":""},"store":[],"product_brand":[],"product_cat":[16],"product_tag":[],"class_list":{"0":"post-5008","1":"product","2":"type-product","3":"status-publish","4":"has-post-thumbnail","6":"product_cat-sin-categorizar","8":"first","9":"instock","10":"sale","11":"shipping-taxable","12":"product-type-external"},"jetpack_sharing_enabled":true,"_links":{"self":[{"href":"https:\/\/ofertacular.com\/index.php\/wp-json\/wp\/v2\/product\/5008","targetHints":{"allow":["GET"]}}],"collection":[{"href":"https:\/\/ofertacular.com\/index.php\/wp-json\/wp\/v2\/product"}],"about":[{"href":"https:\/\/ofertacular.com\/index.php\/wp-json\/wp\/v2\/types\/product"}],"wp:featuredmedia":[{"embeddable":true,"href":"https:\/\/ofertacular.com\/index.php\/wp-json\/wp\/v2\/media\/5007"}],"wp:attachment":[{"href":"https:\/\/ofertacular.com\/index.php\/wp-json\/wp\/v2\/media?parent=5008"}],"wp:term":[{"taxonomy":"store","embeddable":true,"href":"https:\/\/ofertacular.com\/index.php\/wp-json\/wp\/v2\/store?post=5008"},{"taxonomy":"product_brand","embeddable":true,"href":"https:\/\/ofertacular.com\/index.php\/wp-json\/wp\/v2\/product_brand?post=5008"},{"taxonomy":"product_cat","embeddable":true,"href":"https:\/\/ofertacular.com\/index.php\/wp-json\/wp\/v2\/product_cat?post=5008"},{"taxonomy":"product_tag","embeddable":true,"href":"https:\/\/ofertacular.com\/index.php\/wp-json\/wp\/v2\/product_tag?post=5008"}],"curies":[{"name":"wp","href":"https:\/\/api.w.org\/{rel}","templated":true}]}}