{"id":5022,"date":"2025-04-30T08:11:18","date_gmt":"2025-04-30T06:11:18","guid":{"rendered":"https:\/\/ofertacular.com\/index.php\/producto\/maybelline-corrector\/"},"modified":"2025-04-30T08:11:18","modified_gmt":"2025-04-30T06:11:18","slug":"maybelline-corrector","status":"publish","type":"product","link":"https:\/\/ofertacular.com\/index.php\/producto\/maybelline-corrector\/","title":{"rendered":"Maybelline Corrector"},"content":{"rendered":"<div class=\"oferta-container\">\n<p>\ud83d\udfe5 <b>GRAN OFERTA<\/b> \ud83d\udfe5 #Publicidad #Amazon #16<\/p>\n<p>\ud83d\udd34 <b>Corrector Maybelline <\/b><\/p>\n<p>\u2705 <b>AHORA 6.99 \u20ac<\/b> \u2714\ufe0f\ud83d\udfe1<\/p>\n<p>\u274c Antes 11.54 \u20ac<\/p>\n<p>\ud83d\uded2: <a href=\"https:\/\/btz.es\/4JP2Gve\" target=\"_blank\" rel=\"nofollow noopener\">https:\/\/btz.es\/4JP2Gve<\/a><\/p>\n<p>&#8211; El Corrector Borrador multiusos difumina las ojeras y bolsas, corrige las imperfecciones y define e ilumina el rostro al instante<br \/>\n&#8211; Su f\u00f3rmula de cobertura modulable y enriquecida con bayas de goji y haloxyl para ralentizar el envejecimiento, permite un acabado uniforme e hidratado durante 12h sin cuartearse<br \/>\n&#8211; Aplicaci\u00f3n: Al utilizar el producto por primera vez, gira el cuello del aplicador 8 veces hasta que la f\u00f3rmula aparezca en la esponja, y aplica la f\u00f3rmula sobre el contorno de los ojos, las imperfecciones o p\u00f3mulos para definir e iluminar el rostro<br \/>\n&#8211; Aplicador en esponja, recubierto por miles de microfibras suaves para modular la cobertura y conseguir un rostro unificado<br \/>\n&#8211; Contenido: 1x Maybelline New York, Corrector borrador multiusos, con cobertura modulable, en tono 10 Caramel, 6 ml<\/p>\n<\/p><\/div>\n","protected":false},"excerpt":{"rendered":"<p>\ud83d\udfe5 GRAN OFERTA \ud83d\udfe5 #Publicidad #Amazon #16 \ud83d\udd34 Corrector Maybelline \u2705 AHORA 6.99 \u20ac \u2714\ufe0f\ud83d\udfe1 \u274c Antes 11.54 \u20ac \ud83d\uded2: https:\/\/btz.es\/4JP2Gve &#8211; El Corrector Borrador multiusos difumina las ojeras y bolsas, corrige las imperfecciones y define e ilumina el rostro al instante &#8211; Su f\u00f3rmula de cobertura modulable y enriquecida con bayas de goji y [&hellip;]<\/p>\n","protected":false},"featured_media":5021,"template":"","meta":{"_gspb_post_css":""},"store":[],"product_brand":[],"product_cat":[16],"product_tag":[],"class_list":{"0":"post-5022","1":"product","2":"type-product","3":"status-publish","4":"has-post-thumbnail","6":"product_cat-sin-categorizar","8":"first","9":"instock","10":"sale","11":"shipping-taxable","12":"product-type-external"},"jetpack_sharing_enabled":true,"_links":{"self":[{"href":"https:\/\/ofertacular.com\/index.php\/wp-json\/wp\/v2\/product\/5022","targetHints":{"allow":["GET"]}}],"collection":[{"href":"https:\/\/ofertacular.com\/index.php\/wp-json\/wp\/v2\/product"}],"about":[{"href":"https:\/\/ofertacular.com\/index.php\/wp-json\/wp\/v2\/types\/product"}],"wp:featuredmedia":[{"embeddable":true,"href":"https:\/\/ofertacular.com\/index.php\/wp-json\/wp\/v2\/media\/5021"}],"wp:attachment":[{"href":"https:\/\/ofertacular.com\/index.php\/wp-json\/wp\/v2\/media?parent=5022"}],"wp:term":[{"taxonomy":"store","embeddable":true,"href":"https:\/\/ofertacular.com\/index.php\/wp-json\/wp\/v2\/store?post=5022"},{"taxonomy":"product_brand","embeddable":true,"href":"https:\/\/ofertacular.com\/index.php\/wp-json\/wp\/v2\/product_brand?post=5022"},{"taxonomy":"product_cat","embeddable":true,"href":"https:\/\/ofertacular.com\/index.php\/wp-json\/wp\/v2\/product_cat?post=5022"},{"taxonomy":"product_tag","embeddable":true,"href":"https:\/\/ofertacular.com\/index.php\/wp-json\/wp\/v2\/product_tag?post=5022"}],"curies":[{"name":"wp","href":"https:\/\/api.w.org\/{rel}","templated":true}]}}