{"id":5066,"date":"2025-04-30T17:16:15","date_gmt":"2025-04-30T15:16:15","guid":{"rendered":"https:\/\/ofertacular.com\/index.php\/producto\/dyson-v8\/"},"modified":"2025-04-30T17:16:15","modified_gmt":"2025-04-30T15:16:15","slug":"dyson-v8","status":"publish","type":"product","link":"https:\/\/ofertacular.com\/index.php\/producto\/dyson-v8\/","title":{"rendered":"Dyson V8"},"content":{"rendered":"<div class=\"oferta-container\">\n<p>\ud83d\udfe5 <b>DESCUENTAZO<\/b> \ud83d\udfe5 #Publicidad #Amazon #16<\/p>\n<p>\ud83d\udd34 <b>Aspiradora Dyson <\/b><\/p>\n<p>\u2705 <b>AHORA 299 \u20ac<\/b> \u2714\ufe0f\ud83d\udfe1<\/p>\n<p>\u274c Antes 499.00 \u20ac<\/p>\n<p>\ud83d\uded2: <a href=\"https:\/\/btz.es\/4JRFStK\" target=\"_blank\" rel=\"nofollow noopener\">https:\/\/btz.es\/4JRFStK<\/a><\/p>\n<p>&#8211; Ligera para una limpieza r\u00e1pida y vers\u00e1til sin cable; Potente y silenciosa<br \/>\n&#8211; Hasta 40 minutos de potencia constante sin p\u00e9rdida de rendimiento\u00b9 gracias a la bater\u00eda de ion de litio de seis c\u00e9lulas de alta densidad energ\u00e9tica de Dyson<br \/>\n&#8211; El motor digital Dyson V8 gira a un m\u00e1ximo de 110 000 rpm para generar 115 AW de potente succi\u00f3n\u00b2<br \/>\n&#8211; Dos modos de potencia El modo Eco ofrece la potencia \u00f3ptima y la autonom\u00eda necesaria para las tareas diarias, optimizando la vida \u00fatil de la bater\u00eda; O el modo M\u00e1xima potencia para una limpieza focalizada a fondo<br \/>\n&#8211; Sin p\u00e9rdida de succi\u00f3n: la tecnolog\u00eda Dyson Radial Root Cyclone, con 15 ciclones alineados, atrapa polvo y residuos del flujo de aire sin perder potencia, manteniendo as\u00ed una succi\u00f3n constante y efectiva; Manteniendo as\u00ed la m\u00e1xima potencia de succi\u00f3n<\/p>\n<\/p><\/div>\n","protected":false},"excerpt":{"rendered":"<p>\ud83d\udfe5 DESCUENTAZO \ud83d\udfe5 #Publicidad #Amazon #16 \ud83d\udd34 Aspiradora Dyson \u2705 AHORA 299 \u20ac \u2714\ufe0f\ud83d\udfe1 \u274c Antes 499.00 \u20ac \ud83d\uded2: https:\/\/btz.es\/4JRFStK &#8211; Ligera para una limpieza r\u00e1pida y vers\u00e1til sin cable; Potente y silenciosa &#8211; Hasta 40 minutos de potencia constante sin p\u00e9rdida de rendimiento\u00b9 gracias a la bater\u00eda de ion de litio de seis c\u00e9lulas [&hellip;]<\/p>\n","protected":false},"featured_media":5065,"template":"","meta":{"_gspb_post_css":""},"store":[],"product_brand":[],"product_cat":[16],"product_tag":[],"class_list":{"0":"post-5066","1":"product","2":"type-product","3":"status-publish","4":"has-post-thumbnail","6":"product_cat-sin-categorizar","8":"first","9":"instock","10":"sale","11":"shipping-taxable","12":"product-type-external"},"jetpack_sharing_enabled":true,"_links":{"self":[{"href":"https:\/\/ofertacular.com\/index.php\/wp-json\/wp\/v2\/product\/5066","targetHints":{"allow":["GET"]}}],"collection":[{"href":"https:\/\/ofertacular.com\/index.php\/wp-json\/wp\/v2\/product"}],"about":[{"href":"https:\/\/ofertacular.com\/index.php\/wp-json\/wp\/v2\/types\/product"}],"wp:featuredmedia":[{"embeddable":true,"href":"https:\/\/ofertacular.com\/index.php\/wp-json\/wp\/v2\/media\/5065"}],"wp:attachment":[{"href":"https:\/\/ofertacular.com\/index.php\/wp-json\/wp\/v2\/media?parent=5066"}],"wp:term":[{"taxonomy":"store","embeddable":true,"href":"https:\/\/ofertacular.com\/index.php\/wp-json\/wp\/v2\/store?post=5066"},{"taxonomy":"product_brand","embeddable":true,"href":"https:\/\/ofertacular.com\/index.php\/wp-json\/wp\/v2\/product_brand?post=5066"},{"taxonomy":"product_cat","embeddable":true,"href":"https:\/\/ofertacular.com\/index.php\/wp-json\/wp\/v2\/product_cat?post=5066"},{"taxonomy":"product_tag","embeddable":true,"href":"https:\/\/ofertacular.com\/index.php\/wp-json\/wp\/v2\/product_tag?post=5066"}],"curies":[{"name":"wp","href":"https:\/\/api.w.org\/{rel}","templated":true}]}}