{"id":5102,"date":"2025-05-03T11:16:32","date_gmt":"2025-05-03T09:16:32","guid":{"rendered":"https:\/\/ofertacular.com\/index.php\/producto\/moto-g15\/"},"modified":"2025-05-03T11:16:32","modified_gmt":"2025-05-03T09:16:32","slug":"moto-g15","status":"publish","type":"product","link":"https:\/\/ofertacular.com\/index.php\/producto\/moto-g15\/","title":{"rendered":"Moto g15"},"content":{"rendered":"<div class=\"oferta-container\">\n<p>\ud83d\udfe5 <b>AHORRA AQU\u00cd<\/b> \ud83d\udfe5 #Publicidad #Amazon #16<\/p>\n<p>\ud83d\udd34 <b>Smartphone Moto <\/b><\/p>\n<p>\u2705 <b>AHORA 99 \u20ac<\/b> \u2714\ufe0f\ud83d\udfe1<\/p>\n<p>\u274c Antes 149.00 \u20ac<\/p>\n<p>\ud83d\uded2: <a href=\"https:\/\/btz.es\/4KhKTst\" target=\"_blank\" rel=\"nofollow noopener\">https:\/\/btz.es\/4KhKTst<\/a><\/p>\n<p>&#8211; Imagen y sonido que nunca imaginaste. Deja que tu contenido favorito cobre vida en una pantalla FHD+ supern\u00edtida y brillante de 6,72\u201d combinada con unos altavoces est\u00e9reo potentes con refuerzo de graves.<br \/>\n&#8211; Sistema de c\u00e1maras de 50\u202fMP y objetivo ultra gran angular. Captura fotos impresionantes con todo lujo de detalle, de d\u00eda o de noche, y abarca m\u00e1s en el encuadre con el objetivo ultra gran angular.<br \/>\n&#8211; Bater\u00eda de 5200\u202fmAh y carga TurboPower. Disfruta de una bater\u00eda de larga duraci\u00f3n y obt\u00e9n horas de autonom\u00eda en pocos minutos de carga.<br \/>\n&#8211; Elegante y resistente. Disfruta de un aspecto y una sensaci\u00f3n de calidad con su dise\u00f1o en cuero vegano, repelente al agua y con cristal Corning Gorilla Glass 3.<br \/>\n&#8211; Rendimiento r\u00e1pido con la funci\u00f3n Expansi\u00f3n de memoria. Siente la vertiginosa velocidad de un procesador de ocho n\u00facleos y la capacidad mejorada de hacer varias cosas a la vez.<\/p>\n<\/p><\/div>\n","protected":false},"excerpt":{"rendered":"<p>\ud83d\udfe5 AHORRA AQU\u00cd \ud83d\udfe5 #Publicidad #Amazon #16 \ud83d\udd34 Smartphone Moto \u2705 AHORA 99 \u20ac \u2714\ufe0f\ud83d\udfe1 \u274c Antes 149.00 \u20ac \ud83d\uded2: https:\/\/btz.es\/4KhKTst &#8211; Imagen y sonido que nunca imaginaste. Deja que tu contenido favorito cobre vida en una pantalla FHD+ supern\u00edtida y brillante de 6,72\u201d combinada con unos altavoces est\u00e9reo potentes con refuerzo de graves. &#8211; [&hellip;]<\/p>\n","protected":false},"featured_media":5101,"template":"","meta":{"_gspb_post_css":""},"store":[],"product_brand":[],"product_cat":[16],"product_tag":[],"class_list":{"0":"post-5102","1":"product","2":"type-product","3":"status-publish","4":"has-post-thumbnail","6":"product_cat-sin-categorizar","8":"first","9":"instock","10":"sale","11":"shipping-taxable","12":"product-type-external"},"jetpack_sharing_enabled":true,"_links":{"self":[{"href":"https:\/\/ofertacular.com\/index.php\/wp-json\/wp\/v2\/product\/5102","targetHints":{"allow":["GET"]}}],"collection":[{"href":"https:\/\/ofertacular.com\/index.php\/wp-json\/wp\/v2\/product"}],"about":[{"href":"https:\/\/ofertacular.com\/index.php\/wp-json\/wp\/v2\/types\/product"}],"wp:featuredmedia":[{"embeddable":true,"href":"https:\/\/ofertacular.com\/index.php\/wp-json\/wp\/v2\/media\/5101"}],"wp:attachment":[{"href":"https:\/\/ofertacular.com\/index.php\/wp-json\/wp\/v2\/media?parent=5102"}],"wp:term":[{"taxonomy":"store","embeddable":true,"href":"https:\/\/ofertacular.com\/index.php\/wp-json\/wp\/v2\/store?post=5102"},{"taxonomy":"product_brand","embeddable":true,"href":"https:\/\/ofertacular.com\/index.php\/wp-json\/wp\/v2\/product_brand?post=5102"},{"taxonomy":"product_cat","embeddable":true,"href":"https:\/\/ofertacular.com\/index.php\/wp-json\/wp\/v2\/product_cat?post=5102"},{"taxonomy":"product_tag","embeddable":true,"href":"https:\/\/ofertacular.com\/index.php\/wp-json\/wp\/v2\/product_tag?post=5102"}],"curies":[{"name":"wp","href":"https:\/\/api.w.org\/{rel}","templated":true}]}}