{"id":5136,"date":"2025-05-04T09:51:06","date_gmt":"2025-05-04T07:51:06","guid":{"rendered":"https:\/\/ofertacular.com\/index.php\/producto\/victorinox-escort\/"},"modified":"2025-05-04T09:51:06","modified_gmt":"2025-05-04T07:51:06","slug":"victorinox-escort","status":"publish","type":"product","link":"https:\/\/ofertacular.com\/index.php\/producto\/victorinox-escort\/","title":{"rendered":"Victorinox Escort"},"content":{"rendered":"<div class=\"oferta-container\">\n<p>\ud83d\udfe5 <b>DESCUENTAZO<\/b> \ud83d\udfe5 #Publicidad #Amazon #16<\/p>\n<p>\ud83d\udd34 <b>Navaja Victorinox <\/b><\/p>\n<p>\u2705 <b>AHORA 8.95 \u20ac<\/b> \u2714\ufe0f\ud83d\udfe1<\/p>\n<p>\u274c Antes 11.00 \u20ac<\/p>\n<p>\ud83d\uded2: <a href=\"https:\/\/btz.es\/4KnpU67\" target=\"_blank\" rel=\"nofollow noopener\">https:\/\/btz.es\/4KnpU67<\/a><\/p>\n<p>&#8211; ESCORT: Navaja de bolsillo peque\u00f1a y ligera; la navaja de bolsillo ultraligera para todos los d\u00edas; incluye una lima de u\u00f1as con destornillador y pinzas<br \/>\n&#8211; FUNCIONES: Navaja de bolsillo hecha en Suiza con 6 funciones, Hoja peque\u00f1a, Lima de u\u00f1as, Destornillador 2.5 mm, Anilla, Pinzas, Palillo de dientes<br \/>\n&#8211; COMPA\u00d1ERO COTIDIANO: Compactas, duraderas y vers\u00e1tiles, nuestras navajas de bolsillo est\u00e1n dise\u00f1adas para la comodidad diaria; fabricadas con materiales de alta calidad, incluidas hojas especialmente aleadas y endurecidas, se mantienen afiladas durante a\u00f1os<br \/>\n&#8211; DETALLES DEL PRODUCTO: Longitud 58 mm, Anchura 18 mm, Altura 8 mm, Peso 17 g, Material ABS\/Cellidor, Color Rojo, Longitud de hoja afilada 34 mm, Art\u00edculo 0.6123, Escort<br \/>\n&#8211; LA MAYOR CALIDAD SUIZA: La tradicional empresa suiza Victorinox es fabricante de navajas de bolsillo, cuchillos dom\u00e9sticos y profesionales, relojes y maletas; los m\u00e1s de 130 a\u00f1os de historia de esta empresa familiar suiza se caracterizan por la tradici\u00f3n, la calidad y la innovaci\u00f3n<\/p>\n<\/p><\/div>\n","protected":false},"excerpt":{"rendered":"<p>\ud83d\udfe5 DESCUENTAZO \ud83d\udfe5 #Publicidad #Amazon #16 \ud83d\udd34 Navaja Victorinox \u2705 AHORA 8.95 \u20ac \u2714\ufe0f\ud83d\udfe1 \u274c Antes 11.00 \u20ac \ud83d\uded2: https:\/\/btz.es\/4KnpU67 &#8211; ESCORT: Navaja de bolsillo peque\u00f1a y ligera; la navaja de bolsillo ultraligera para todos los d\u00edas; incluye una lima de u\u00f1as con destornillador y pinzas &#8211; FUNCIONES: Navaja de bolsillo hecha en Suiza con [&hellip;]<\/p>\n","protected":false},"featured_media":5135,"template":"","meta":{"_gspb_post_css":""},"store":[],"product_brand":[],"product_cat":[16],"product_tag":[],"class_list":{"0":"post-5136","1":"product","2":"type-product","3":"status-publish","4":"has-post-thumbnail","6":"product_cat-sin-categorizar","8":"first","9":"instock","10":"sale","11":"shipping-taxable","12":"product-type-external"},"jetpack_sharing_enabled":true,"_links":{"self":[{"href":"https:\/\/ofertacular.com\/index.php\/wp-json\/wp\/v2\/product\/5136","targetHints":{"allow":["GET"]}}],"collection":[{"href":"https:\/\/ofertacular.com\/index.php\/wp-json\/wp\/v2\/product"}],"about":[{"href":"https:\/\/ofertacular.com\/index.php\/wp-json\/wp\/v2\/types\/product"}],"wp:featuredmedia":[{"embeddable":true,"href":"https:\/\/ofertacular.com\/index.php\/wp-json\/wp\/v2\/media\/5135"}],"wp:attachment":[{"href":"https:\/\/ofertacular.com\/index.php\/wp-json\/wp\/v2\/media?parent=5136"}],"wp:term":[{"taxonomy":"store","embeddable":true,"href":"https:\/\/ofertacular.com\/index.php\/wp-json\/wp\/v2\/store?post=5136"},{"taxonomy":"product_brand","embeddable":true,"href":"https:\/\/ofertacular.com\/index.php\/wp-json\/wp\/v2\/product_brand?post=5136"},{"taxonomy":"product_cat","embeddable":true,"href":"https:\/\/ofertacular.com\/index.php\/wp-json\/wp\/v2\/product_cat?post=5136"},{"taxonomy":"product_tag","embeddable":true,"href":"https:\/\/ofertacular.com\/index.php\/wp-json\/wp\/v2\/product_tag?post=5136"}],"curies":[{"name":"wp","href":"https:\/\/api.w.org\/{rel}","templated":true}]}}