{"id":5166,"date":"2025-05-06T08:11:09","date_gmt":"2025-05-06T06:11:09","guid":{"rendered":"https:\/\/ofertacular.com\/index.php\/producto\/mochila-viaje-2\/"},"modified":"2025-05-06T08:11:09","modified_gmt":"2025-05-06T06:11:09","slug":"mochila-viaje-2","status":"publish","type":"product","link":"https:\/\/ofertacular.com\/index.php\/producto\/mochila-viaje-2\/","title":{"rendered":"Mochila Viaje"},"content":{"rendered":"<div class=\"oferta-container\">\n<p>\ud83d\udfe5 <b>ES UN CHOLL\u00d3N<\/b> \ud83d\udfe5 #Publicidad #Amazon #16<\/p>\n<p>\ud83d\udd34 <b>Mochila Viaje <\/b><\/p>\n<p>\u2705 <b>AHORA 16.82 \u20ac<\/b> \u2714\ufe0f\ud83d\udfe1<\/p>\n<p>\u274c Antes 32.99 \u20ac<\/p>\n<p>\ud83d\uded2: <a href=\"https:\/\/btz.es\/4Ky7N5O\" target=\"_blank\" rel=\"nofollow noopener\">https:\/\/btz.es\/4Ky7N5O<\/a><\/p>\n<p>&#8211; \u2708\ufe0f DIMENSIONES EXACTAS: Con unas medidas de 40x20x25 cm, esta mochila cumple con las restricciones de equipaje de mano de Ryanair y otras aerol\u00edneas, con ella evitaras cualquier complicaci\u00f3n.<br \/>\n&#8211; \ud83c\udf92 VERSATILIDAD TOTAL: Ideal para viajes de ocio o de negocio, fin de semana y uso diario, permiti\u00e9ndote llevar tus pertenencias organizadas y seguras en cualquier momento.<br \/>\n&#8211; \ud83d\uddc2\ufe0fORGANIZACI\u00d3N \u00d3PTIMA: M\u00faltiples compartimentos para una \u00f3ptima organizaci\u00f3n en tu viaje. El compartimento principal es espacioso, y los bolsillos adicionales son perfectos para objetos peque\u00f1os y accesorios personales.<br \/>\n&#8211; \ud83c\udf92 COMODIDAD ERGON\u00d3MICA: Las correas ajustables y acolchadas proporcionan un gran confort durante su uso, mejora la ventilaci\u00f3n y comodidad, evitando la fatiga y el malestar.<br \/>\n&#8211; \ud83c\udfc5 MARCA CONFIABLE: Coronel Tapioca es reconocida por su durabilidad y dise\u00f1o funcional, asegurando que siempre tendr\u00e1s un producto de alta calidad y confiable a tu disposici\u00f3n.<\/p>\n<\/p><\/div>\n","protected":false},"excerpt":{"rendered":"<p>\ud83d\udfe5 ES UN CHOLL\u00d3N \ud83d\udfe5 #Publicidad #Amazon #16 \ud83d\udd34 Mochila Viaje \u2705 AHORA 16.82 \u20ac \u2714\ufe0f\ud83d\udfe1 \u274c Antes 32.99 \u20ac \ud83d\uded2: https:\/\/btz.es\/4Ky7N5O &#8211; \u2708\ufe0f DIMENSIONES EXACTAS: Con unas medidas de 40x20x25 cm, esta mochila cumple con las restricciones de equipaje de mano de Ryanair y otras aerol\u00edneas, con ella evitaras cualquier complicaci\u00f3n. &#8211; \ud83c\udf92 VERSATILIDAD [&hellip;]<\/p>\n","protected":false},"featured_media":5165,"template":"","meta":{"_gspb_post_css":""},"store":[],"product_brand":[],"product_cat":[16],"product_tag":[],"class_list":{"0":"post-5166","1":"product","2":"type-product","3":"status-publish","4":"has-post-thumbnail","6":"product_cat-sin-categorizar","8":"first","9":"instock","10":"sale","11":"shipping-taxable","12":"product-type-external"},"jetpack_sharing_enabled":true,"_links":{"self":[{"href":"https:\/\/ofertacular.com\/index.php\/wp-json\/wp\/v2\/product\/5166","targetHints":{"allow":["GET"]}}],"collection":[{"href":"https:\/\/ofertacular.com\/index.php\/wp-json\/wp\/v2\/product"}],"about":[{"href":"https:\/\/ofertacular.com\/index.php\/wp-json\/wp\/v2\/types\/product"}],"wp:featuredmedia":[{"embeddable":true,"href":"https:\/\/ofertacular.com\/index.php\/wp-json\/wp\/v2\/media\/5165"}],"wp:attachment":[{"href":"https:\/\/ofertacular.com\/index.php\/wp-json\/wp\/v2\/media?parent=5166"}],"wp:term":[{"taxonomy":"store","embeddable":true,"href":"https:\/\/ofertacular.com\/index.php\/wp-json\/wp\/v2\/store?post=5166"},{"taxonomy":"product_brand","embeddable":true,"href":"https:\/\/ofertacular.com\/index.php\/wp-json\/wp\/v2\/product_brand?post=5166"},{"taxonomy":"product_cat","embeddable":true,"href":"https:\/\/ofertacular.com\/index.php\/wp-json\/wp\/v2\/product_cat?post=5166"},{"taxonomy":"product_tag","embeddable":true,"href":"https:\/\/ofertacular.com\/index.php\/wp-json\/wp\/v2\/product_tag?post=5166"}],"curies":[{"name":"wp","href":"https:\/\/api.w.org\/{rel}","templated":true}]}}