{"id":5216,"date":"2025-05-07T08:21:03","date_gmt":"2025-05-07T06:21:03","guid":{"rendered":"https:\/\/ofertacular.com\/index.php\/producto\/nerf-lanzador\/"},"modified":"2025-05-07T08:21:03","modified_gmt":"2025-05-07T06:21:03","slug":"nerf-lanzador","status":"publish","type":"product","link":"https:\/\/ofertacular.com\/index.php\/producto\/nerf-lanzador\/","title":{"rendered":"Nerf Lanzador"},"content":{"rendered":"<div class=\"oferta-container\">\n<p>\ud83d\udfe5 <b>EXCLUSIVO<\/b> \ud83d\udfe5 #Publicidad #Amazon #16<\/p>\n<p>\ud83d\udd34 <b>Lanzador Nerf <\/b><\/p>\n<p>\u2705 <b>AHORA 6.86 \u20ac<\/b> \u2714\ufe0f\ud83d\udfe1<\/p>\n<p>\u274c Antes 12.99 \u20ac<\/p>\n<p>\ud83d\uded2: <a href=\"https:\/\/btz.es\/4K40Osw\" target=\"_blank\" rel=\"nofollow noopener\">https:\/\/btz.es\/4K40Osw<\/a><\/p>\n<p>&#8211; LANZADORES Y DARDOS NERF N SERIES: Vive la PRECISI\u00d3N, VELOCIDAD y DISTANCIA EXTREMAS con los lanzadores de alto rendimiento Nerf N Series y los revolucionarios dardos N1 de Nerf N Series<br \/>\n&#8211; LANZADOR AGILITY DE NERF N SERIES: El compacto lanzador Agility es perfecto para las juegos m\u00e1s din\u00e1micos y r\u00e1pidos al aire libre. Solo compatible con los dardos N1 de Nerf N Series<br \/>\n&#8211; CILINDRO DE 6 DARDOS: El cilindro giratorio del lanzador Agility de Nerf N Series tiene capacidad para 6 dardos Nerf que har\u00e1n m\u00e1s divertidas las batallas al aire libre<br \/>\n&#8211; INCLUYE 12 DARDOS N1 DE NERF N SERIES: El lanzador incluye 12 dardos de espuma N1 de Nerf. Solo compatibles con los lanzadores Nerf N Series<br \/>\n&#8211; LANZA 6 DARDOS NERF: Tira de la palanca de recarga y lanza 6 dardos seguidos<\/p>\n<\/p><\/div>\n","protected":false},"excerpt":{"rendered":"<p>\ud83d\udfe5 EXCLUSIVO \ud83d\udfe5 #Publicidad #Amazon #16 \ud83d\udd34 Lanzador Nerf \u2705 AHORA 6.86 \u20ac \u2714\ufe0f\ud83d\udfe1 \u274c Antes 12.99 \u20ac \ud83d\uded2: https:\/\/btz.es\/4K40Osw &#8211; LANZADORES Y DARDOS NERF N SERIES: Vive la PRECISI\u00d3N, VELOCIDAD y DISTANCIA EXTREMAS con los lanzadores de alto rendimiento Nerf N Series y los revolucionarios dardos N1 de Nerf N Series &#8211; LANZADOR AGILITY [&hellip;]<\/p>\n","protected":false},"featured_media":5215,"template":"","meta":{"_gspb_post_css":""},"store":[],"product_brand":[],"product_cat":[16],"product_tag":[],"class_list":{"0":"post-5216","1":"product","2":"type-product","3":"status-publish","4":"has-post-thumbnail","6":"product_cat-sin-categorizar","8":"first","9":"instock","10":"sale","11":"shipping-taxable","12":"product-type-external"},"jetpack_sharing_enabled":true,"_links":{"self":[{"href":"https:\/\/ofertacular.com\/index.php\/wp-json\/wp\/v2\/product\/5216","targetHints":{"allow":["GET"]}}],"collection":[{"href":"https:\/\/ofertacular.com\/index.php\/wp-json\/wp\/v2\/product"}],"about":[{"href":"https:\/\/ofertacular.com\/index.php\/wp-json\/wp\/v2\/types\/product"}],"wp:featuredmedia":[{"embeddable":true,"href":"https:\/\/ofertacular.com\/index.php\/wp-json\/wp\/v2\/media\/5215"}],"wp:attachment":[{"href":"https:\/\/ofertacular.com\/index.php\/wp-json\/wp\/v2\/media?parent=5216"}],"wp:term":[{"taxonomy":"store","embeddable":true,"href":"https:\/\/ofertacular.com\/index.php\/wp-json\/wp\/v2\/store?post=5216"},{"taxonomy":"product_brand","embeddable":true,"href":"https:\/\/ofertacular.com\/index.php\/wp-json\/wp\/v2\/product_brand?post=5216"},{"taxonomy":"product_cat","embeddable":true,"href":"https:\/\/ofertacular.com\/index.php\/wp-json\/wp\/v2\/product_cat?post=5216"},{"taxonomy":"product_tag","embeddable":true,"href":"https:\/\/ofertacular.com\/index.php\/wp-json\/wp\/v2\/product_tag?post=5216"}],"curies":[{"name":"wp","href":"https:\/\/api.w.org\/{rel}","templated":true}]}}