{"id":5218,"date":"2025-05-07T08:25:25","date_gmt":"2025-05-07T06:25:25","guid":{"rendered":"https:\/\/ofertacular.com\/index.php\/producto\/msi-monitor-4\/"},"modified":"2025-05-07T08:25:25","modified_gmt":"2025-05-07T06:25:25","slug":"msi-monitor-4","status":"publish","type":"product","link":"https:\/\/ofertacular.com\/index.php\/producto\/msi-monitor-4\/","title":{"rendered":"MSI Monitor"},"content":{"rendered":"<div class=\"oferta-container\">\n<p>\ud83d\udfe5 <b>\u00a1NO TE LA PIERDAS!<\/b> \ud83d\udfe5 #Publicidad #Amazon #1<\/p>\n<p>\ud83d\udd34 <b>Monitor MSI <\/b><\/p>\n<p>\u2705 <b>AHORA 139 \u20ac<\/b> \u2714\ufe0f\ud83d\udfe1<\/p>\n<p>\u274c Antes 219.00 \u20ac<\/p>\n<p>\ud83d\uded2: <a href=\"https:\/\/btz.es\/4K41UXE\" target=\"_blank\" rel=\"nofollow noopener\">https:\/\/btz.es\/4K41UXE<\/a><\/p>\n<p>&#8211; Gaming inmersivo y sin marcos: los monitores curvos de MSI ofrecen una experiencia de juego m\u00e1s inmersiva con una curvatura 1500R radio de 1500 mm y un dise\u00f1o \u00absin marco\u00bb, que reduce las l\u00edneas de bisel entre pantallas<br \/>\n&#8211; 27&#8243;, 180 HZ RAPID BOOST: un panel Rapid VA de 2560 x 1440 relaci\u00f3n de aspecto 16:9 que ofrece una tasa de refresco de 180 Hz Adaptive-Sync para un seguimiento fluido del objetivo\/movimiento; un tiempo de respuesta bajo de 0,5 ms GtG, M\u00edn. optimo para eventos de esports<br \/>\n&#8211; Amplia gama de colores: el MAG 27CQ6F admite hasta 1.070 millones de colores al 105% de sRGB para ofrecer im\u00e1genes y detalles m\u00e1s envolventes; presenta menos luz azul y emplea tecnolog\u00eda antiparpadeo<br \/>\n&#8211; Contraste dinamico y AI VISION: el panel Rapid VA viene con un optimo contraste nativo de 1:5000, y soporta contraste din\u00e1mico 1:100M; MSI AI Vision<br \/>\n&#8211; Conectividad HDMI CEC: las opciones de interfaz para consolas de PC y port\u00e1tiles incluyen puertos DisplayPort 1.4a WQHD \/ 180 Hz m\u00e1x. y HDMI 2.0b CEC WQHD \/ 144 Hz m\u00e1x.<\/p>\n<\/p><\/div>\n","protected":false},"excerpt":{"rendered":"<p>\ud83d\udfe5 \u00a1NO TE LA PIERDAS! \ud83d\udfe5 #Publicidad #Amazon #1 \ud83d\udd34 Monitor MSI \u2705 AHORA 139 \u20ac \u2714\ufe0f\ud83d\udfe1 \u274c Antes 219.00 \u20ac \ud83d\uded2: https:\/\/btz.es\/4K41UXE &#8211; Gaming inmersivo y sin marcos: los monitores curvos de MSI ofrecen una experiencia de juego m\u00e1s inmersiva con una curvatura 1500R radio de 1500 mm y un dise\u00f1o \u00absin marco\u00bb, que [&hellip;]<\/p>\n","protected":false},"featured_media":5217,"template":"","meta":{"_gspb_post_css":""},"store":[],"product_brand":[],"product_cat":[16],"product_tag":[],"class_list":{"0":"post-5218","1":"product","2":"type-product","3":"status-publish","4":"has-post-thumbnail","6":"product_cat-sin-categorizar","8":"first","9":"instock","10":"sale","11":"shipping-taxable","12":"product-type-external"},"jetpack_sharing_enabled":true,"_links":{"self":[{"href":"https:\/\/ofertacular.com\/index.php\/wp-json\/wp\/v2\/product\/5218","targetHints":{"allow":["GET"]}}],"collection":[{"href":"https:\/\/ofertacular.com\/index.php\/wp-json\/wp\/v2\/product"}],"about":[{"href":"https:\/\/ofertacular.com\/index.php\/wp-json\/wp\/v2\/types\/product"}],"wp:featuredmedia":[{"embeddable":true,"href":"https:\/\/ofertacular.com\/index.php\/wp-json\/wp\/v2\/media\/5217"}],"wp:attachment":[{"href":"https:\/\/ofertacular.com\/index.php\/wp-json\/wp\/v2\/media?parent=5218"}],"wp:term":[{"taxonomy":"store","embeddable":true,"href":"https:\/\/ofertacular.com\/index.php\/wp-json\/wp\/v2\/store?post=5218"},{"taxonomy":"product_brand","embeddable":true,"href":"https:\/\/ofertacular.com\/index.php\/wp-json\/wp\/v2\/product_brand?post=5218"},{"taxonomy":"product_cat","embeddable":true,"href":"https:\/\/ofertacular.com\/index.php\/wp-json\/wp\/v2\/product_cat?post=5218"},{"taxonomy":"product_tag","embeddable":true,"href":"https:\/\/ofertacular.com\/index.php\/wp-json\/wp\/v2\/product_tag?post=5218"}],"curies":[{"name":"wp","href":"https:\/\/api.w.org\/{rel}","templated":true}]}}